{"version":"1.0","provider_name":"Av. Deniz Can K\u0131z\u0131l","provider_url":"https:\/\/denizcankizil.tr\/uk","author_name":"admin","author_url":"https:\/\/denizcankizil.tr\/uk\/author\/admin\/","title":"\u015eekere'de Topra\u011fa Verildi","type":"rich","width":600,"height":338,"html":"<blockquote class=\"wp-embedded-content\" data-secret=\"3zKMCeT2Qm\"><a href=\"https:\/\/denizcankizil.tr\/uk\/haberler\/gundem\/sekerede-topraga-verildi\/\">\u015eekere&#8217;de Topra\u011fa Verildi<\/a><\/blockquote><iframe sandbox=\"allow-scripts\" security=\"restricted\" src=\"https:\/\/denizcankizil.tr\/uk\/haberler\/gundem\/sekerede-topraga-verildi\/embed\/#?secret=3zKMCeT2Qm\" width=\"600\" height=\"338\" title=\"&#8220;\u015eekere&#8217;de Topra\u011fa Verildi&#8221; &#8212; Av. Deniz Can K\u0131z\u0131l\" data-secret=\"3zKMCeT2Qm\" frameborder=\"0\" marginwidth=\"0\" marginheight=\"0\" scrolling=\"no\" class=\"wp-embedded-content\"><\/iframe><script>\n\/*! This file is auto-generated *\/\n!function(d,l){\"use strict\";l.querySelector&&d.addEventListener&&\"undefined\"!=typeof URL&&(d.wp=d.wp||{},d.wp.receiveEmbedMessage||(d.wp.receiveEmbedMessage=function(e){var t=e.data;if((t||t.secret||t.message||t.value)&&!\/[^a-zA-Z0-9]\/.test(t.secret)){for(var s,r,n,a=l.querySelectorAll('iframe[data-secret=\"'+t.secret+'\"]'),o=l.querySelectorAll('blockquote[data-secret=\"'+t.secret+'\"]'),c=new RegExp(\"^https?:$\",\"i\"),i=0;i<o.length;i++)o[i].style.display=\"none\";for(i=0;i<a.length;i++)s=a[i],e.source===s.contentWindow&&(s.removeAttribute(\"style\"),\"height\"===t.message?(1e3<(r=parseInt(t.value,10))?r=1e3:~~r<200&&(r=200),s.height=r):\"link\"===t.message&&(r=new URL(s.getAttribute(\"src\")),n=new URL(t.value),c.test(n.protocol))&&n.host===r.host&&l.activeElement===s&&(d.top.location.href=t.value))}},d.addEventListener(\"message\",d.wp.receiveEmbedMessage,!1),l.addEventListener(\"DOMContentLoaded\",function(){for(var e,t,s=l.querySelectorAll(\"iframe.wp-embedded-content\"),r=0;r<s.length;r++)(t=(e=s[r]).getAttribute(\"data-secret\"))||(t=Math.random().toString(36).substring(2,12),e.src+=\"#?secret=\"+t,e.setAttribute(\"data-secret\",t)),e.contentWindow.postMessage({message:\"ready\",secret:t},\"*\")},!1)))}(window,document);\n\/\/# sourceURL=https:\/\/denizcankizil.tr\/wp-includes\/js\/wp-embed.min.js\n<\/script>","description":"Vefat eden Emekli Deniz Yarbay Yavuz \u00dcnl\u00fc ikindi namaz\u0131na m\u00fcteakip \u0130skenderun Nihal Ataka\u015f Camii&#8217;nde k\u0131l\u0131nan cenaze namaz\u0131n\u0131n ard\u0131ndan d\u00fczenlenen askeri t\u00f6renle son yolculu\u011funa u\u011furland\u0131. Cenaze t\u00f6renine \u0130skenderun Deniz \u00dcs Komutan\u0131 Deniz Albay Necati Koray Salar, askeri yetkililer, aile yak\u0131nlar\u0131 ve sevenleri kat\u0131ld\u0131. \u00dcnl\u00fc&#8217;n\u00fcn vefat\u0131, \u0130skenderun&#8217;da derin \u00fcz\u00fcnt\u00fcyle kar\u015f\u0131land\u0131. Emekli Deniz Yarbay Yavuz \u00dcnl\u00fc, cenaze t\u00f6reninin ard\u0131ndan \u015eekere Mahallesi Mezarl\u0131\u011f\u0131na defnedildi. \u200bEmekli Deniz Yarbay Yavuz \u00dcnl\u00fc \u0130skenderun&#8217;da son yolculu\u011funa u\u011furland\u0131\u00a0 \u200bHaberin Al\u0131nt\u0131land\u0131\u011f\u0131 Kaynak: www.iskenderun.org"}

Av. Deniz Can Kızıl

Şekere'de Toprağa Verildi

<blockquote class="wp-embedded-content" data-secret="3zKMCeT2Qm"><a href="https://denizcankizil.tr/uk/haberler/gundem/sekerede-topraga-verildi/">Şekere&#8217;de Toprağa Verildi</a></blockquote><iframe sandbox="allow-scripts" security="restricted" src="https://denizcankizil.tr/uk/haberler/gundem/sekerede-topraga-verildi/embed/#?secret=3zKMCeT2Qm" width="600" height="338" title="&#8220;Şekere&#8217;de Toprağa Verildi&#8221; &#8212; Av. Deniz Can Kızıl" data-secret="3zKMCeT2Qm" frameborder="0" marginwidth="0" marginheight="0" scrolling="no" class="wp-embedded-content"></iframe><script>
/*! This file is auto-generated */
!function(d,l){"use strict";l.querySelector&&d.addEventListener&&"undefined"!=typeof URL&&(d.wp=d.wp||{},d.wp.receiveEmbedMessage||(d.wp.receiveEmbedMessage=function(e){var t=e.data;if((t||t.secret||t.message||t.value)&&!/[^a-zA-Z0-9]/.test(t.secret)){for(var s,r,n,a=l.querySelectorAll('iframe[data-secret="'+t.secret+'"]'),o=l.querySelectorAll('blockquote[data-secret="'+t.secret+'"]'),c=new RegExp("^https?:$","i"),i=0;i<o.length;i++)o[i].style.display="none";for(i=0;i<a.length;i++)s=a[i],e.source===s.contentWindow&&(s.removeAttribute("style"),"height"===t.message?(1e3<(r=parseInt(t.value,10))?r=1e3:~~r<200&&(r=200),s.height=r):"link"===t.message&&(r=new URL(s.getAttribute("src")),n=new URL(t.value),c.test(n.protocol))&&n.host===r.host&&l.activeElement===s&&(d.top.location.href=t.value))}},d.addEventListener("message",d.wp.receiveEmbedMessage,!1),l.addEventListener("DOMContentLoaded",function(){for(var e,t,s=l.querySelectorAll("iframe.wp-embedded-content"),r=0;r<s.length;r++)(t=(e=s[r]).getAttribute("data-secret"))||(t=Math.random().toString(36).substring(2,12),e.src+="#?secret="+t,e.setAttribute("data-secret",t)),e.contentWindow.postMessage({message:"ready",secret:t},"*")},!1)))}(window,document);
//# sourceURL=https://denizcankizil.tr/wp-includes/js/wp-embed.min.js
</script>

Vefat eden Emekli Deniz Yarbay Yavuz Ünlü ikindi namazına müteakip İskenderun Nihal Atakaş Camii&#8217;nde kılınan cenaze namazının ardından düzenlenen askeri törenle son yolculuğuna uğurlandı. Cenaze törenine İskenderun Deniz Üs Komutanı Deniz Albay Necati Koray Salar, askeri yetkililer, aile yakınları ve sevenleri katıldı. Ünlü&#8217;nün vefatı, İskenderun&#8217;da derin üzüntüyle karşılandı. Emekli Deniz Yarbay Yavuz Ünlü, cenaze töreninin ardından Şekere Mahallesi Mezarlığına defnedildi. ​Emekli Deniz Yarbay Yavuz Ünlü İskenderun&#8217;da son yolculuğuna uğurlandı  ​Haberin Alıntılandığı Kaynak: www.iskenderun.org
