{"version":"1.0","provider_name":"Av. Deniz Can K\u0131z\u0131l","provider_url":"https:\/\/denizcankizil.tr\/uk","author_name":"Av. Deniz Can K\u0131z\u0131l","author_url":"https:\/\/denizcankizil.tr\/uk","title":"D\u00fczce Melen K\u00f6pr\u00fcs\u00fc'nde feci son! 1 \u00f6l\u00fc","type":"rich","width":600,"height":338,"html":"<blockquote class=\"wp-embedded-content\" data-secret=\"FIgFtsP0oe\"><a href=\"https:\/\/denizcankizil.tr\/uk\/haberler\/gundem\/duzce-melen-koprusunde-feci-son-1-olu\/\">D\u00fczce Melen K\u00f6pr\u00fcs\u00fc&#8217;nde feci son! 1 \u00f6l\u00fc<\/a><\/blockquote><iframe sandbox=\"allow-scripts\" security=\"restricted\" src=\"https:\/\/denizcankizil.tr\/uk\/haberler\/gundem\/duzce-melen-koprusunde-feci-son-1-olu\/embed\/#?secret=FIgFtsP0oe\" width=\"600\" height=\"338\" title=\"&#8220;D\u00fczce Melen K\u00f6pr\u00fcs\u00fc&#8217;nde feci son! 1 \u00f6l\u00fc&#8221; &#8212; Av. Deniz Can K\u0131z\u0131l\" data-secret=\"FIgFtsP0oe\" frameborder=\"0\" marginwidth=\"0\" marginheight=\"0\" scrolling=\"no\" class=\"wp-embedded-content\"><\/iframe><script>\n\/*! This file is auto-generated *\/\n!function(d,l){\"use strict\";l.querySelector&&d.addEventListener&&\"undefined\"!=typeof URL&&(d.wp=d.wp||{},d.wp.receiveEmbedMessage||(d.wp.receiveEmbedMessage=function(e){var t=e.data;if((t||t.secret||t.message||t.value)&&!\/[^a-zA-Z0-9]\/.test(t.secret)){for(var s,r,n,a=l.querySelectorAll('iframe[data-secret=\"'+t.secret+'\"]'),o=l.querySelectorAll('blockquote[data-secret=\"'+t.secret+'\"]'),c=new RegExp(\"^https?:$\",\"i\"),i=0;i<o.length;i++)o[i].style.display=\"none\";for(i=0;i<a.length;i++)s=a[i],e.source===s.contentWindow&&(s.removeAttribute(\"style\"),\"height\"===t.message?(1e3<(r=parseInt(t.value,10))?r=1e3:~~r<200&&(r=200),s.height=r):\"link\"===t.message&&(r=new URL(s.getAttribute(\"src\")),n=new URL(t.value),c.test(n.protocol))&&n.host===r.host&&l.activeElement===s&&(d.top.location.href=t.value))}},d.addEventListener(\"message\",d.wp.receiveEmbedMessage,!1),l.addEventListener(\"DOMContentLoaded\",function(){for(var e,t,s=l.querySelectorAll(\"iframe.wp-embedded-content\"),r=0;r<s.length;r++)(t=(e=s[r]).getAttribute(\"data-secret\"))||(t=Math.random().toString(36).substring(2,12),e.src+=\"#?secret=\"+t,e.setAttribute(\"data-secret\",t)),e.contentWindow.postMessage({message:\"ready\",secret:t},\"*\")},!1)))}(window,document);\n\/\/# sourceURL=https:\/\/denizcankizil.tr\/wp-includes\/js\/wp-embed.min.js\n<\/script>","description":"D\u00fczce&#8217;de D-100 karayolunda seyir halindeki midib\u00fcs, Melen K\u00f6pr\u00fcs\u00fc \u00fczerinde bir yayaya \u00e7arpt\u0131. \u00c7arpman\u0131n etkisiyle bir ki\u015fi olay yerinde ya\u015fam\u0131n\u0131 yitirdi.Sefer DEM\u0130R \/ D\u00dcZCE (\u0130GFA) &#8211;\u00a0 Al\u0131nan bilgiye g\u00f6re D-100 karayolu D\u00fczce istikametinde seyreden \u00d6.E. y\u00f6netimindeki 81 ACE 526 plakal\u0131 midib\u00fcs, Melen K\u00f6pr\u00fcs\u00fc \u00fczerinde yaya olan Samet Eker&#8217;e \u00e7arpt\u0131. S\u00fcr\u00fcc\u00fclerin ihbar\u0131 \u00fczerine kaza yerine polis ve sa\u011fl\u0131k ekipleri sevk edildi. Sa\u011fl\u0131k ekiplerince yap\u0131lan incelemede Eker&#8217;in hayat\u0131n\u0131 kaybetti\u011fi belirlendi. B\u00f6lgeye gelen savc\u0131n\u0131n incelemesinin ard\u0131ndan Eker&#8217;in cans\u0131z bedeni, D\u00fczce \u00dcniversitesi T\u0131p Fak\u00fcltesi E\u011fitim Ara\u015ft\u0131rma ve Uygulama Hastanesi morguna kald\u0131r\u0131ld\u0131. \u200bD\u00fczce&#8217;de D-100 karayolunda seyir halindeki midib\u00fcs, Melen K\u00f6pr\u00fcs\u00fc \u00fczerinde bir yayaya \u00e7arpt\u0131 \u00c7arpman\u0131n etkisiyle bir ki\u015fi olay yerinde ya\u015fam\u0131n\u0131 yitirdi\u00a0 \u200bHaberin Al\u0131nt\u0131land\u0131\u011f\u0131 Kaynak: www.iskenderun.org"}

Av. Deniz Can Kızıl

Düzce Melen Köprüsü'nde feci son! 1 ölü

<blockquote class="wp-embedded-content" data-secret="FIgFtsP0oe"><a href="https://denizcankizil.tr/uk/haberler/gundem/duzce-melen-koprusunde-feci-son-1-olu/">Düzce Melen Köprüsü&#8217;nde feci son! 1 ölü</a></blockquote><iframe sandbox="allow-scripts" security="restricted" src="https://denizcankizil.tr/uk/haberler/gundem/duzce-melen-koprusunde-feci-son-1-olu/embed/#?secret=FIgFtsP0oe" width="600" height="338" title="&#8220;Düzce Melen Köprüsü&#8217;nde feci son! 1 ölü&#8221; &#8212; Av. Deniz Can Kızıl" data-secret="FIgFtsP0oe" frameborder="0" marginwidth="0" marginheight="0" scrolling="no" class="wp-embedded-content"></iframe><script>
/*! This file is auto-generated */
!function(d,l){"use strict";l.querySelector&&d.addEventListener&&"undefined"!=typeof URL&&(d.wp=d.wp||{},d.wp.receiveEmbedMessage||(d.wp.receiveEmbedMessage=function(e){var t=e.data;if((t||t.secret||t.message||t.value)&&!/[^a-zA-Z0-9]/.test(t.secret)){for(var s,r,n,a=l.querySelectorAll('iframe[data-secret="'+t.secret+'"]'),o=l.querySelectorAll('blockquote[data-secret="'+t.secret+'"]'),c=new RegExp("^https?:$","i"),i=0;i<o.length;i++)o[i].style.display="none";for(i=0;i<a.length;i++)s=a[i],e.source===s.contentWindow&&(s.removeAttribute("style"),"height"===t.message?(1e3<(r=parseInt(t.value,10))?r=1e3:~~r<200&&(r=200),s.height=r):"link"===t.message&&(r=new URL(s.getAttribute("src")),n=new URL(t.value),c.test(n.protocol))&&n.host===r.host&&l.activeElement===s&&(d.top.location.href=t.value))}},d.addEventListener("message",d.wp.receiveEmbedMessage,!1),l.addEventListener("DOMContentLoaded",function(){for(var e,t,s=l.querySelectorAll("iframe.wp-embedded-content"),r=0;r<s.length;r++)(t=(e=s[r]).getAttribute("data-secret"))||(t=Math.random().toString(36).substring(2,12),e.src+="#?secret="+t,e.setAttribute("data-secret",t)),e.contentWindow.postMessage({message:"ready",secret:t},"*")},!1)))}(window,document);
//# sourceURL=https://denizcankizil.tr/wp-includes/js/wp-embed.min.js
</script>

Düzce&#8217;de D-100 karayolunda seyir halindeki midibüs, Melen Köprüsü üzerinde bir yayaya çarptı. Çarpmanın etkisiyle bir kişi olay yerinde yaşamını yitirdi.Sefer DEMİR / DÜZCE (İGFA) &#8211;  Alınan bilgiye göre D-100 karayolu Düzce istikametinde seyreden Ö.E. yönetimindeki 81 ACE 526 plakalı midibüs, Melen Köprüsü üzerinde yaya olan Samet Eker&#8217;e çarptı. Sürücülerin ihbarı üzerine kaza yerine polis ve sağlık ekipleri sevk edildi. Sağlık ekiplerince yapılan incelemede Eker&#8217;in hayatını kaybettiği belirlendi. Bölgeye gelen savcının incelemesinin ardından Eker&#8217;in cansız bedeni, Düzce Üniversitesi Tıp Fakültesi Eğitim Araştırma ve Uygulama Hastanesi morguna kaldırıldı. ​Düzce&#8217;de D-100 karayolunda seyir halindeki midibüs, Melen Köprüsü üzerinde bir yayaya çarptı Çarpmanın etkisiyle bir kişi olay yerinde yaşamını yitirdi  ​Haberin Alıntılandığı Kaynak: www.iskenderun.org
