{"version":"1.0","provider_name":"Av. Deniz Can K\u0131z\u0131l","provider_url":"https:\/\/denizcankizil.tr\/uk","author_name":"admin","author_url":"https:\/\/denizcankizil.tr\/uk\/author\/admin\/","title":"Benim Annem \u00d6ld\u00fc","type":"rich","width":600,"height":338,"html":"<blockquote class=\"wp-embedded-content\" data-secret=\"fiwowvnQ1X\"><a href=\"https:\/\/denizcankizil.tr\/uk\/haberler\/gundem\/benim-annem-oldu\/\">Benim Annem \u00d6ld\u00fc<\/a><\/blockquote><iframe sandbox=\"allow-scripts\" security=\"restricted\" src=\"https:\/\/denizcankizil.tr\/uk\/haberler\/gundem\/benim-annem-oldu\/embed\/#?secret=fiwowvnQ1X\" width=\"600\" height=\"338\" title=\"&#8220;Benim Annem \u00d6ld\u00fc&#8221; &#8212; Av. Deniz Can K\u0131z\u0131l\" data-secret=\"fiwowvnQ1X\" frameborder=\"0\" marginwidth=\"0\" marginheight=\"0\" scrolling=\"no\" class=\"wp-embedded-content\"><\/iframe><script>\n\/*! This file is auto-generated *\/\n!function(d,l){\"use strict\";l.querySelector&&d.addEventListener&&\"undefined\"!=typeof URL&&(d.wp=d.wp||{},d.wp.receiveEmbedMessage||(d.wp.receiveEmbedMessage=function(e){var t=e.data;if((t||t.secret||t.message||t.value)&&!\/[^a-zA-Z0-9]\/.test(t.secret)){for(var s,r,n,a=l.querySelectorAll('iframe[data-secret=\"'+t.secret+'\"]'),o=l.querySelectorAll('blockquote[data-secret=\"'+t.secret+'\"]'),c=new RegExp(\"^https?:$\",\"i\"),i=0;i<o.length;i++)o[i].style.display=\"none\";for(i=0;i<a.length;i++)s=a[i],e.source===s.contentWindow&&(s.removeAttribute(\"style\"),\"height\"===t.message?(1e3<(r=parseInt(t.value,10))?r=1e3:~~r<200&&(r=200),s.height=r):\"link\"===t.message&&(r=new URL(s.getAttribute(\"src\")),n=new URL(t.value),c.test(n.protocol))&&n.host===r.host&&l.activeElement===s&&(d.top.location.href=t.value))}},d.addEventListener(\"message\",d.wp.receiveEmbedMessage,!1),l.addEventListener(\"DOMContentLoaded\",function(){for(var e,t,s=l.querySelectorAll(\"iframe.wp-embedded-content\"),r=0;r<s.length;r++)(t=(e=s[r]).getAttribute(\"data-secret\"))||(t=Math.random().toString(36).substring(2,12),e.src+=\"#?secret=\"+t,e.setAttribute(\"data-secret\",t)),e.contentWindow.postMessage({message:\"ready\",secret:t},\"*\")},!1)))}(window,document);\n\/\/# sourceURL=https:\/\/denizcankizil.tr\/wp-includes\/js\/wp-embed.min.js\n<\/script>","description":"Ne zor bir ba\u015fl\u0131k anlatamam&#8230; Ama ben sadece bu kelimeleri s\u00f6yleyip uzun uzun a\u011fl\u0131yorum! Ge\u00e7en Per\u015fembe; konu\u015ftuk, \u015fakalar yapt\u0131, en sevdi\u011fi yar\u0131\u015fmay\u0131 izleyip onlara k\u0131zm\u0131\u015f, sonra biraz y\u00fcr\u00fcy\u00fcnce nefes alamam\u0131\u015f&#8230; Kalbi bir anda durmu\u015f&#8230; T\u0131p dilinde bir ad\u0131 var, \u00a0ani kalp durmas\u0131 diyorlar&#8230; Sonra kalbini \u00e7al\u0131\u015ft\u0131r\u0131p makinelere ba\u011flam\u0131\u015flar. T\u00fcrkiye\u2019nin her yerine da\u011f\u0131tt\u0131\u011f\u0131 \u00e7ocuklar\u0131; haber al\u0131n\u0131nca kanat takamad\u0131k ama u\u00e7tuk yan\u0131na&#8230; Yo\u011fun bak\u0131ma girdik yan\u0131na, teselli verdik, \u00f6zledi\u011fimizi s\u00f6yledik, kalk geldik bak dedik, az\u0131c\u0131k nefesi de\u011fi\u015fti ama a\u00e7\u0131lmad\u0131 bilinci&#8230; Son torununa kadar bekledi; ilk 24 saat kal\u0131rsa bir umut dedikleri; melek annem 22.saatte bir anda gitti&#8230; Doktor kap\u0131dan \u00e7\u0131k\u0131p \u015eerife teyzeyi kaybettik dedi\u011finde, ne kadar \u00f6l\u00fcm\u00fc g\u00f6\u011f\u00fcslerim sansan\u0131z da beni y\u0131k\u0131p ge\u00e7ti&#8230; Kald\u0131m alt\u0131nda bu duygunun&#8230; Benim annem \u00f6ld\u00fc, melek annem seni \u00e7ok \u00f6zledim desem de gitti&#8230; Biz koca koca insanlar bir salonda ba\u011f\u0131ra \u00e7a\u011f\u0131ra annesiz kald\u0131k,6 \u00e7ocuk,12 torun ve e\u015flerimiz&#8230; Sanki d\u00fcnyam\u0131zda bir kara delik a\u00e7\u0131ld\u0131&#8230; Yok, oldu bizim g\u00fcne\u015fimiz. Her e\u011fitimde anne g\u00fcne\u015ftir, baba d\u00fcnya \u00e7ocuk da g\u00fcne\u015ften kopan bir par\u00e7a olan ayd\u0131r derim. G\u00fcne\u015f yoksa onlar \u0131\u015f\u0131ks\u0131z kal\u0131r&#8230; Benim annem bu d\u00fcnyaya annelik nas\u0131l yap\u0131l\u0131r bizlere \u00f6\u011fretmeye gelmi\u015f&#8230; Adam\u0131\u015ft\u0131 kendisini ANNE olmaya&#8230; Her g\u00fcn arar, ayn\u0131 kelimelerle hay\u0131rl\u0131 g\u00fcn diler, \u00e7ok seviyorum ben \u00e7ocuklar\u0131m\u0131 diye bitirirdi konu\u015fmay\u0131&#8230; Asl\u0131nda &hellip;"}

Av. Deniz Can Kızıl

Benim Annem Öldü

<blockquote class="wp-embedded-content" data-secret="fiwowvnQ1X"><a href="https://denizcankizil.tr/uk/haberler/gundem/benim-annem-oldu/">Benim Annem Öldü</a></blockquote><iframe sandbox="allow-scripts" security="restricted" src="https://denizcankizil.tr/uk/haberler/gundem/benim-annem-oldu/embed/#?secret=fiwowvnQ1X" width="600" height="338" title="&#8220;Benim Annem Öldü&#8221; &#8212; Av. Deniz Can Kızıl" data-secret="fiwowvnQ1X" frameborder="0" marginwidth="0" marginheight="0" scrolling="no" class="wp-embedded-content"></iframe><script>
/*! This file is auto-generated */
!function(d,l){"use strict";l.querySelector&&d.addEventListener&&"undefined"!=typeof URL&&(d.wp=d.wp||{},d.wp.receiveEmbedMessage||(d.wp.receiveEmbedMessage=function(e){var t=e.data;if((t||t.secret||t.message||t.value)&&!/[^a-zA-Z0-9]/.test(t.secret)){for(var s,r,n,a=l.querySelectorAll('iframe[data-secret="'+t.secret+'"]'),o=l.querySelectorAll('blockquote[data-secret="'+t.secret+'"]'),c=new RegExp("^https?:$","i"),i=0;i<o.length;i++)o[i].style.display="none";for(i=0;i<a.length;i++)s=a[i],e.source===s.contentWindow&&(s.removeAttribute("style"),"height"===t.message?(1e3<(r=parseInt(t.value,10))?r=1e3:~~r<200&&(r=200),s.height=r):"link"===t.message&&(r=new URL(s.getAttribute("src")),n=new URL(t.value),c.test(n.protocol))&&n.host===r.host&&l.activeElement===s&&(d.top.location.href=t.value))}},d.addEventListener("message",d.wp.receiveEmbedMessage,!1),l.addEventListener("DOMContentLoaded",function(){for(var e,t,s=l.querySelectorAll("iframe.wp-embedded-content"),r=0;r<s.length;r++)(t=(e=s[r]).getAttribute("data-secret"))||(t=Math.random().toString(36).substring(2,12),e.src+="#?secret="+t,e.setAttribute("data-secret",t)),e.contentWindow.postMessage({message:"ready",secret:t},"*")},!1)))}(window,document);
//# sourceURL=https://denizcankizil.tr/wp-includes/js/wp-embed.min.js
</script>

Ne zor bir başlık anlatamam&#8230; Ama ben sadece bu kelimeleri söyleyip uzun uzun ağlıyorum! Geçen Perşembe; konuştuk, şakalar yaptı, en sevdiği yarışmayı izleyip onlara kızmış, sonra biraz yürüyünce nefes alamamış&#8230; Kalbi bir anda durmuş&#8230; Tıp dilinde bir adı var,  ani kalp durması diyorlar&#8230; Sonra kalbini çalıştırıp makinelere bağlamışlar. Türkiye’nin her yerine dağıttığı çocukları; haber alınınca kanat takamadık ama uçtuk yanına&#8230; Yoğun bakıma girdik yanına, teselli verdik, özlediğimizi söyledik, kalk geldik bak dedik, azıcık nefesi değişti ama açılmadı bilinci&#8230; Son torununa kadar bekledi; ilk 24 saat kalırsa bir umut dedikleri; melek annem 22.saatte bir anda gitti&#8230; Doktor kapıdan çıkıp Şerife teyzeyi kaybettik dediğinde, ne kadar ölümü göğüslerim sansanız da beni yıkıp geçti&#8230; Kaldım altında bu duygunun&#8230; Benim annem öldü, melek annem seni çok özledim desem de gitti&#8230; Biz koca koca insanlar bir salonda bağıra çağıra annesiz kaldık,6 çocuk,12 torun ve eşlerimiz&#8230; Sanki dünyamızda bir kara delik açıldı&#8230; Yok, oldu bizim güneşimiz. Her eğitimde anne güneştir, baba dünya çocuk da güneşten kopan bir parça olan aydır derim. Güneş yoksa onlar ışıksız kalır&#8230; Benim annem bu dünyaya annelik nasıl yapılır bizlere öğretmeye gelmiş&#8230; Adamıştı kendisini ANNE olmaya&#8230; Her gün arar, aynı kelimelerle hayırlı gün diler, çok seviyorum ben çocuklarımı diye bitirirdi konuşmayı&#8230; Aslında &hellip;
