{"version":"1.0","provider_name":"Av. Deniz Can K\u0131z\u0131l","provider_url":"https:\/\/denizcankizil.tr\/uk","author_name":"Antalya K\u00f6rfez","author_url":"https:\/\/denizcankizil.tr\/uk\/author\/www-antalyakorfez-com\/","title":"Antalya\u2019da \u2018\u0130mamo\u011flu\u2019 protestolar\u0131nda 6 ki\u015fi tutukland\u0131","type":"rich","width":600,"height":338,"html":"<blockquote class=\"wp-embedded-content\" data-secret=\"0OTf3C7FbU\"><a href=\"https:\/\/denizcankizil.tr\/uk\/haberler\/gundem\/antalyada-imamoglu-protestolarinda-6-kisi-tutuklandi\/\">Antalya\u2019da \u2018\u0130mamo\u011flu\u2019 protestolar\u0131nda 6 ki\u015fi tutukland\u0131<\/a><\/blockquote><iframe sandbox=\"allow-scripts\" security=\"restricted\" src=\"https:\/\/denizcankizil.tr\/uk\/haberler\/gundem\/antalyada-imamoglu-protestolarinda-6-kisi-tutuklandi\/embed\/#?secret=0OTf3C7FbU\" width=\"600\" height=\"338\" title=\"&#8220;Antalya\u2019da \u2018\u0130mamo\u011flu\u2019 protestolar\u0131nda 6 ki\u015fi tutukland\u0131&#8221; &#8212; Av. Deniz Can K\u0131z\u0131l\" data-secret=\"0OTf3C7FbU\" frameborder=\"0\" marginwidth=\"0\" marginheight=\"0\" scrolling=\"no\" class=\"wp-embedded-content\"><\/iframe><script>\n\/*! This file is auto-generated *\/\n!function(d,l){\"use strict\";l.querySelector&&d.addEventListener&&\"undefined\"!=typeof URL&&(d.wp=d.wp||{},d.wp.receiveEmbedMessage||(d.wp.receiveEmbedMessage=function(e){var t=e.data;if((t||t.secret||t.message||t.value)&&!\/[^a-zA-Z0-9]\/.test(t.secret)){for(var s,r,n,a=l.querySelectorAll('iframe[data-secret=\"'+t.secret+'\"]'),o=l.querySelectorAll('blockquote[data-secret=\"'+t.secret+'\"]'),c=new RegExp(\"^https?:$\",\"i\"),i=0;i<o.length;i++)o[i].style.display=\"none\";for(i=0;i<a.length;i++)s=a[i],e.source===s.contentWindow&&(s.removeAttribute(\"style\"),\"height\"===t.message?(1e3<(r=parseInt(t.value,10))?r=1e3:~~r<200&&(r=200),s.height=r):\"link\"===t.message&&(r=new URL(s.getAttribute(\"src\")),n=new URL(t.value),c.test(n.protocol))&&n.host===r.host&&l.activeElement===s&&(d.top.location.href=t.value))}},d.addEventListener(\"message\",d.wp.receiveEmbedMessage,!1),l.addEventListener(\"DOMContentLoaded\",function(){for(var e,t,s=l.querySelectorAll(\"iframe.wp-embedded-content\"),r=0;r<s.length;r++)(t=(e=s[r]).getAttribute(\"data-secret\"))||(t=Math.random().toString(36).substring(2,12),e.src+=\"#?secret=\"+t,e.setAttribute(\"data-secret\",t)),e.contentWindow.postMessage({message:\"ready\",secret:t},\"*\")},!1)))}(window,document);\n\/\/# sourceURL=https:\/\/denizcankizil.tr\/wp-includes\/js\/wp-embed.min.js\n<\/script>","description":"\u0130stanbul B\u00fcy\u00fck\u015fehir Belediye (\u0130BB) Ba\u015fkan\u0131 Ekrem \u0130mamo\u011flu&#8217;nun tutuklanmas\u0131 sonras\u0131 Antalya&#8217;da da 20 Mart g\u00fcn\u00fc Attalos Heykeli \u00f6n\u00fcnden ve Ayd\u0131n Kanza Park\u0131&#8217;ndan yap\u0131lan y\u00fcr\u00fcy\u00fc\u015fle g\u00f6stericilerin Cumhuriyet Meydan\u0131&#8217;na girmek istemesiyle ba\u015flayan eylemler, a\u011f\u0131rl\u0131kl\u0131 olarak ak\u015fam saatlerinde meydan civar\u0131 ile Akdeniz \u00dcniversitesi i\u00e7inde ve \u00fcniversitenin Meltem giri\u015finde yap\u0131ld\u0131.\u00a0 6 K\u0130\u015e\u0130 TUTUKLANDI\u00a0 Antalya Valisi Hulusi \u015eahin, Antalya&#8217;daki g\u00f6sterilerde bug\u00fcne kadar 250 ki\u015fin g\u00f6zalt\u0131na al\u0131nd\u0131\u011f\u0131n\u0131 ve yap\u0131lan incelemelerin ard\u0131ndan 6 ki\u015finin ise tutukland\u0131\u011f\u0131n\u0131 dile getirdi.\u00a0 \u00a0 \u200bAntalya Valisi Hulusi \u015eahin, \u0130stanbul B\u00fcy\u00fck\u015fehir Belediye (\u0130BB) Ba\u015fkan\u0131 Ekrem \u0130mamo\u011flu&#8217;nun g\u00f6zalt\u0131na al\u0131nmas\u0131 ve tutuklanmas\u0131 sonras\u0131nda ard\u0131ndan ba\u015flayan g\u00f6sterilerde 250 ki\u015finin g\u00f6zalt\u0131na al\u0131nd\u0131\u011f\u0131n\u0131 ve 6 ki\u015finin de tutukland\u0131\u011f\u0131n\u0131 a\u00e7\u0131klad\u0131.\u00a0 \u200bHaberin Al\u0131nt\u0131land\u0131\u011f\u0131 Kaynak: www.antalyakorfez.com"}

Av. Deniz Can Kızıl

Antalya Körfez

Antalya’da ‘İmamoğlu’ protestolarında 6 kişi tutuklandı

<blockquote class="wp-embedded-content" data-secret="0OTf3C7FbU"><a href="https://denizcankizil.tr/uk/haberler/gundem/antalyada-imamoglu-protestolarinda-6-kisi-tutuklandi/">Antalya’da ‘İmamoğlu’ protestolarında 6 kişi tutuklandı</a></blockquote><iframe sandbox="allow-scripts" security="restricted" src="https://denizcankizil.tr/uk/haberler/gundem/antalyada-imamoglu-protestolarinda-6-kisi-tutuklandi/embed/#?secret=0OTf3C7FbU" width="600" height="338" title="&#8220;Antalya’da ‘İmamoğlu’ protestolarında 6 kişi tutuklandı&#8221; &#8212; Av. Deniz Can Kızıl" data-secret="0OTf3C7FbU" frameborder="0" marginwidth="0" marginheight="0" scrolling="no" class="wp-embedded-content"></iframe><script>
/*! This file is auto-generated */
!function(d,l){"use strict";l.querySelector&&d.addEventListener&&"undefined"!=typeof URL&&(d.wp=d.wp||{},d.wp.receiveEmbedMessage||(d.wp.receiveEmbedMessage=function(e){var t=e.data;if((t||t.secret||t.message||t.value)&&!/[^a-zA-Z0-9]/.test(t.secret)){for(var s,r,n,a=l.querySelectorAll('iframe[data-secret="'+t.secret+'"]'),o=l.querySelectorAll('blockquote[data-secret="'+t.secret+'"]'),c=new RegExp("^https?:$","i"),i=0;i<o.length;i++)o[i].style.display="none";for(i=0;i<a.length;i++)s=a[i],e.source===s.contentWindow&&(s.removeAttribute("style"),"height"===t.message?(1e3<(r=parseInt(t.value,10))?r=1e3:~~r<200&&(r=200),s.height=r):"link"===t.message&&(r=new URL(s.getAttribute("src")),n=new URL(t.value),c.test(n.protocol))&&n.host===r.host&&l.activeElement===s&&(d.top.location.href=t.value))}},d.addEventListener("message",d.wp.receiveEmbedMessage,!1),l.addEventListener("DOMContentLoaded",function(){for(var e,t,s=l.querySelectorAll("iframe.wp-embedded-content"),r=0;r<s.length;r++)(t=(e=s[r]).getAttribute("data-secret"))||(t=Math.random().toString(36).substring(2,12),e.src+="#?secret="+t,e.setAttribute("data-secret",t)),e.contentWindow.postMessage({message:"ready",secret:t},"*")},!1)))}(window,document);
//# sourceURL=https://denizcankizil.tr/wp-includes/js/wp-embed.min.js
</script>

İstanbul Büyükşehir Belediye (İBB) Başkanı Ekrem İmamoğlu&#8217;nun tutuklanması sonrası Antalya&#8217;da da 20 Mart günü Attalos Heykeli önünden ve Aydın Kanza Parkı&#8217;ndan yapılan yürüyüşle göstericilerin Cumhuriyet Meydanı&#8217;na girmek istemesiyle başlayan eylemler, ağırlıklı olarak akşam saatlerinde meydan civarı ile Akdeniz Üniversitesi içinde ve üniversitenin Meltem girişinde yapıldı.  6 KİŞİ TUTUKLANDI  Antalya Valisi Hulusi Şahin, Antalya&#8217;daki gösterilerde bugüne kadar 250 kişin gözaltına alındığını ve yapılan incelemelerin ardından 6 kişinin ise tutuklandığını dile getirdi.    ​Antalya Valisi Hulusi Şahin, İstanbul Büyükşehir Belediye (İBB) Başkanı Ekrem İmamoğlu&#8217;nun gözaltına alınması ve tutuklanması sonrasında ardından başlayan gösterilerde 250 kişinin gözaltına alındığını ve 6 kişinin de tutuklandığını açıkladı.  ​Haberin Alıntılandığı Kaynak: www.antalyakorfez.com
