{"version":"1.0","provider_name":"Av. Deniz Can K\u0131z\u0131l","provider_url":"https:\/\/denizcankizil.tr\/uk","author_name":"Av. Deniz Can K\u0131z\u0131l","author_url":"https:\/\/denizcankizil.tr\/uk\/author\/denizcankizil\/","title":"15 farkl\u0131 su\u00e7tan aranan firari yakaland\u0131","type":"rich","width":600,"height":338,"html":"<blockquote class=\"wp-embedded-content\" data-secret=\"IHF6s9b1bG\"><a href=\"https:\/\/denizcankizil.tr\/uk\/haberler\/antalya\/15-farkli-suctan-aranan-firari-yakalandi\/\">15 farkl\u0131 su\u00e7tan aranan firari  yakaland\u0131<\/a><\/blockquote><iframe sandbox=\"allow-scripts\" security=\"restricted\" src=\"https:\/\/denizcankizil.tr\/uk\/haberler\/antalya\/15-farkli-suctan-aranan-firari-yakalandi\/embed\/#?secret=IHF6s9b1bG\" width=\"600\" height=\"338\" title=\"&#8220;15 farkl\u0131 su\u00e7tan aranan firari  yakaland\u0131&#8221; &#8212; Av. Deniz Can K\u0131z\u0131l\" data-secret=\"IHF6s9b1bG\" frameborder=\"0\" marginwidth=\"0\" marginheight=\"0\" scrolling=\"no\" class=\"wp-embedded-content\"><\/iframe><script>\n\/*! This file is auto-generated *\/\n!function(d,l){\"use strict\";l.querySelector&&d.addEventListener&&\"undefined\"!=typeof URL&&(d.wp=d.wp||{},d.wp.receiveEmbedMessage||(d.wp.receiveEmbedMessage=function(e){var t=e.data;if((t||t.secret||t.message||t.value)&&!\/[^a-zA-Z0-9]\/.test(t.secret)){for(var s,r,n,a=l.querySelectorAll('iframe[data-secret=\"'+t.secret+'\"]'),o=l.querySelectorAll('blockquote[data-secret=\"'+t.secret+'\"]'),c=new RegExp(\"^https?:$\",\"i\"),i=0;i<o.length;i++)o[i].style.display=\"none\";for(i=0;i<a.length;i++)s=a[i],e.source===s.contentWindow&&(s.removeAttribute(\"style\"),\"height\"===t.message?(1e3<(r=parseInt(t.value,10))?r=1e3:~~r<200&&(r=200),s.height=r):\"link\"===t.message&&(r=new URL(s.getAttribute(\"src\")),n=new URL(t.value),c.test(n.protocol))&&n.host===r.host&&l.activeElement===s&&(d.top.location.href=t.value))}},d.addEventListener(\"message\",d.wp.receiveEmbedMessage,!1),l.addEventListener(\"DOMContentLoaded\",function(){for(var e,t,s=l.querySelectorAll(\"iframe.wp-embedded-content\"),r=0;r<s.length;r++)(t=(e=s[r]).getAttribute(\"data-secret\"))||(t=Math.random().toString(36).substring(2,12),e.src+=\"#?secret=\"+t,e.setAttribute(\"data-secret\",t)),e.contentWindow.postMessage({message:\"ready\",secret:t},\"*\")},!1)))}(window,document);\n\/\/# sourceURL=https:\/\/denizcankizil.tr\/wp-includes\/js\/wp-embed.min.js\n<\/script>","description":"Antalya&#8217;da nitelikli su\u00e7lardan aranan \u015fah\u0131slar\u0131n yakalanmas\u0131na y\u00f6nelik s\u00fcrd\u00fcr\u00fclen istihbari \u00e7al\u0131\u015fmalar kapsam\u0131nda, 4 y\u0131ld\u0131r firari olan ve s\u00fcrekli k\u0131l\u0131k de\u011fi\u015ftirerek g\u00fcvenlik g\u00fc\u00e7lerinden ka\u00e7maya \u00e7al\u0131\u015fan \u0130.M.\u2019nin yeri tespit edildi. Alanya ve Gazipa\u015fa \u0130l\u00e7e Jandarma Komutanl\u0131\u011f\u0131 JASAT ekiplerinin titiz takibi sonucunda d\u00fczenlenen operasyonla \u015f\u00fcpheli yakalanarak g\u00f6zalt\u0131na al\u0131nd\u0131. Jandarmadaki i\u015flemlerinin ard\u0131ndan adliyeye sevk edilen \u0130.M., \u00e7\u0131kar\u0131ld\u0131\u011f\u0131 mahkemece tutuklanarak cezaevine g\u00f6nderildi. Kaynak: www.kanalv.com.tr Haber Sitesinden Al\u0131nm\u0131\u015ft\u0131r."}

Av. Deniz Can Kızıl

15 farklı suçtan aranan firari yakalandı

<blockquote class="wp-embedded-content" data-secret="IHF6s9b1bG"><a href="https://denizcankizil.tr/uk/haberler/antalya/15-farkli-suctan-aranan-firari-yakalandi/">15 farklı suçtan aranan firari  yakalandı</a></blockquote><iframe sandbox="allow-scripts" security="restricted" src="https://denizcankizil.tr/uk/haberler/antalya/15-farkli-suctan-aranan-firari-yakalandi/embed/#?secret=IHF6s9b1bG" width="600" height="338" title="&#8220;15 farklı suçtan aranan firari  yakalandı&#8221; &#8212; Av. Deniz Can Kızıl" data-secret="IHF6s9b1bG" frameborder="0" marginwidth="0" marginheight="0" scrolling="no" class="wp-embedded-content"></iframe><script>
/*! This file is auto-generated */
!function(d,l){"use strict";l.querySelector&&d.addEventListener&&"undefined"!=typeof URL&&(d.wp=d.wp||{},d.wp.receiveEmbedMessage||(d.wp.receiveEmbedMessage=function(e){var t=e.data;if((t||t.secret||t.message||t.value)&&!/[^a-zA-Z0-9]/.test(t.secret)){for(var s,r,n,a=l.querySelectorAll('iframe[data-secret="'+t.secret+'"]'),o=l.querySelectorAll('blockquote[data-secret="'+t.secret+'"]'),c=new RegExp("^https?:$","i"),i=0;i<o.length;i++)o[i].style.display="none";for(i=0;i<a.length;i++)s=a[i],e.source===s.contentWindow&&(s.removeAttribute("style"),"height"===t.message?(1e3<(r=parseInt(t.value,10))?r=1e3:~~r<200&&(r=200),s.height=r):"link"===t.message&&(r=new URL(s.getAttribute("src")),n=new URL(t.value),c.test(n.protocol))&&n.host===r.host&&l.activeElement===s&&(d.top.location.href=t.value))}},d.addEventListener("message",d.wp.receiveEmbedMessage,!1),l.addEventListener("DOMContentLoaded",function(){for(var e,t,s=l.querySelectorAll("iframe.wp-embedded-content"),r=0;r<s.length;r++)(t=(e=s[r]).getAttribute("data-secret"))||(t=Math.random().toString(36).substring(2,12),e.src+="#?secret="+t,e.setAttribute("data-secret",t)),e.contentWindow.postMessage({message:"ready",secret:t},"*")},!1)))}(window,document);
//# sourceURL=https://denizcankizil.tr/wp-includes/js/wp-embed.min.js
</script>

Antalya&#8217;da nitelikli suçlardan aranan şahısların yakalanmasına yönelik sürdürülen istihbari çalışmalar kapsamında, 4 yıldır firari olan ve sürekli kılık değiştirerek güvenlik güçlerinden kaçmaya çalışan İ.M.’nin yeri tespit edildi. Alanya ve Gazipaşa İlçe Jandarma Komutanlığı JASAT ekiplerinin titiz takibi sonucunda düzenlenen operasyonla şüpheli yakalanarak gözaltına alındı. Jandarmadaki işlemlerinin ardından adliyeye sevk edilen İ.M., çıkarıldığı mahkemece tutuklanarak cezaevine gönderildi. Kaynak: www.kanalv.com.tr Haber Sitesinden Alınmıştır.
