{"version":"1.0","provider_name":"Av. Deniz Can K\u0131z\u0131l","provider_url":"https:\/\/denizcankizil.tr\/ru","author_name":"Av. Deniz Can K\u0131z\u0131l","author_url":"https:\/\/denizcankizil.tr\/ru","title":"CHP'li Meri\u00e7: Kademeli emeklili\u011fe acilen ayar yap\u0131lmal\u0131","type":"rich","width":600,"height":338,"html":"<blockquote class=\"wp-embedded-content\" data-secret=\"U2fhBDqdMI\"><a href=\"https:\/\/denizcankizil.tr\/ru\/haberler\/gundem\/chpli-meric-kademeli-emeklilige-acilen-ayar-yapilmali\/\">CHP&#8217;li Meri\u00e7: Kademeli emeklili\u011fe acilen ayar yap\u0131lmal\u0131<\/a><\/blockquote><iframe sandbox=\"allow-scripts\" security=\"restricted\" src=\"https:\/\/denizcankizil.tr\/ru\/haberler\/gundem\/chpli-meric-kademeli-emeklilige-acilen-ayar-yapilmali\/embed\/#?secret=U2fhBDqdMI\" width=\"600\" height=\"338\" title=\"\u00abCHP&#8217;li Meri\u00e7: Kademeli emeklili\u011fe acilen ayar yap\u0131lmal\u0131\u00bb &#8212; Av. Deniz Can K\u0131z\u0131l\" data-secret=\"U2fhBDqdMI\" frameborder=\"0\" marginwidth=\"0\" marginheight=\"0\" scrolling=\"no\" class=\"wp-embedded-content\"><\/iframe><script>\n\/*! This file is auto-generated *\/\n!function(d,l){\"use strict\";l.querySelector&&d.addEventListener&&\"undefined\"!=typeof URL&&(d.wp=d.wp||{},d.wp.receiveEmbedMessage||(d.wp.receiveEmbedMessage=function(e){var t=e.data;if((t||t.secret||t.message||t.value)&&!\/[^a-zA-Z0-9]\/.test(t.secret)){for(var s,r,n,a=l.querySelectorAll('iframe[data-secret=\"'+t.secret+'\"]'),o=l.querySelectorAll('blockquote[data-secret=\"'+t.secret+'\"]'),c=new RegExp(\"^https?:$\",\"i\"),i=0;i<o.length;i++)o[i].style.display=\"none\";for(i=0;i<a.length;i++)s=a[i],e.source===s.contentWindow&&(s.removeAttribute(\"style\"),\"height\"===t.message?(1e3<(r=parseInt(t.value,10))?r=1e3:~~r<200&&(r=200),s.height=r):\"link\"===t.message&&(r=new URL(s.getAttribute(\"src\")),n=new URL(t.value),c.test(n.protocol))&&n.host===r.host&&l.activeElement===s&&(d.top.location.href=t.value))}},d.addEventListener(\"message\",d.wp.receiveEmbedMessage,!1),l.addEventListener(\"DOMContentLoaded\",function(){for(var e,t,s=l.querySelectorAll(\"iframe.wp-embedded-content\"),r=0;r<s.length;r++)(t=(e=s[r]).getAttribute(\"data-secret\"))||(t=Math.random().toString(36).substring(2,12),e.src+=\"#?secret=\"+t,e.setAttribute(\"data-secret\",t)),e.contentWindow.postMessage({message:\"ready\",secret:t},\"*\")},!1)))}(window,document);\n\/\/# sourceURL=https:\/\/denizcankizil.tr\/wp-includes\/js\/wp-embed.min.js\n<\/script>","description":"CHP Gaziantep Milletvekili Melih Meri\u00e7, kademeli emeklili\u011fe y\u00f6nelik d\u00fczenleme yap\u0131lmas\u0131 gerekti\u011fini belirtti.ANKARA (\u0130GFA) &#8211; CHP Gaziantep Milletvekili Melih Meri\u00e7, kademeli emeklilik konusunda TBMM&#8217;de d\u00fczenledi\u011fi bas\u0131n toplant\u0131s\u0131nda, &#8220;emeklilikte ya\u015fa tak\u0131lanlarla&#8221; ilgili sorunun \u00e7\u00f6z\u00fcld\u00fc\u011f\u00fcn\u00fc an\u0131msatarak, 1999 y\u0131l\u0131 ve sonras\u0131nda ilk defa sigortal\u0131 olanlarla ilgili bir d\u00fczenlemenin getirilmedi\u011fini savundu. Anayasa&#8217;n\u0131n e\u015fitlik ilkesine ayk\u0131r\u0131 bu durumun adil ve makul olmad\u0131\u011f\u0131n\u0131 s\u00f6yleyen Milletvekili Meri\u00e7, &#8220;Gerek memurlar\u0131n gerekse sigortal\u0131 \u00e7al\u0131\u015fan i\u015f\u00e7ilerin kademeli emekliliklerine y\u00f6nelik ya\u015f ve prim g\u00fcn s\u00fcrelerinin yeniden d\u00fczenlenmesi ve bu konunun TBMM&#8217;de acilen ele al\u0131nmas\u0131 gerekmektedir.&#8221; dedi. T\u00fcrkiye&#8217;nin, sava\u015ftan ka\u00e7an Suriyelilerin en yo\u011fun oldu\u011fu \u00fclke, Gaziantep&#8217;in ise \u0130stanbul&#8217;un ard\u0131ndan en fazla Suriyeliyi misafir eden \u015fehir oldu\u011funu dile getiren Meri\u00e7, Suriyelilerin en k\u0131sa s\u00fcrede s\u0131k\u0131nt\u0131s\u0131z, problemsiz \u015fekilde \u00fclkelerine d\u00f6nmeleri i\u00e7in gerekli tedbirlerin al\u0131nmas\u0131n\u0131 istedi. \u00d6te yandan Milletvekili Meri\u00e7, Gaziantep&#8217;te trafik konusuna da dikkati \u00e7ekti\u011fi a\u00e7\u0131klamas\u0131nda, Gaziantep&#8217;te bu konuda b\u00fcy\u00fck s\u0131k\u0131nt\u0131lar\u0131n ya\u015fand\u0131\u011f\u0131n\u0131, plans\u0131z, projesiz tedbirlerin i\u015fe yaramad\u0131\u011f\u0131n\u0131 ifade ederek, kentteki &#8220;trafik \u00e7ilesine&#8221; son verilmesi talebinde bulundu. \u200bCHP Gaziantep Milletvekili Melih Meri\u00e7, kademeli emeklili\u011fe y\u00f6nelik d\u00fczenleme yap\u0131lmas\u0131 gerekti\u011fini belirtti.ANKARA (\u0130GFA) &#8211; CHP Gaziantep Milletvekili Melih Meri\u00e7, kademeli emeklilik konusunda TBMM&#8217;de d\u00fczenledi\u011fi bas\u0131n toplant\u0131s\u0131nda, &#8220;emeklilikte ya\u015fa tak\u0131lanlarla&#8221; ilgili sorunun \u00e7\u00f6z\u00fcld\u00fc\u011f\u00fcn\u00fc an\u0131msatarak, 1999 y\u0131l\u0131 ve sonras\u0131nda ilk defa sigortal\u0131 olanlarla ilgili bir d\u00fczenlemenin getirilmedi\u011fini savundu. Anayasa&#8217;n\u0131n e\u015fitlik ilkesine &hellip;"}

Av. Deniz Can Kızıl

CHP'li Meriç: Kademeli emekliliğe acilen ayar yapılmalı

<blockquote class="wp-embedded-content" data-secret="U2fhBDqdMI"><a href="https://denizcankizil.tr/ru/haberler/gundem/chpli-meric-kademeli-emeklilige-acilen-ayar-yapilmali/">CHP&#8217;li Meriç: Kademeli emekliliğe acilen ayar yapılmalı</a></blockquote><iframe sandbox="allow-scripts" security="restricted" src="https://denizcankizil.tr/ru/haberler/gundem/chpli-meric-kademeli-emeklilige-acilen-ayar-yapilmali/embed/#?secret=U2fhBDqdMI" width="600" height="338" title="«CHP&#8217;li Meriç: Kademeli emekliliğe acilen ayar yapılmalı» &#8212; Av. Deniz Can Kızıl" data-secret="U2fhBDqdMI" frameborder="0" marginwidth="0" marginheight="0" scrolling="no" class="wp-embedded-content"></iframe><script>
/*! This file is auto-generated */
!function(d,l){"use strict";l.querySelector&&d.addEventListener&&"undefined"!=typeof URL&&(d.wp=d.wp||{},d.wp.receiveEmbedMessage||(d.wp.receiveEmbedMessage=function(e){var t=e.data;if((t||t.secret||t.message||t.value)&&!/[^a-zA-Z0-9]/.test(t.secret)){for(var s,r,n,a=l.querySelectorAll('iframe[data-secret="'+t.secret+'"]'),o=l.querySelectorAll('blockquote[data-secret="'+t.secret+'"]'),c=new RegExp("^https?:$","i"),i=0;i<o.length;i++)o[i].style.display="none";for(i=0;i<a.length;i++)s=a[i],e.source===s.contentWindow&&(s.removeAttribute("style"),"height"===t.message?(1e3<(r=parseInt(t.value,10))?r=1e3:~~r<200&&(r=200),s.height=r):"link"===t.message&&(r=new URL(s.getAttribute("src")),n=new URL(t.value),c.test(n.protocol))&&n.host===r.host&&l.activeElement===s&&(d.top.location.href=t.value))}},d.addEventListener("message",d.wp.receiveEmbedMessage,!1),l.addEventListener("DOMContentLoaded",function(){for(var e,t,s=l.querySelectorAll("iframe.wp-embedded-content"),r=0;r<s.length;r++)(t=(e=s[r]).getAttribute("data-secret"))||(t=Math.random().toString(36).substring(2,12),e.src+="#?secret="+t,e.setAttribute("data-secret",t)),e.contentWindow.postMessage({message:"ready",secret:t},"*")},!1)))}(window,document);
//# sourceURL=https://denizcankizil.tr/wp-includes/js/wp-embed.min.js
</script>

CHP Gaziantep Milletvekili Melih Meriç, kademeli emekliliğe yönelik düzenleme yapılması gerektiğini belirtti.ANKARA (İGFA) &#8211; CHP Gaziantep Milletvekili Melih Meriç, kademeli emeklilik konusunda TBMM&#8217;de düzenlediği basın toplantısında, &#8220;emeklilikte yaşa takılanlarla&#8221; ilgili sorunun çözüldüğünü anımsatarak, 1999 yılı ve sonrasında ilk defa sigortalı olanlarla ilgili bir düzenlemenin getirilmediğini savundu. Anayasa&#8217;nın eşitlik ilkesine aykırı bu durumun adil ve makul olmadığını söyleyen Milletvekili Meriç, &#8220;Gerek memurların gerekse sigortalı çalışan işçilerin kademeli emekliliklerine yönelik yaş ve prim gün sürelerinin yeniden düzenlenmesi ve bu konunun TBMM&#8217;de acilen ele alınması gerekmektedir.&#8221; dedi. Türkiye&#8217;nin, savaştan kaçan Suriyelilerin en yoğun olduğu ülke, Gaziantep&#8217;in ise İstanbul&#8217;un ardından en fazla Suriyeliyi misafir eden şehir olduğunu dile getiren Meriç, Suriyelilerin en kısa sürede sıkıntısız, problemsiz şekilde ülkelerine dönmeleri için gerekli tedbirlerin alınmasını istedi. Öte yandan Milletvekili Meriç, Gaziantep&#8217;te trafik konusuna da dikkati çektiği açıklamasında, Gaziantep&#8217;te bu konuda büyük sıkıntıların yaşandığını, plansız, projesiz tedbirlerin işe yaramadığını ifade ederek, kentteki &#8220;trafik çilesine&#8221; son verilmesi talebinde bulundu. ​CHP Gaziantep Milletvekili Melih Meriç, kademeli emekliliğe yönelik düzenleme yapılması gerektiğini belirtti.ANKARA (İGFA) &#8211; CHP Gaziantep Milletvekili Melih Meriç, kademeli emeklilik konusunda TBMM&#8217;de düzenlediği basın toplantısında, &#8220;emeklilikte yaşa takılanlarla&#8221; ilgili sorunun çözüldüğünü anımsatarak, 1999 yılı ve sonrasında ilk defa sigortalı olanlarla ilgili bir düzenlemenin getirilmediğini savundu. Anayasa&#8217;nın eşitlik ilkesine &hellip;
