{"version":"1.0","provider_name":"Av. Deniz Can K\u0131z\u0131l","provider_url":"https:\/\/denizcankizil.tr\/ru","author_name":"Antalya K\u00f6rfez","author_url":"https:\/\/denizcankizil.tr\/ru\/author\/www-antalyakorfez-com\/","title":"CHP Genel Merkez\u2019de \u2018demokrasi n\u00f6beti\u2019 ba\u015flad\u0131","type":"rich","width":600,"height":338,"html":"<blockquote class=\"wp-embedded-content\" data-secret=\"ckBqxIqgNU\"><a href=\"https:\/\/denizcankizil.tr\/ru\/haberler\/gundem\/chp-genel-merkezde-demokrasi-nobeti-basladi\/\">CHP Genel Merkez\u2019de \u2018demokrasi n\u00f6beti\u2019 ba\u015flad\u0131<\/a><\/blockquote><iframe sandbox=\"allow-scripts\" security=\"restricted\" src=\"https:\/\/denizcankizil.tr\/ru\/haberler\/gundem\/chp-genel-merkezde-demokrasi-nobeti-basladi\/embed\/#?secret=ckBqxIqgNU\" width=\"600\" height=\"338\" title=\"\u00abCHP Genel Merkez\u2019de \u2018demokrasi n\u00f6beti\u2019 ba\u015flad\u0131\u00bb &#8212; Av. Deniz Can K\u0131z\u0131l\" data-secret=\"ckBqxIqgNU\" frameborder=\"0\" marginwidth=\"0\" marginheight=\"0\" scrolling=\"no\" class=\"wp-embedded-content\"><\/iframe><script>\n\/*! This file is auto-generated *\/\n!function(d,l){\"use strict\";l.querySelector&&d.addEventListener&&\"undefined\"!=typeof URL&&(d.wp=d.wp||{},d.wp.receiveEmbedMessage||(d.wp.receiveEmbedMessage=function(e){var t=e.data;if((t||t.secret||t.message||t.value)&&!\/[^a-zA-Z0-9]\/.test(t.secret)){for(var s,r,n,a=l.querySelectorAll('iframe[data-secret=\"'+t.secret+'\"]'),o=l.querySelectorAll('blockquote[data-secret=\"'+t.secret+'\"]'),c=new RegExp(\"^https?:$\",\"i\"),i=0;i<o.length;i++)o[i].style.display=\"none\";for(i=0;i<a.length;i++)s=a[i],e.source===s.contentWindow&&(s.removeAttribute(\"style\"),\"height\"===t.message?(1e3<(r=parseInt(t.value,10))?r=1e3:~~r<200&&(r=200),s.height=r):\"link\"===t.message&&(r=new URL(s.getAttribute(\"src\")),n=new URL(t.value),c.test(n.protocol))&&n.host===r.host&&l.activeElement===s&&(d.top.location.href=t.value))}},d.addEventListener(\"message\",d.wp.receiveEmbedMessage,!1),l.addEventListener(\"DOMContentLoaded\",function(){for(var e,t,s=l.querySelectorAll(\"iframe.wp-embedded-content\"),r=0;r<s.length;r++)(t=(e=s[r]).getAttribute(\"data-secret\"))||(t=Math.random().toString(36).substring(2,12),e.src+=\"#?secret=\"+t,e.setAttribute(\"data-secret\",t)),e.contentWindow.postMessage({message:\"ready\",secret:t},\"*\")},!1)))}(window,document);\n\/\/# sourceURL=https:\/\/denizcankizil.tr\/wp-includes\/js\/wp-embed.min.js\n<\/script>","description":"Sabaha kar\u015f\u0131 yo\u011fun g\u00fcvenlik g\u00fc\u00e7leriyle evinden al\u0131nan \u0130stanbul B\u00fcy\u00fck\u015fehir Belediye Ba\u015fkan\u0131 Ekrem \u0130mamo\u011flu\u2019nun g\u00f6zalt\u0131 i\u015flemleri s\u00fcr\u00fcyor. \u0130mamo\u011flu\u2019nun g\u00f6zalt\u0131nda al\u0131nmas\u0131n\u0131n yank\u0131lar\u0131 \u00fclke genelinde s\u00fcr\u00fcyor.\u00a0 DEMOKRAS\u0130 N\u00d6BET\u0130 BA\u015eLADI\u00a0 Ankara\u2019da CHP Genel Merkezi&#8217;nde yurtta\u015flar \u0130BB Ba\u015fkan\u0131 Ekrem \u0130mamo\u011flu&#8217;nun g\u00f6zalt\u0131na al\u0131nmas\u0131n\u0131 protesto ediyor. CHP S\u00f6zc\u00fcs\u00fc Deniz Y\u00fccel CHP Genel Merkezi&#8217;nde yapt\u0131\u011f\u0131 konu\u015fmada &#8221;Demokrasi n\u00f6betimiz burada devam edecektir. Buradan ayr\u0131lmay\u0131n. Milletimizin iradesine demokrasiye, Ekrem Ba\u015fkan\u0131m\u0131za sahip \u00e7\u0131kmaya buradan devam edece\u011fiz&#8221; dedi. YA HEP BERABER YA H\u0130\u00c7B\u0130R\u0130M\u0130Z\u00a0 CHP Genel Merkezi&#8217;nde yurtta\u015flar \u0130BB Ba\u015fkan\u0131 Ekrem \u0130mamo\u011flu&#8217;nun g\u00f6zalt\u0131na al\u0131nmas\u0131n\u0131 protesto ediyor. Geni\u015f kalabal\u0131k olu\u015fturan yurtta\u015flar &#8221;Kurtulu\u015f yok tek ba\u015f\u0131na, ya hep beraber ya hi\u00e7birimiz&#8221; slogan\u0131 att\u0131. \u00a0CHP S\u00f6zc\u00fcs\u00fc Deniz Y\u00fccel CHP Genel Merkezi&#8217;nin \u00f6n\u00fcnde kitleye seslendi.\u00a0 SAH\u0130P \u00c7IKMAYA DEVAM EDECE\u011e\u0130Z\u00a0 Y\u00fccel yapt\u0131\u011f\u0131 konu\u015fmada \u015fu ifadeleri kulland\u0131: \u00a0&#8221;Yol arkada\u015flar\u0131m\u0131z\u0131 yedirtmeyiz yanlar\u0131nday\u0131z arkalar\u0131nday\u0131z. Demokrasi n\u00f6betimiz burada devam edecektir. Buradan ayr\u0131lmay\u0131n. Milletimizin iradesine demokrasiye, Ekrem Ba\u015fkan\u0131m\u0131za sahip \u00e7\u0131kmaya buradan devam edece\u011fiz&#8221; \u200b\u0130stanbul B\u00fcy\u00fck\u015fehir Belediye Ba\u015fkan\u0131 Ekrem \u0130mamo\u011flu\u2019nun g\u00f6zalt\u0131na al\u0131nmas\u0131n\u0131n ard\u0131ndan CHP Genel Merkez\u2019in \u00f6n\u00fcnde partililer ve yurtta\u015flar \u2018demokrasi n\u00f6beti\u2019 ba\u015flatt\u0131.\u00a0 \u200bHaberin Al\u0131nt\u0131land\u0131\u011f\u0131 Kaynak: www.antalyakorfez.com"}

Av. Deniz Can Kızıl

Antalya Körfez

CHP Genel Merkez’de ‘demokrasi nöbeti’ başladı

<blockquote class="wp-embedded-content" data-secret="ckBqxIqgNU"><a href="https://denizcankizil.tr/ru/haberler/gundem/chp-genel-merkezde-demokrasi-nobeti-basladi/">CHP Genel Merkez’de ‘demokrasi nöbeti’ başladı</a></blockquote><iframe sandbox="allow-scripts" security="restricted" src="https://denizcankizil.tr/ru/haberler/gundem/chp-genel-merkezde-demokrasi-nobeti-basladi/embed/#?secret=ckBqxIqgNU" width="600" height="338" title="«CHP Genel Merkez’de ‘demokrasi nöbeti’ başladı» &#8212; Av. Deniz Can Kızıl" data-secret="ckBqxIqgNU" frameborder="0" marginwidth="0" marginheight="0" scrolling="no" class="wp-embedded-content"></iframe><script>
/*! This file is auto-generated */
!function(d,l){"use strict";l.querySelector&&d.addEventListener&&"undefined"!=typeof URL&&(d.wp=d.wp||{},d.wp.receiveEmbedMessage||(d.wp.receiveEmbedMessage=function(e){var t=e.data;if((t||t.secret||t.message||t.value)&&!/[^a-zA-Z0-9]/.test(t.secret)){for(var s,r,n,a=l.querySelectorAll('iframe[data-secret="'+t.secret+'"]'),o=l.querySelectorAll('blockquote[data-secret="'+t.secret+'"]'),c=new RegExp("^https?:$","i"),i=0;i<o.length;i++)o[i].style.display="none";for(i=0;i<a.length;i++)s=a[i],e.source===s.contentWindow&&(s.removeAttribute("style"),"height"===t.message?(1e3<(r=parseInt(t.value,10))?r=1e3:~~r<200&&(r=200),s.height=r):"link"===t.message&&(r=new URL(s.getAttribute("src")),n=new URL(t.value),c.test(n.protocol))&&n.host===r.host&&l.activeElement===s&&(d.top.location.href=t.value))}},d.addEventListener("message",d.wp.receiveEmbedMessage,!1),l.addEventListener("DOMContentLoaded",function(){for(var e,t,s=l.querySelectorAll("iframe.wp-embedded-content"),r=0;r<s.length;r++)(t=(e=s[r]).getAttribute("data-secret"))||(t=Math.random().toString(36).substring(2,12),e.src+="#?secret="+t,e.setAttribute("data-secret",t)),e.contentWindow.postMessage({message:"ready",secret:t},"*")},!1)))}(window,document);
//# sourceURL=https://denizcankizil.tr/wp-includes/js/wp-embed.min.js
</script>

Sabaha karşı yoğun güvenlik güçleriyle evinden alınan İstanbul Büyükşehir Belediye Başkanı Ekrem İmamoğlu’nun gözaltı işlemleri sürüyor. İmamoğlu’nun gözaltında alınmasının yankıları ülke genelinde sürüyor.  DEMOKRASİ NÖBETİ BAŞLADI  Ankara’da CHP Genel Merkezi&#8217;nde yurttaşlar İBB Başkanı Ekrem İmamoğlu&#8217;nun gözaltına alınmasını protesto ediyor. CHP Sözcüsü Deniz Yücel CHP Genel Merkezi&#8217;nde yaptığı konuşmada &#8221;Demokrasi nöbetimiz burada devam edecektir. Buradan ayrılmayın. Milletimizin iradesine demokrasiye, Ekrem Başkanımıza sahip çıkmaya buradan devam edeceğiz&#8221; dedi. YA HEP BERABER YA HİÇBİRİMİZ  CHP Genel Merkezi&#8217;nde yurttaşlar İBB Başkanı Ekrem İmamoğlu&#8217;nun gözaltına alınmasını protesto ediyor. Geniş kalabalık oluşturan yurttaşlar &#8221;Kurtuluş yok tek başına, ya hep beraber ya hiçbirimiz&#8221; sloganı attı.  CHP Sözcüsü Deniz Yücel CHP Genel Merkezi&#8217;nin önünde kitleye seslendi.  SAHİP ÇIKMAYA DEVAM EDECEĞİZ  Yücel yaptığı konuşmada şu ifadeleri kullandı:  &#8221;Yol arkadaşlarımızı yedirtmeyiz yanlarındayız arkalarındayız. Demokrasi nöbetimiz burada devam edecektir. Buradan ayrılmayın. Milletimizin iradesine demokrasiye, Ekrem Başkanımıza sahip çıkmaya buradan devam edeceğiz&#8221; ​İstanbul Büyükşehir Belediye Başkanı Ekrem İmamoğlu’nun gözaltına alınmasının ardından CHP Genel Merkez’in önünde partililer ve yurttaşlar ‘demokrasi nöbeti’ başlattı.  ​Haberin Alıntılandığı Kaynak: www.antalyakorfez.com
