{"version":"1.0","provider_name":"Av. Deniz Can K\u0131z\u0131l","provider_url":"https:\/\/denizcankizil.tr\/ru","author_name":"Av. Deniz Can K\u0131z\u0131l","author_url":"https:\/\/denizcankizil.tr\/ru","title":"\u00c7anakkale\u2019nin ard\u0131ndan bir deprem haberi de Adana\u2019dan\u2026","type":"rich","width":600,"height":338,"html":"<blockquote class=\"wp-embedded-content\" data-secret=\"T9SOoO0vO3\"><a href=\"https:\/\/denizcankizil.tr\/ru\/haberler\/gundem\/canakkalenin-ardindan-bir-deprem-haberi-de-adanadan\/\">\u00c7anakkale\u2019nin ard\u0131ndan bir deprem haberi de Adana\u2019dan\u2026<\/a><\/blockquote><iframe sandbox=\"allow-scripts\" security=\"restricted\" src=\"https:\/\/denizcankizil.tr\/ru\/haberler\/gundem\/canakkalenin-ardindan-bir-deprem-haberi-de-adanadan\/embed\/#?secret=T9SOoO0vO3\" width=\"600\" height=\"338\" title=\"\u00ab\u00c7anakkale\u2019nin ard\u0131ndan bir deprem haberi de Adana\u2019dan\u2026\u00bb &#8212; Av. Deniz Can K\u0131z\u0131l\" data-secret=\"T9SOoO0vO3\" frameborder=\"0\" marginwidth=\"0\" marginheight=\"0\" scrolling=\"no\" class=\"wp-embedded-content\"><\/iframe><script>\n\/*! This file is auto-generated *\/\n!function(d,l){\"use strict\";l.querySelector&&d.addEventListener&&\"undefined\"!=typeof URL&&(d.wp=d.wp||{},d.wp.receiveEmbedMessage||(d.wp.receiveEmbedMessage=function(e){var t=e.data;if((t||t.secret||t.message||t.value)&&!\/[^a-zA-Z0-9]\/.test(t.secret)){for(var s,r,n,a=l.querySelectorAll('iframe[data-secret=\"'+t.secret+'\"]'),o=l.querySelectorAll('blockquote[data-secret=\"'+t.secret+'\"]'),c=new RegExp(\"^https?:$\",\"i\"),i=0;i<o.length;i++)o[i].style.display=\"none\";for(i=0;i<a.length;i++)s=a[i],e.source===s.contentWindow&&(s.removeAttribute(\"style\"),\"height\"===t.message?(1e3<(r=parseInt(t.value,10))?r=1e3:~~r<200&&(r=200),s.height=r):\"link\"===t.message&&(r=new URL(s.getAttribute(\"src\")),n=new URL(t.value),c.test(n.protocol))&&n.host===r.host&&l.activeElement===s&&(d.top.location.href=t.value))}},d.addEventListener(\"message\",d.wp.receiveEmbedMessage,!1),l.addEventListener(\"DOMContentLoaded\",function(){for(var e,t,s=l.querySelectorAll(\"iframe.wp-embedded-content\"),r=0;r<s.length;r++)(t=(e=s[r]).getAttribute(\"data-secret\"))||(t=Math.random().toString(36).substring(2,12),e.src+=\"#?secret=\"+t,e.setAttribute(\"data-secret\",t)),e.contentWindow.postMessage({message:\"ready\",secret:t},\"*\")},!1)))}(window,document);\n\/\/# sourceURL=https:\/\/denizcankizil.tr\/wp-includes\/js\/wp-embed.min.js\n<\/script>","description":"Afet ve Acil Durum Y\u00f6netimi Ba\u015fkanl\u0131\u011f\u0131 (AFAD) Adana&#8217;da ve \u00e7evre illerde de hissedilen bir deprem meydana geldi\u011fini duyurdu. Kozan AFAD taraf\u0131ndan yap\u0131lan a\u00e7\u0131klamada, depremin b\u00fcy\u00fckl\u00fc\u011f\u00fcn\u00fcn 5.0 oldu\u011fu bildirildi. Depremin merkez \u00fcss\u00fc ise Kozan olarak a\u00e7\u0131kland\u0131. &#8220;HERHANG\u0130 B\u0130R OLUMSUZ DURUM YOK&#8221; Adana Valisi Yavuz Selim K\u00f6\u015fger, sosyal medya hesab\u0131ndan yapt\u0131\u011f\u0131 a\u00e7\u0131klamada, &#8220;Kozan il\u00e7emiz merkezli 5.0 b\u00fcy\u00fckl\u00fc\u011f\u00fcnde bir deprem ger\u00e7ekle\u015fmi\u015f olup, an itibar\u0131 ile tespit edilen olumsuz bir durum yoktur. Ge\u00e7mi\u015f olsun Kozan, Allah beterinden korusun&#8221; dedi.\u00a0 \u00a0 \u00a0 \u00a0 \u00a0 \u00a0 \u00a0 \u00a0 \u00a0 \u00a0 \u00a0 \u00a0 \u00a0 \u00a0 \u00a0 \u00a0 \u00a0 \u00a0 \u200bAFAD, saat 20.07 sular\u0131nda Adana&#8217;n\u0131n Kozan il\u00e7esinde 5.0 b\u00fcy\u00fckl\u00fc\u011f\u00fcnde bir deprem meydana geldi\u011fini duyurdu\u00a0 \u200bHaberin Al\u0131nt\u0131land\u0131\u011f\u0131 Kaynak: www.antalyakorfez.com"}

Av. Deniz Can Kızıl

Çanakkale’nin ardından bir deprem haberi de Adana’dan…

<blockquote class="wp-embedded-content" data-secret="T9SOoO0vO3"><a href="https://denizcankizil.tr/ru/haberler/gundem/canakkalenin-ardindan-bir-deprem-haberi-de-adanadan/">Çanakkale’nin ardından bir deprem haberi de Adana’dan…</a></blockquote><iframe sandbox="allow-scripts" security="restricted" src="https://denizcankizil.tr/ru/haberler/gundem/canakkalenin-ardindan-bir-deprem-haberi-de-adanadan/embed/#?secret=T9SOoO0vO3" width="600" height="338" title="«Çanakkale’nin ardından bir deprem haberi de Adana’dan…» &#8212; Av. Deniz Can Kızıl" data-secret="T9SOoO0vO3" frameborder="0" marginwidth="0" marginheight="0" scrolling="no" class="wp-embedded-content"></iframe><script>
/*! This file is auto-generated */
!function(d,l){"use strict";l.querySelector&&d.addEventListener&&"undefined"!=typeof URL&&(d.wp=d.wp||{},d.wp.receiveEmbedMessage||(d.wp.receiveEmbedMessage=function(e){var t=e.data;if((t||t.secret||t.message||t.value)&&!/[^a-zA-Z0-9]/.test(t.secret)){for(var s,r,n,a=l.querySelectorAll('iframe[data-secret="'+t.secret+'"]'),o=l.querySelectorAll('blockquote[data-secret="'+t.secret+'"]'),c=new RegExp("^https?:$","i"),i=0;i<o.length;i++)o[i].style.display="none";for(i=0;i<a.length;i++)s=a[i],e.source===s.contentWindow&&(s.removeAttribute("style"),"height"===t.message?(1e3<(r=parseInt(t.value,10))?r=1e3:~~r<200&&(r=200),s.height=r):"link"===t.message&&(r=new URL(s.getAttribute("src")),n=new URL(t.value),c.test(n.protocol))&&n.host===r.host&&l.activeElement===s&&(d.top.location.href=t.value))}},d.addEventListener("message",d.wp.receiveEmbedMessage,!1),l.addEventListener("DOMContentLoaded",function(){for(var e,t,s=l.querySelectorAll("iframe.wp-embedded-content"),r=0;r<s.length;r++)(t=(e=s[r]).getAttribute("data-secret"))||(t=Math.random().toString(36).substring(2,12),e.src+="#?secret="+t,e.setAttribute("data-secret",t)),e.contentWindow.postMessage({message:"ready",secret:t},"*")},!1)))}(window,document);
//# sourceURL=https://denizcankizil.tr/wp-includes/js/wp-embed.min.js
</script>

Afet ve Acil Durum Yönetimi Başkanlığı (AFAD) Adana&#8217;da ve çevre illerde de hissedilen bir deprem meydana geldiğini duyurdu. Kozan AFAD tarafından yapılan açıklamada, depremin büyüklüğünün 5.0 olduğu bildirildi. Depremin merkez üssü ise Kozan olarak açıklandı. &#8220;HERHANGİ BİR OLUMSUZ DURUM YOK&#8221; Adana Valisi Yavuz Selim Köşger, sosyal medya hesabından yaptığı açıklamada, &#8220;Kozan ilçemiz merkezli 5.0 büyüklüğünde bir deprem gerçekleşmiş olup, an itibarı ile tespit edilen olumsuz bir durum yoktur. Geçmiş olsun Kozan, Allah beterinden korusun&#8221; dedi.                                    ​AFAD, saat 20.07 sularında Adana&#8217;nın Kozan ilçesinde 5.0 büyüklüğünde bir deprem meydana geldiğini duyurdu  ​Haberin Alıntılandığı Kaynak: www.antalyakorfez.com
