{"version":"1.0","provider_name":"Av. Deniz Can K\u0131z\u0131l","provider_url":"https:\/\/denizcankizil.tr\/ru","author_name":"Antalya K\u00f6rfez","author_url":"https:\/\/denizcankizil.tr\/ru\/author\/www-antalyakorfez-com\/","title":"Bolu Kartalkaya facias\u0131nda kaybedilen ac\u0131 detay","type":"rich","width":600,"height":338,"html":"<blockquote class=\"wp-embedded-content\" data-secret=\"cz6Mqx7Wp9\"><a href=\"https:\/\/denizcankizil.tr\/ru\/haberler\/gundem\/bolu-kartalkaya-faciasinda-kaybedilen-aci-detay\/\">Bolu Kartalkaya facias\u0131nda kaybedilen ac\u0131 detay<\/a><\/blockquote><iframe sandbox=\"allow-scripts\" security=\"restricted\" src=\"https:\/\/denizcankizil.tr\/ru\/haberler\/gundem\/bolu-kartalkaya-faciasinda-kaybedilen-aci-detay\/embed\/#?secret=cz6Mqx7Wp9\" width=\"600\" height=\"338\" title=\"\u00abBolu Kartalkaya facias\u0131nda kaybedilen ac\u0131 detay\u00bb &#8212; Av. Deniz Can K\u0131z\u0131l\" data-secret=\"cz6Mqx7Wp9\" frameborder=\"0\" marginwidth=\"0\" marginheight=\"0\" scrolling=\"no\" class=\"wp-embedded-content\"><\/iframe><script>\n\/*! This file is auto-generated *\/\n!function(d,l){\"use strict\";l.querySelector&&d.addEventListener&&\"undefined\"!=typeof URL&&(d.wp=d.wp||{},d.wp.receiveEmbedMessage||(d.wp.receiveEmbedMessage=function(e){var t=e.data;if((t||t.secret||t.message||t.value)&&!\/[^a-zA-Z0-9]\/.test(t.secret)){for(var s,r,n,a=l.querySelectorAll('iframe[data-secret=\"'+t.secret+'\"]'),o=l.querySelectorAll('blockquote[data-secret=\"'+t.secret+'\"]'),c=new RegExp(\"^https?:$\",\"i\"),i=0;i<o.length;i++)o[i].style.display=\"none\";for(i=0;i<a.length;i++)s=a[i],e.source===s.contentWindow&&(s.removeAttribute(\"style\"),\"height\"===t.message?(1e3<(r=parseInt(t.value,10))?r=1e3:~~r<200&&(r=200),s.height=r):\"link\"===t.message&&(r=new URL(s.getAttribute(\"src\")),n=new URL(t.value),c.test(n.protocol))&&n.host===r.host&&l.activeElement===s&&(d.top.location.href=t.value))}},d.addEventListener(\"message\",d.wp.receiveEmbedMessage,!1),l.addEventListener(\"DOMContentLoaded\",function(){for(var e,t,s=l.querySelectorAll(\"iframe.wp-embedded-content\"),r=0;r<s.length;r++)(t=(e=s[r]).getAttribute(\"data-secret\"))||(t=Math.random().toString(36).substring(2,12),e.src+=\"#?secret=\"+t,e.setAttribute(\"data-secret\",t)),e.contentWindow.postMessage({message:\"ready\",secret:t},\"*\")},!1)))}(window,document);\n\/\/# sourceURL=https:\/\/denizcankizil.tr\/wp-includes\/js\/wp-embed.min.js\n<\/script>","description":"Bolu Kartalkaya&#8217;daki otel yang\u0131n\u0131 facias\u0131nda ya\u015fam\u0131n\u0131 yitiren Zehra Sena G\u00fcltekin&#8217;in, yang\u0131n s\u0131ras\u0131nda annesini arayarak helallik istedi\u011fi \u00f6\u011frenildi. Ayr\u0131ca, Zehra Sena G\u00fcltekin ve e\u015fi Bilal G\u00fcltekin&#8217;in Uygur T\u00fcrk\u00fc k\u00fc\u00e7\u00fck bir k\u0131z\u0131n koruyucu ailesi oldu\u011fu belirtildi. G\u00fcltekin&#8217;in kom\u015fusu, sosyal medya hesab\u0131ndan yapt\u0131\u011f\u0131 payla\u015f\u0131mda, &#8220;Sena, sen o emanet k\u0131z\u0131na, &#8216;kuzucuk&#8217; dedi\u011fin i\u00e7in o da sana &#8216;kuzucuk&#8217; derdi. Siz ne g\u00fczel insanlard\u0131n\u0131z. Hepimiz \u015fahidiz g\u00fczel kom\u015fum&#8221; ifadelerini kulland\u0131. KORUYUCU A\u0130LEL\u0130K YAPTIKLARI \u00d6\u011eREN\u0130LD\u0130\u00a0 T\u00fcrk Hava Yollar\u0131 personeli oldu\u011fu \u00f6\u011frenilen Sena G\u00fcltekin, okullar\u0131n yar\u0131y\u0131l tatiline girmesinden dolay\u0131 e\u015fi, \u00e7ocuklar\u0131 ve ailesinden 9 ki\u015fiyle birlikte Kartalkaya Kayak Merkezi&#8217;ndeki Grand Kartal Otel&#8217;e tatile gitmi\u015fti. Zehra G\u00fcltekin ve e\u015fi Bilal G\u00fcltekin, \u00e7iftin \u00e7ocuklar\u0131 Muhammet Selim, Yusuf Sinanettin, Bekir Sad\u0131k ve S\u00fcmeyye&#8217;nin de aralar\u0131nda bulundu\u011fu G\u00fcltekin ailesinden 8 ki\u015fi yang\u0131nda hayat\u0131n\u0131 kaybetti. Yang\u0131n \u00e7\u0131kt\u0131ktan sonra Zehra Sena G\u00fcltekin&#8217;in annesini aray\u0131p helallik ald\u0131\u011f\u0131 \u00f6\u011frenildi. Ayr\u0131ca, Zehra Sena ve Bilal G\u00fcltekin&#8217;in Uygur T\u00fcrk&#8217;\u00fc minik S\u00fcmeyye&#8217;nin koruyucu ailesi oldu\u011fu \u00f6\u011frenildi. O DA SANA &#8216;KUZUCUK&#8217; DERD\u0130\u00a0 Zehra Sena G\u00fcltekin&#8217;in kom\u015fusu sosyal medyadan yapt\u0131\u011f\u0131 payla\u015f\u0131mda, &#8220;Bolu Kartalkaya&#8217;da birbirinden g\u00fczel yavrular\u0131yla tatilde olan nadide kom\u015fum Zehra Sena G\u00fcltekin, e\u015fi Bilal G\u00fcltekin, \u00e7ocuklar\u0131 Yusuf Sinanettin, Bekir Sad\u0131k, Muhammet Selim&#8217;i kalbimin kald\u0131ramayaca\u011f\u0131 kadar a\u011f\u0131r bir \u015fekilde kaybettik. Ah, yanlar\u0131ndan hi\u00e7 ay\u0131rmad\u0131klar\u0131 ve kendi evlatlar\u0131 gibi b\u00fcy\u00fctt\u00fcklerine \u015fahit oldu\u011fumuz &hellip;"}

Av. Deniz Can Kızıl

Antalya Körfez

Bolu Kartalkaya faciasında kaybedilen acı detay

<blockquote class="wp-embedded-content" data-secret="cz6Mqx7Wp9"><a href="https://denizcankizil.tr/ru/haberler/gundem/bolu-kartalkaya-faciasinda-kaybedilen-aci-detay/">Bolu Kartalkaya faciasında kaybedilen acı detay</a></blockquote><iframe sandbox="allow-scripts" security="restricted" src="https://denizcankizil.tr/ru/haberler/gundem/bolu-kartalkaya-faciasinda-kaybedilen-aci-detay/embed/#?secret=cz6Mqx7Wp9" width="600" height="338" title="«Bolu Kartalkaya faciasında kaybedilen acı detay» &#8212; Av. Deniz Can Kızıl" data-secret="cz6Mqx7Wp9" frameborder="0" marginwidth="0" marginheight="0" scrolling="no" class="wp-embedded-content"></iframe><script>
/*! This file is auto-generated */
!function(d,l){"use strict";l.querySelector&&d.addEventListener&&"undefined"!=typeof URL&&(d.wp=d.wp||{},d.wp.receiveEmbedMessage||(d.wp.receiveEmbedMessage=function(e){var t=e.data;if((t||t.secret||t.message||t.value)&&!/[^a-zA-Z0-9]/.test(t.secret)){for(var s,r,n,a=l.querySelectorAll('iframe[data-secret="'+t.secret+'"]'),o=l.querySelectorAll('blockquote[data-secret="'+t.secret+'"]'),c=new RegExp("^https?:$","i"),i=0;i<o.length;i++)o[i].style.display="none";for(i=0;i<a.length;i++)s=a[i],e.source===s.contentWindow&&(s.removeAttribute("style"),"height"===t.message?(1e3<(r=parseInt(t.value,10))?r=1e3:~~r<200&&(r=200),s.height=r):"link"===t.message&&(r=new URL(s.getAttribute("src")),n=new URL(t.value),c.test(n.protocol))&&n.host===r.host&&l.activeElement===s&&(d.top.location.href=t.value))}},d.addEventListener("message",d.wp.receiveEmbedMessage,!1),l.addEventListener("DOMContentLoaded",function(){for(var e,t,s=l.querySelectorAll("iframe.wp-embedded-content"),r=0;r<s.length;r++)(t=(e=s[r]).getAttribute("data-secret"))||(t=Math.random().toString(36).substring(2,12),e.src+="#?secret="+t,e.setAttribute("data-secret",t)),e.contentWindow.postMessage({message:"ready",secret:t},"*")},!1)))}(window,document);
//# sourceURL=https://denizcankizil.tr/wp-includes/js/wp-embed.min.js
</script>

Bolu Kartalkaya&#8217;daki otel yangını faciasında yaşamını yitiren Zehra Sena Gültekin&#8217;in, yangın sırasında annesini arayarak helallik istediği öğrenildi. Ayrıca, Zehra Sena Gültekin ve eşi Bilal Gültekin&#8217;in Uygur Türkü küçük bir kızın koruyucu ailesi olduğu belirtildi. Gültekin&#8217;in komşusu, sosyal medya hesabından yaptığı paylaşımda, &#8220;Sena, sen o emanet kızına, &#8216;kuzucuk&#8217; dediğin için o da sana &#8216;kuzucuk&#8217; derdi. Siz ne güzel insanlardınız. Hepimiz şahidiz güzel komşum&#8221; ifadelerini kullandı. KORUYUCU AİLELİK YAPTIKLARI ÖĞRENİLDİ  Türk Hava Yolları personeli olduğu öğrenilen Sena Gültekin, okulların yarıyıl tatiline girmesinden dolayı eşi, çocukları ve ailesinden 9 kişiyle birlikte Kartalkaya Kayak Merkezi&#8217;ndeki Grand Kartal Otel&#8217;e tatile gitmişti. Zehra Gültekin ve eşi Bilal Gültekin, çiftin çocukları Muhammet Selim, Yusuf Sinanettin, Bekir Sadık ve Sümeyye&#8217;nin de aralarında bulunduğu Gültekin ailesinden 8 kişi yangında hayatını kaybetti. Yangın çıktıktan sonra Zehra Sena Gültekin&#8217;in annesini arayıp helallik aldığı öğrenildi. Ayrıca, Zehra Sena ve Bilal Gültekin&#8217;in Uygur Türk&#8217;ü minik Sümeyye&#8217;nin koruyucu ailesi olduğu öğrenildi. O DA SANA &#8216;KUZUCUK&#8217; DERDİ  Zehra Sena Gültekin&#8217;in komşusu sosyal medyadan yaptığı paylaşımda, &#8220;Bolu Kartalkaya&#8217;da birbirinden güzel yavrularıyla tatilde olan nadide komşum Zehra Sena Gültekin, eşi Bilal Gültekin, çocukları Yusuf Sinanettin, Bekir Sadık, Muhammet Selim&#8217;i kalbimin kaldıramayacağı kadar ağır bir şekilde kaybettik. Ah, yanlarından hiç ayırmadıkları ve kendi evlatları gibi büyüttüklerine şahit olduğumuz &hellip;
