{"version":"1.0","provider_name":"Av. Deniz Can K\u0131z\u0131l","provider_url":"https:\/\/denizcankizil.tr\/ru","author_name":"Av. Deniz Can K\u0131z\u0131l","author_url":"https:\/\/denizcankizil.tr\/ru\/author\/denizcankizil\/","title":"Otomobille motosiklet \u00e7arp\u0131\u015ft\u0131","type":"rich","width":600,"height":338,"html":"<blockquote class=\"wp-embedded-content\" data-secret=\"QYJRYiufS6\"><a href=\"https:\/\/denizcankizil.tr\/ru\/haberler\/antalya\/otomobille-motosiklet-carpisti\/\">Otomobille motosiklet \u00e7arp\u0131\u015ft\u0131<\/a><\/blockquote><iframe sandbox=\"allow-scripts\" security=\"restricted\" src=\"https:\/\/denizcankizil.tr\/ru\/haberler\/antalya\/otomobille-motosiklet-carpisti\/embed\/#?secret=QYJRYiufS6\" width=\"600\" height=\"338\" title=\"\u00abOtomobille motosiklet \u00e7arp\u0131\u015ft\u0131\u00bb &#8212; Av. Deniz Can K\u0131z\u0131l\" data-secret=\"QYJRYiufS6\" frameborder=\"0\" marginwidth=\"0\" marginheight=\"0\" scrolling=\"no\" class=\"wp-embedded-content\"><\/iframe><script>\n\/*! This file is auto-generated *\/\n!function(d,l){\"use strict\";l.querySelector&&d.addEventListener&&\"undefined\"!=typeof URL&&(d.wp=d.wp||{},d.wp.receiveEmbedMessage||(d.wp.receiveEmbedMessage=function(e){var t=e.data;if((t||t.secret||t.message||t.value)&&!\/[^a-zA-Z0-9]\/.test(t.secret)){for(var s,r,n,a=l.querySelectorAll('iframe[data-secret=\"'+t.secret+'\"]'),o=l.querySelectorAll('blockquote[data-secret=\"'+t.secret+'\"]'),c=new RegExp(\"^https?:$\",\"i\"),i=0;i<o.length;i++)o[i].style.display=\"none\";for(i=0;i<a.length;i++)s=a[i],e.source===s.contentWindow&&(s.removeAttribute(\"style\"),\"height\"===t.message?(1e3<(r=parseInt(t.value,10))?r=1e3:~~r<200&&(r=200),s.height=r):\"link\"===t.message&&(r=new URL(s.getAttribute(\"src\")),n=new URL(t.value),c.test(n.protocol))&&n.host===r.host&&l.activeElement===s&&(d.top.location.href=t.value))}},d.addEventListener(\"message\",d.wp.receiveEmbedMessage,!1),l.addEventListener(\"DOMContentLoaded\",function(){for(var e,t,s=l.querySelectorAll(\"iframe.wp-embedded-content\"),r=0;r<s.length;r++)(t=(e=s[r]).getAttribute(\"data-secret\"))||(t=Math.random().toString(36).substring(2,12),e.src+=\"#?secret=\"+t,e.setAttribute(\"data-secret\",t)),e.contentWindow.postMessage({message:\"ready\",secret:t},\"*\")},!1)))}(window,document);\n\/\/# sourceURL=https:\/\/denizcankizil.tr\/wp-includes\/js\/wp-embed.min.js\n<\/script>","thumbnail_url":"https:\/\/denizcankizil.tr\/wp-content\/uploads\/2025\/05\/6442-01-YoXPea.jpg","thumbnail_width":1280,"thumbnail_height":720,"description":"Kaza, saat 14.40 s\u0131ralar\u0131nda Pazarc\u0131 Mahallesi Balkan Caddesi \u00fczerinde meydana geldi. Edinilen bilgiye g\u00f6re, cadde \u00fczerinde seyir halinde olan A.G. idaresindeki 07 UB 763 plakal\u0131 otomobil, E.Y. idaresindeki 07 CBN 162 plakal\u0131 motosikletle 10013 ve 10016 sokaklar\u0131n kesi\u015fti\u011fi noktada \u00e7arp\u0131\u015ft\u0131. \u00c7arp\u0131\u015fman\u0131n etkisiyle devrilen motosikletten parke zemine d\u00fc\u015fen motosiklet s\u00fcr\u00fcc\u00fcs\u00fc E.Y. yaraland\u0131. Kazay\u0131 g\u00f6renlerin 112 Acil \u00c7a\u011fr\u0131 Merkezine haber vermesi \u00fczerine olay yerine polis ve sa\u011fl\u0131k ekipleri sevk edildi. \u0130lk m\u00fcdahalesi kaza yerinde yap\u0131lan yaral\u0131, ambulansla Gazipa\u015fa Devlet Hastanesine kald\u0131r\u0131larak tedavi alt\u0131na al\u0131nd\u0131. Kaynak: www.kanalv.com.tr Haber Sitesinden Al\u0131nm\u0131\u015ft\u0131r."}

Av. Deniz Can Kızıl

Otomobille motosiklet çarpıştı

<blockquote class="wp-embedded-content" data-secret="QYJRYiufS6"><a href="https://denizcankizil.tr/ru/haberler/antalya/otomobille-motosiklet-carpisti/">Otomobille motosiklet çarpıştı</a></blockquote><iframe sandbox="allow-scripts" security="restricted" src="https://denizcankizil.tr/ru/haberler/antalya/otomobille-motosiklet-carpisti/embed/#?secret=QYJRYiufS6" width="600" height="338" title="«Otomobille motosiklet çarpıştı» &#8212; Av. Deniz Can Kızıl" data-secret="QYJRYiufS6" frameborder="0" marginwidth="0" marginheight="0" scrolling="no" class="wp-embedded-content"></iframe><script>
/*! This file is auto-generated */
!function(d,l){"use strict";l.querySelector&&d.addEventListener&&"undefined"!=typeof URL&&(d.wp=d.wp||{},d.wp.receiveEmbedMessage||(d.wp.receiveEmbedMessage=function(e){var t=e.data;if((t||t.secret||t.message||t.value)&&!/[^a-zA-Z0-9]/.test(t.secret)){for(var s,r,n,a=l.querySelectorAll('iframe[data-secret="'+t.secret+'"]'),o=l.querySelectorAll('blockquote[data-secret="'+t.secret+'"]'),c=new RegExp("^https?:$","i"),i=0;i<o.length;i++)o[i].style.display="none";for(i=0;i<a.length;i++)s=a[i],e.source===s.contentWindow&&(s.removeAttribute("style"),"height"===t.message?(1e3<(r=parseInt(t.value,10))?r=1e3:~~r<200&&(r=200),s.height=r):"link"===t.message&&(r=new URL(s.getAttribute("src")),n=new URL(t.value),c.test(n.protocol))&&n.host===r.host&&l.activeElement===s&&(d.top.location.href=t.value))}},d.addEventListener("message",d.wp.receiveEmbedMessage,!1),l.addEventListener("DOMContentLoaded",function(){for(var e,t,s=l.querySelectorAll("iframe.wp-embedded-content"),r=0;r<s.length;r++)(t=(e=s[r]).getAttribute("data-secret"))||(t=Math.random().toString(36).substring(2,12),e.src+="#?secret="+t,e.setAttribute("data-secret",t)),e.contentWindow.postMessage({message:"ready",secret:t},"*")},!1)))}(window,document);
//# sourceURL=https://denizcankizil.tr/wp-includes/js/wp-embed.min.js
</script>

Kaza, saat 14.40 sıralarında Pazarcı Mahallesi Balkan Caddesi üzerinde meydana geldi. Edinilen bilgiye göre, cadde üzerinde seyir halinde olan A.G. idaresindeki 07 UB 763 plakalı otomobil, E.Y. idaresindeki 07 CBN 162 plakalı motosikletle 10013 ve 10016 sokakların kesiştiği noktada çarpıştı. Çarpışmanın etkisiyle devrilen motosikletten parke zemine düşen motosiklet sürücüsü E.Y. yaralandı. Kazayı görenlerin 112 Acil Çağrı Merkezine haber vermesi üzerine olay yerine polis ve sağlık ekipleri sevk edildi. İlk müdahalesi kaza yerinde yapılan yaralı, ambulansla Gazipaşa Devlet Hastanesine kaldırılarak tedavi altına alındı. Kaynak: www.kanalv.com.tr Haber Sitesinden Alınmıştır.
