{"version":"1.0","provider_name":"Av. Deniz Can K\u0131z\u0131l","provider_url":"https:\/\/denizcankizil.tr\/ru","author_name":"Av. Deniz Can K\u0131z\u0131l","author_url":"https:\/\/denizcankizil.tr\/ru\/author\/denizcankizil\/","title":"\u0130n\u015faat\u0131n 7'nci kat\u0131ndan d\u00fc\u015ferek hayat\u0131n\u0131 kaybetti","type":"rich","width":600,"height":338,"html":"<blockquote class=\"wp-embedded-content\" data-secret=\"6UHH7qHUZu\"><a href=\"https:\/\/denizcankizil.tr\/ru\/haberler\/antalya\/insaatin-7nci-katindan-duserek-hayatini-kaybetti\/\">\u0130n\u015faat\u0131n 7&#8217;nci kat\u0131ndan d\u00fc\u015ferek hayat\u0131n\u0131 kaybetti<\/a><\/blockquote><iframe sandbox=\"allow-scripts\" security=\"restricted\" src=\"https:\/\/denizcankizil.tr\/ru\/haberler\/antalya\/insaatin-7nci-katindan-duserek-hayatini-kaybetti\/embed\/#?secret=6UHH7qHUZu\" width=\"600\" height=\"338\" title=\"\u00ab\u0130n\u015faat\u0131n 7&#8217;nci kat\u0131ndan d\u00fc\u015ferek hayat\u0131n\u0131 kaybetti\u00bb &#8212; Av. Deniz Can K\u0131z\u0131l\" data-secret=\"6UHH7qHUZu\" frameborder=\"0\" marginwidth=\"0\" marginheight=\"0\" scrolling=\"no\" class=\"wp-embedded-content\"><\/iframe><script>\n\/*! This file is auto-generated *\/\n!function(d,l){\"use strict\";l.querySelector&&d.addEventListener&&\"undefined\"!=typeof URL&&(d.wp=d.wp||{},d.wp.receiveEmbedMessage||(d.wp.receiveEmbedMessage=function(e){var t=e.data;if((t||t.secret||t.message||t.value)&&!\/[^a-zA-Z0-9]\/.test(t.secret)){for(var s,r,n,a=l.querySelectorAll('iframe[data-secret=\"'+t.secret+'\"]'),o=l.querySelectorAll('blockquote[data-secret=\"'+t.secret+'\"]'),c=new RegExp(\"^https?:$\",\"i\"),i=0;i<o.length;i++)o[i].style.display=\"none\";for(i=0;i<a.length;i++)s=a[i],e.source===s.contentWindow&&(s.removeAttribute(\"style\"),\"height\"===t.message?(1e3<(r=parseInt(t.value,10))?r=1e3:~~r<200&&(r=200),s.height=r):\"link\"===t.message&&(r=new URL(s.getAttribute(\"src\")),n=new URL(t.value),c.test(n.protocol))&&n.host===r.host&&l.activeElement===s&&(d.top.location.href=t.value))}},d.addEventListener(\"message\",d.wp.receiveEmbedMessage,!1),l.addEventListener(\"DOMContentLoaded\",function(){for(var e,t,s=l.querySelectorAll(\"iframe.wp-embedded-content\"),r=0;r<s.length;r++)(t=(e=s[r]).getAttribute(\"data-secret\"))||(t=Math.random().toString(36).substring(2,12),e.src+=\"#?secret=\"+t,e.setAttribute(\"data-secret\",t)),e.contentWindow.postMessage({message:\"ready\",secret:t},\"*\")},!1)))}(window,document);\n\/\/# sourceURL=https:\/\/denizcankizil.tr\/wp-includes\/js\/wp-embed.min.js\n<\/script>","thumbnail_url":"https:\/\/denizcankizil.tr\/wp-content\/uploads\/2025\/02\/5220-01-No5Hnt.jpeg","thumbnail_width":1280,"thumbnail_height":720,"description":"Olay, Muratpa\u015fa il\u00e7esi Varl\u0131k Mahallesi 183 Sokak&#8217;ta yer alan 8 katl\u0131 in\u015faatta meydana geldi. 2 o\u011fluyla beraber mermer i\u015fi alan Ali \u015eir Erg\u00fc\u015f, kontrol ama\u00e7l\u0131 in\u015faata geldi. Burada bir s\u00fcre mermer yapacaklar\u0131 yeri kontrol eden Erg\u00fc\u015f, saat 15.00 s\u0131ralar\u0131nda 7&#8217;nci kattan merdiven bo\u015flu\u011funa d\u00fc\u015ft\u00fc. Sesi duyan i\u015f\u00e7iler, a\u015fa\u011f\u0131ya inerek kontrol ettiklerinde, Erg\u00fc\u015f&#8217;\u00fc kan i\u00e7inde g\u00f6rd\u00fc. \u0130n\u015faat \u00e7al\u0131\u015fanlar\u0131n\u0131n ihbar\u0131yla adrese ekipler sevk edildi. K\u0131sa s\u00fcrede olay yerine ula\u015fan sa\u011fl\u0131k ekipleri, Ali \u015eir Erg\u00fc\u015f&#8217;\u00fcn hayat\u0131n\u0131 kaybetti\u011fini belirledi. Durumu haber al\u0131p in\u015faata gelen Erg\u00fc\u015f&#8217;\u00fcn o\u011fullar\u0131, b\u00fcy\u00fck \u00fcz\u00fcnt\u00fc ya\u015fad\u0131. Erg\u00fc\u015f&#8217;\u00fcn cans\u0131z bedeni savc\u0131 ve olay yeri inceleme ekiplerinin \u00e7al\u0131\u015fmas\u0131n\u0131n ard\u0131ndan otopsi yap\u0131lmak \u00fczere Antalya Adli T\u0131p Kurumu morguna kald\u0131r\u0131ld\u0131. Ekiplerin incelemesi s\u00fcr\u00fcyor. Kaynak: www.kanalv.com.tr Haber Sitesinden Al\u0131nm\u0131\u015ft\u0131r."}

Av. Deniz Can Kızıl

İnşaatın 7'nci katından düşerek hayatını kaybetti

<blockquote class="wp-embedded-content" data-secret="6UHH7qHUZu"><a href="https://denizcankizil.tr/ru/haberler/antalya/insaatin-7nci-katindan-duserek-hayatini-kaybetti/">İnşaatın 7&#8217;nci katından düşerek hayatını kaybetti</a></blockquote><iframe sandbox="allow-scripts" security="restricted" src="https://denizcankizil.tr/ru/haberler/antalya/insaatin-7nci-katindan-duserek-hayatini-kaybetti/embed/#?secret=6UHH7qHUZu" width="600" height="338" title="«İnşaatın 7&#8217;nci katından düşerek hayatını kaybetti» &#8212; Av. Deniz Can Kızıl" data-secret="6UHH7qHUZu" frameborder="0" marginwidth="0" marginheight="0" scrolling="no" class="wp-embedded-content"></iframe><script>
/*! This file is auto-generated */
!function(d,l){"use strict";l.querySelector&&d.addEventListener&&"undefined"!=typeof URL&&(d.wp=d.wp||{},d.wp.receiveEmbedMessage||(d.wp.receiveEmbedMessage=function(e){var t=e.data;if((t||t.secret||t.message||t.value)&&!/[^a-zA-Z0-9]/.test(t.secret)){for(var s,r,n,a=l.querySelectorAll('iframe[data-secret="'+t.secret+'"]'),o=l.querySelectorAll('blockquote[data-secret="'+t.secret+'"]'),c=new RegExp("^https?:$","i"),i=0;i<o.length;i++)o[i].style.display="none";for(i=0;i<a.length;i++)s=a[i],e.source===s.contentWindow&&(s.removeAttribute("style"),"height"===t.message?(1e3<(r=parseInt(t.value,10))?r=1e3:~~r<200&&(r=200),s.height=r):"link"===t.message&&(r=new URL(s.getAttribute("src")),n=new URL(t.value),c.test(n.protocol))&&n.host===r.host&&l.activeElement===s&&(d.top.location.href=t.value))}},d.addEventListener("message",d.wp.receiveEmbedMessage,!1),l.addEventListener("DOMContentLoaded",function(){for(var e,t,s=l.querySelectorAll("iframe.wp-embedded-content"),r=0;r<s.length;r++)(t=(e=s[r]).getAttribute("data-secret"))||(t=Math.random().toString(36).substring(2,12),e.src+="#?secret="+t,e.setAttribute("data-secret",t)),e.contentWindow.postMessage({message:"ready",secret:t},"*")},!1)))}(window,document);
//# sourceURL=https://denizcankizil.tr/wp-includes/js/wp-embed.min.js
</script>

Olay, Muratpaşa ilçesi Varlık Mahallesi 183 Sokak&#8217;ta yer alan 8 katlı inşaatta meydana geldi. 2 oğluyla beraber mermer işi alan Ali Şir Ergüş, kontrol amaçlı inşaata geldi. Burada bir süre mermer yapacakları yeri kontrol eden Ergüş, saat 15.00 sıralarında 7&#8217;nci kattan merdiven boşluğuna düştü. Sesi duyan işçiler, aşağıya inerek kontrol ettiklerinde, Ergüş&#8217;ü kan içinde gördü. İnşaat çalışanlarının ihbarıyla adrese ekipler sevk edildi. Kısa sürede olay yerine ulaşan sağlık ekipleri, Ali Şir Ergüş&#8217;ün hayatını kaybettiğini belirledi. Durumu haber alıp inşaata gelen Ergüş&#8217;ün oğulları, büyük üzüntü yaşadı. Ergüş&#8217;ün cansız bedeni savcı ve olay yeri inceleme ekiplerinin çalışmasının ardından otopsi yapılmak üzere Antalya Adli Tıp Kurumu morguna kaldırıldı. Ekiplerin incelemesi sürüyor. Kaynak: www.kanalv.com.tr Haber Sitesinden Alınmıştır.
