{"version":"1.0","provider_name":"Av. Deniz Can K\u0131z\u0131l","provider_url":"https:\/\/denizcankizil.tr\/en","author_name":"Antalya K\u00f6rfez","author_url":"https:\/\/denizcankizil.tr\/en\/author\/www-antalyakorfez-com\/","title":"\u00d6zg\u00fcr \u00d6zel'den boykot mesaj\u0131: \"Milletin g\u00fcc\u00fcn\u00fc g\u00f6sterdik\"","type":"rich","width":600,"height":338,"html":"<blockquote class=\"wp-embedded-content\" data-secret=\"BxcyRvzziG\"><a href=\"https:\/\/denizcankizil.tr\/en\/haberler\/gundem\/ozgur-ozelden-boykot-mesaji-milletin-gucunu-gosterdik\/\">\u00d6zg\u00fcr \u00d6zel&#8217;den boykot mesaj\u0131: &#8220;Milletin g\u00fcc\u00fcn\u00fc g\u00f6sterdik&#8221;<\/a><\/blockquote><iframe sandbox=\"allow-scripts\" security=\"restricted\" src=\"https:\/\/denizcankizil.tr\/en\/haberler\/gundem\/ozgur-ozelden-boykot-mesaji-milletin-gucunu-gosterdik\/embed\/#?secret=BxcyRvzziG\" width=\"600\" height=\"338\" title=\"&#8220;\u00d6zg\u00fcr \u00d6zel&#8217;den boykot mesaj\u0131: &#8220;Milletin g\u00fcc\u00fcn\u00fc g\u00f6sterdik&#8221;&#8221; &#8212; Av. Deniz Can K\u0131z\u0131l\" data-secret=\"BxcyRvzziG\" frameborder=\"0\" marginwidth=\"0\" marginheight=\"0\" scrolling=\"no\" class=\"wp-embedded-content\"><\/iframe><script>\n\/*! This file is auto-generated *\/\n!function(d,l){\"use strict\";l.querySelector&&d.addEventListener&&\"undefined\"!=typeof URL&&(d.wp=d.wp||{},d.wp.receiveEmbedMessage||(d.wp.receiveEmbedMessage=function(e){var t=e.data;if((t||t.secret||t.message||t.value)&&!\/[^a-zA-Z0-9]\/.test(t.secret)){for(var s,r,n,a=l.querySelectorAll('iframe[data-secret=\"'+t.secret+'\"]'),o=l.querySelectorAll('blockquote[data-secret=\"'+t.secret+'\"]'),c=new RegExp(\"^https?:$\",\"i\"),i=0;i<o.length;i++)o[i].style.display=\"none\";for(i=0;i<a.length;i++)s=a[i],e.source===s.contentWindow&&(s.removeAttribute(\"style\"),\"height\"===t.message?(1e3<(r=parseInt(t.value,10))?r=1e3:~~r<200&&(r=200),s.height=r):\"link\"===t.message&&(r=new URL(s.getAttribute(\"src\")),n=new URL(t.value),c.test(n.protocol))&&n.host===r.host&&l.activeElement===s&&(d.top.location.href=t.value))}},d.addEventListener(\"message\",d.wp.receiveEmbedMessage,!1),l.addEventListener(\"DOMContentLoaded\",function(){for(var e,t,s=l.querySelectorAll(\"iframe.wp-embedded-content\"),r=0;r<s.length;r++)(t=(e=s[r]).getAttribute(\"data-secret\"))||(t=Math.random().toString(36).substring(2,12),e.src+=\"#?secret=\"+t,e.setAttribute(\"data-secret\",t)),e.contentWindow.postMessage({message:\"ready\",secret:t},\"*\")},!1)))}(window,document);\n\/\/# sourceURL=https:\/\/denizcankizil.tr\/wp-includes\/js\/wp-embed.min.js\n<\/script>","description":"CHP Genel Ba\u015fkan\u0131 \u00d6zg\u00fcr \u00d6zel, gen\u00e7lerin \u00e7a\u011fr\u0131s\u0131yla ger\u00e7ekle\u015fen t\u00fcketim boykotuna ili\u015fkin a\u00e7\u0131klamalarda bulundu. Boykota destek veren vatanda\u015flara te\u015fekk\u00fcr eden \u00d6zel, &#8220;Bug\u00fcn bir avu\u00e7 cuntac\u0131ya kar\u015f\u0131 milletin g\u00fcc\u00fcn\u00fc g\u00f6sterdik&#8221; dedi. &#8220;YILLARDIR SOKA\u011eA \u00c7IKMAYANLAR, YOKSUL HALKIN HAL\u0130N\u0130 G\u00d6RMEK ZORUNDA KALDI&#8221; \u00d6zel, boykotun geni\u015f yank\u0131 uyand\u0131rd\u0131\u011f\u0131n\u0131 belirtti. Ayr\u0131ca, g\u00fcn boyu sosyal medya \u00fczerinde payla\u015f\u0131m yaparak al\u0131\u015fveri\u015f yapt\u0131klar\u0131n\u0131 duyuran bakanlara ithafen \u00d6zel, &#8220;Kar\u015f\u0131m\u0131zdaki cunta ittifak\u0131n\u0131n panik i\u00e7inde ne hale d\u00fc\u015ft\u00fc\u011f\u00fcn\u00fc hep beraber g\u00f6rd\u00fck. Y\u0131llard\u0131r soka\u011fa \u00e7\u0131kmayanlar tela\u015fla soka\u011fa \u00e7\u0131k\u0131p yoksul milletin halini g\u00f6rmek zorunda kald\u0131lar&#8221; ifadelerini kulland\u0131.\u00a0 HER HAFTA \u00c7AR\u015eAMBA G\u00dcN\u00dc &#8216;BOYKOT&#8217; DEVAM EDECEK 2 Nisan t\u00fcketim boykotunun ard\u0131ndan baz\u0131 \u00f6\u011frenciler sosyal medya hesaplar\u0131 \u00fczerinden her hafta \u00e7ar\u015famba g\u00fcn\u00fc &#8216;tam boykot&#8217; yapacaklar\u0131n\u0131 di\u011fer g\u00fcnlerde de\u00a0sadece &#8216;zaruri ihtiya\u00e7lar\u0131n\u0131&#8217; alacaklar\u0131n\u0131 belirtti. Bu s\u00f6zlerin \u00fczerine boykotun devam edece\u011fini ifade etti\u011fi d\u00fc\u015f\u00fcn\u00fclen \u00d6zel,\u00a0&#8220;Boykot demokratik hakt\u0131r, Ramazan g\u00fcn\u00fcnde kul hakk\u0131 yiyenlerin zulm\u00fcne kar\u015f\u0131 bu eylem devam edecek&#8221; dedi. BOYKOT S\u0130TES\u0130 YEN\u0130DEN AKT\u0130F \u00d6zel, boykot \u00e7a\u011fr\u0131s\u0131 ba\u015flad\u0131\u011f\u0131ndan beri iki kere sitelerinin kapat\u0131ld\u0131\u011f\u0131n\u0131 s\u00f6yleyerek, yeni internet sitesinin linkini payla\u015ft\u0131. \u00d6zel, &#8220;Daha \u00f6nce http:\/\/boykotyap.com ve http:\/\/boykotyap.net\u00a0 sitelerimize hukuksuz kararlarla eri\u015fim engeli getirdiler.\u00a0\u015eimdi http:\/\/boykotyap.org\u00a0sitesiyle yay\u0131nday\u0131z&#8221; ifadelerini kulland\u0131. &#8220;HERKES\u0130 BU MARKALARI BOYKOT ETMEYE DAVET ED\u0130YORUM&#8221; \u0130nternet sitesinde bulunan markalar\u0131 boykot etmeye davet eden \u00d6zel, &#8220;Herkesi bu listedeki markalar\u0131 boykot etmeye davet ediyorum. Sosyal medyada &hellip;"}

Av. Deniz Can Kızıl

Antalya Körfez

Özgür Özel'den boykot mesajı: "Milletin gücünü gösterdik"

<blockquote class="wp-embedded-content" data-secret="BxcyRvzziG"><a href="https://denizcankizil.tr/en/haberler/gundem/ozgur-ozelden-boykot-mesaji-milletin-gucunu-gosterdik/">Özgür Özel&#8217;den boykot mesajı: &#8220;Milletin gücünü gösterdik&#8221;</a></blockquote><iframe sandbox="allow-scripts" security="restricted" src="https://denizcankizil.tr/en/haberler/gundem/ozgur-ozelden-boykot-mesaji-milletin-gucunu-gosterdik/embed/#?secret=BxcyRvzziG" width="600" height="338" title="&#8220;Özgür Özel&#8217;den boykot mesajı: &#8220;Milletin gücünü gösterdik&#8221;&#8221; &#8212; Av. Deniz Can Kızıl" data-secret="BxcyRvzziG" frameborder="0" marginwidth="0" marginheight="0" scrolling="no" class="wp-embedded-content"></iframe><script>
/*! This file is auto-generated */
!function(d,l){"use strict";l.querySelector&&d.addEventListener&&"undefined"!=typeof URL&&(d.wp=d.wp||{},d.wp.receiveEmbedMessage||(d.wp.receiveEmbedMessage=function(e){var t=e.data;if((t||t.secret||t.message||t.value)&&!/[^a-zA-Z0-9]/.test(t.secret)){for(var s,r,n,a=l.querySelectorAll('iframe[data-secret="'+t.secret+'"]'),o=l.querySelectorAll('blockquote[data-secret="'+t.secret+'"]'),c=new RegExp("^https?:$","i"),i=0;i<o.length;i++)o[i].style.display="none";for(i=0;i<a.length;i++)s=a[i],e.source===s.contentWindow&&(s.removeAttribute("style"),"height"===t.message?(1e3<(r=parseInt(t.value,10))?r=1e3:~~r<200&&(r=200),s.height=r):"link"===t.message&&(r=new URL(s.getAttribute("src")),n=new URL(t.value),c.test(n.protocol))&&n.host===r.host&&l.activeElement===s&&(d.top.location.href=t.value))}},d.addEventListener("message",d.wp.receiveEmbedMessage,!1),l.addEventListener("DOMContentLoaded",function(){for(var e,t,s=l.querySelectorAll("iframe.wp-embedded-content"),r=0;r<s.length;r++)(t=(e=s[r]).getAttribute("data-secret"))||(t=Math.random().toString(36).substring(2,12),e.src+="#?secret="+t,e.setAttribute("data-secret",t)),e.contentWindow.postMessage({message:"ready",secret:t},"*")},!1)))}(window,document);
//# sourceURL=https://denizcankizil.tr/wp-includes/js/wp-embed.min.js
</script>

CHP Genel Başkanı Özgür Özel, gençlerin çağrısıyla gerçekleşen tüketim boykotuna ilişkin açıklamalarda bulundu. Boykota destek veren vatandaşlara teşekkür eden Özel, &#8220;Bugün bir avuç cuntacıya karşı milletin gücünü gösterdik&#8221; dedi. &#8220;YILLARDIR SOKAĞA ÇIKMAYANLAR, YOKSUL HALKIN HALİNİ GÖRMEK ZORUNDA KALDI&#8221; Özel, boykotun geniş yankı uyandırdığını belirtti. Ayrıca, gün boyu sosyal medya üzerinde paylaşım yaparak alışveriş yaptıklarını duyuran bakanlara ithafen Özel, &#8220;Karşımızdaki cunta ittifakının panik içinde ne hale düştüğünü hep beraber gördük. Yıllardır sokağa çıkmayanlar telaşla sokağa çıkıp yoksul milletin halini görmek zorunda kaldılar&#8221; ifadelerini kullandı.  HER HAFTA ÇARŞAMBA GÜNÜ &#8216;BOYKOT&#8217; DEVAM EDECEK 2 Nisan tüketim boykotunun ardından bazı öğrenciler sosyal medya hesapları üzerinden her hafta çarşamba günü &#8216;tam boykot&#8217; yapacaklarını diğer günlerde de sadece &#8216;zaruri ihtiyaçlarını&#8217; alacaklarını belirtti. Bu sözlerin üzerine boykotun devam edeceğini ifade ettiği düşünülen Özel, &#8220;Boykot demokratik haktır, Ramazan gününde kul hakkı yiyenlerin zulmüne karşı bu eylem devam edecek&#8221; dedi. BOYKOT SİTESİ YENİDEN AKTİF Özel, boykot çağrısı başladığından beri iki kere sitelerinin kapatıldığını söyleyerek, yeni internet sitesinin linkini paylaştı. Özel, &#8220;Daha önce http://boykotyap.com ve http://boykotyap.net  sitelerimize hukuksuz kararlarla erişim engeli getirdiler. Şimdi http://boykotyap.org sitesiyle yayındayız&#8221; ifadelerini kullandı. &#8220;HERKESİ BU MARKALARI BOYKOT ETMEYE DAVET EDİYORUM&#8221; İnternet sitesinde bulunan markaları boykot etmeye davet eden Özel, &#8220;Herkesi bu listedeki markaları boykot etmeye davet ediyorum. Sosyal medyada &hellip;
