{"version":"1.0","provider_name":"Av. Deniz Can K\u0131z\u0131l","provider_url":"https:\/\/denizcankizil.tr\/en","author_name":"admin","author_url":"https:\/\/denizcankizil.tr\/en\/author\/admin\/","title":"\u0130mamo\u011flu'na re'sen soru\u015fturma!","type":"rich","width":600,"height":338,"html":"<blockquote class=\"wp-embedded-content\" data-secret=\"gqjYFPfVvt\"><a href=\"https:\/\/denizcankizil.tr\/en\/haberler\/gundem\/imamogluna-resen-sorusturma\/\">\u0130mamo\u011flu&#8217;na re&#8217;sen soru\u015fturma!<\/a><\/blockquote><iframe sandbox=\"allow-scripts\" security=\"restricted\" src=\"https:\/\/denizcankizil.tr\/en\/haberler\/gundem\/imamogluna-resen-sorusturma\/embed\/#?secret=gqjYFPfVvt\" width=\"600\" height=\"338\" title=\"&#8220;\u0130mamo\u011flu&#8217;na re&#8217;sen soru\u015fturma!&#8221; &#8212; Av. Deniz Can K\u0131z\u0131l\" data-secret=\"gqjYFPfVvt\" frameborder=\"0\" marginwidth=\"0\" marginheight=\"0\" scrolling=\"no\" class=\"wp-embedded-content\"><\/iframe><script>\n\/*! This file is auto-generated *\/\n!function(d,l){\"use strict\";l.querySelector&&d.addEventListener&&\"undefined\"!=typeof URL&&(d.wp=d.wp||{},d.wp.receiveEmbedMessage||(d.wp.receiveEmbedMessage=function(e){var t=e.data;if((t||t.secret||t.message||t.value)&&!\/[^a-zA-Z0-9]\/.test(t.secret)){for(var s,r,n,a=l.querySelectorAll('iframe[data-secret=\"'+t.secret+'\"]'),o=l.querySelectorAll('blockquote[data-secret=\"'+t.secret+'\"]'),c=new RegExp(\"^https?:$\",\"i\"),i=0;i<o.length;i++)o[i].style.display=\"none\";for(i=0;i<a.length;i++)s=a[i],e.source===s.contentWindow&&(s.removeAttribute(\"style\"),\"height\"===t.message?(1e3<(r=parseInt(t.value,10))?r=1e3:~~r<200&&(r=200),s.height=r):\"link\"===t.message&&(r=new URL(s.getAttribute(\"src\")),n=new URL(t.value),c.test(n.protocol))&&n.host===r.host&&l.activeElement===s&&(d.top.location.href=t.value))}},d.addEventListener(\"message\",d.wp.receiveEmbedMessage,!1),l.addEventListener(\"DOMContentLoaded\",function(){for(var e,t,s=l.querySelectorAll(\"iframe.wp-embedded-content\"),r=0;r<s.length;r++)(t=(e=s[r]).getAttribute(\"data-secret\"))||(t=Math.random().toString(36).substring(2,12),e.src+=\"#?secret=\"+t,e.setAttribute(\"data-secret\",t)),e.contentWindow.postMessage({message:\"ready\",secret:t},\"*\")},!1)))}(window,document);\n\/\/# sourceURL=https:\/\/denizcankizil.tr\/wp-includes\/js\/wp-embed.min.js\n<\/script>","description":"\u0130stanbul B\u00fcy\u00fck\u015fehir Belediye Ba\u015fkan\u0131 Ekrem \u0130mamo\u011flu&#8217;nun bug\u00fcn Sara\u00e7hane&#8217;de yapt\u0131\u011f\u0131 a\u00e7\u0131klamalar\u0131na y\u00f6nelik re&#8217;sen soru\u015fturma a\u00e7\u0131ld\u0131. \u0130mamo\u011flu, CHP&#8217;ye y\u00f6nelik operasyonlar ve kayy\u0131m atamalar\u0131 hakk\u0131nda d\u00fczenledi\u011fi bas\u0131n a\u00e7\u0131klamas\u0131nda &#8220;Turbun b\u00fcy\u00fc\u011f\u00fc bilirki\u015fi Sat\u0131lm\u0131\u015f B\u00fcy\u00fckcanayak\u0131n&#8221; dedi.\u0130STANBUL (\u0130GFA) &#8211; \u0130stanbul Cumhuriyet Ba\u015fsavc\u0131l\u0131\u011f\u0131, \u0130stanbul B\u00fcy\u00fck\u015fehir Belediye Ba\u015fkan\u0131 Ekrem \u0130mamo\u011flu hakk\u0131nda kamu davalar\u0131nda g\u00f6revli bilirki\u015fiyi jhedef g\u00f6sterdi\u011fi gerek\u00e7esiyle resen soru\u015fturma a\u00e7t\u0131. https:\/\/twitter.com\/ekrem_imamoglu\/status\/1883771976856326497 \u0130mamo\u011flu, bug\u00fcn Bolu&#8217;da ya\u015fanan 78 vatanda\u015f\u0131n hayat\u0131n\u0131 kaybetti\u011fi g\u00fcndeme y\u00f6nelik Sara\u00e7hane&#8217;de a\u00e7\u0131klamalarda bulunmu\u015ftu. \u201cYa\u015fanan hukuksuzluklara ili\u015fkin kamuoyunun ilk kez duyaca\u011f\u0131 \u00f6nemli ve \u00e7arp\u0131c\u0131 bilgileri payla\u015faca\u011f\u0131&#8221; ifadeleriyle duyurulan toplant\u0131, Sara\u00e7hane\u2019deki \u0130stanbul B\u00fcy\u00fck\u015fehir Belediyesi yerle\u015fkesinde d\u00fczenlenmi\u015fti. \u0130stanbul B\u00fcy\u00fck\u015fehir Belediye Ba\u015fkan\u0131 Ekrem \u0130mamo\u011flu, CHP&#8217;ye y\u00f6nelik operasyonlar ve kayy\u0131m atamalar\u0131 hakk\u0131nda d\u00fczenledi\u011fi bas\u0131n a\u00e7\u0131klamas\u0131nda &#8220;Turbun b\u00fcy\u00fc\u011f\u00fc bilirki\u015fi Sat\u0131lm\u0131\u015f B\u00fcy\u00fckcanayak\u0131n&#8221; dedi. \u00d6ZCAN&#8217;A, \u00d6ZDA\u011e&#8217;A DESTEK, DEM\u0130RTA\u015e&#8217;A SELAM! Bolu Belediye Ba\u015fkan\u0131 Tanju \u00d6zcan\u2019a destekledi\u011fini belirten Ba\u015fkan \u0130mamo\u011flu, Zafer Partisi Genel Ba\u015fkan\u0131 \u00dcmit \u00d6zda\u011f\u2019\u0131n tutuklanmas\u0131n\u0131 da ele\u015ftirirken, \u201cT\u00fcrkiye buna darbe d\u00f6nemlerinden al\u0131\u015f\u0131k. Say\u0131n Selahattin Demirta\u015f genel ba\u015fkanken tutukland\u0131. 7 y\u0131ld\u0131r cezaevinde. Darbeden 45 y\u0131l sonra \u00dcmit \u00d6zda\u011f yarg\u0131 eliyle tutukland\u0131. \u0130kisine de sevgilerimi, selamlar\u0131m\u0131 yolluyorum\u201d ifadelerini kulland\u0131. \u200b\u0130stanbul B\u00fcy\u00fck\u015fehir Belediye Ba\u015fkan\u0131 Ekrem \u0130mamo\u011flu&#8217;nun bug\u00fcn Sara\u00e7hane&#8217;de yapt\u0131\u011f\u0131 a\u00e7\u0131klamalar\u0131na y\u00f6nelik re&#8217;sen soru\u015fturma a\u00e7\u0131ld\u0131. \u0130mamo\u011flu, CHP&#8217;ye y\u00f6nelik operasyonlar ve kayy\u0131m atamalar\u0131 hakk\u0131nda d\u00fczenledi\u011fi bas\u0131n a\u00e7\u0131klamas\u0131nda &#8220;Turbun b\u00fcy\u00fc\u011f\u00fc bilirki\u015fi Sat\u0131lm\u0131\u015f B\u00fcy\u00fckcanayak\u0131n&#8221; dedi.\u0130STANBUL (\u0130GFA) &#8211; \u0130stanbul Cumhuriyet Ba\u015fsavc\u0131l\u0131\u011f\u0131, \u0130stanbul &hellip;"}

Av. Deniz Can Kızıl

İmamoğlu'na re'sen soruşturma!

<blockquote class="wp-embedded-content" data-secret="gqjYFPfVvt"><a href="https://denizcankizil.tr/en/haberler/gundem/imamogluna-resen-sorusturma/">İmamoğlu&#8217;na re&#8217;sen soruşturma!</a></blockquote><iframe sandbox="allow-scripts" security="restricted" src="https://denizcankizil.tr/en/haberler/gundem/imamogluna-resen-sorusturma/embed/#?secret=gqjYFPfVvt" width="600" height="338" title="&#8220;İmamoğlu&#8217;na re&#8217;sen soruşturma!&#8221; &#8212; Av. Deniz Can Kızıl" data-secret="gqjYFPfVvt" frameborder="0" marginwidth="0" marginheight="0" scrolling="no" class="wp-embedded-content"></iframe><script>
/*! This file is auto-generated */
!function(d,l){"use strict";l.querySelector&&d.addEventListener&&"undefined"!=typeof URL&&(d.wp=d.wp||{},d.wp.receiveEmbedMessage||(d.wp.receiveEmbedMessage=function(e){var t=e.data;if((t||t.secret||t.message||t.value)&&!/[^a-zA-Z0-9]/.test(t.secret)){for(var s,r,n,a=l.querySelectorAll('iframe[data-secret="'+t.secret+'"]'),o=l.querySelectorAll('blockquote[data-secret="'+t.secret+'"]'),c=new RegExp("^https?:$","i"),i=0;i<o.length;i++)o[i].style.display="none";for(i=0;i<a.length;i++)s=a[i],e.source===s.contentWindow&&(s.removeAttribute("style"),"height"===t.message?(1e3<(r=parseInt(t.value,10))?r=1e3:~~r<200&&(r=200),s.height=r):"link"===t.message&&(r=new URL(s.getAttribute("src")),n=new URL(t.value),c.test(n.protocol))&&n.host===r.host&&l.activeElement===s&&(d.top.location.href=t.value))}},d.addEventListener("message",d.wp.receiveEmbedMessage,!1),l.addEventListener("DOMContentLoaded",function(){for(var e,t,s=l.querySelectorAll("iframe.wp-embedded-content"),r=0;r<s.length;r++)(t=(e=s[r]).getAttribute("data-secret"))||(t=Math.random().toString(36).substring(2,12),e.src+="#?secret="+t,e.setAttribute("data-secret",t)),e.contentWindow.postMessage({message:"ready",secret:t},"*")},!1)))}(window,document);
//# sourceURL=https://denizcankizil.tr/wp-includes/js/wp-embed.min.js
</script>

İstanbul Büyükşehir Belediye Başkanı Ekrem İmamoğlu&#8217;nun bugün Saraçhane&#8217;de yaptığı açıklamalarına yönelik re&#8217;sen soruşturma açıldı. İmamoğlu, CHP&#8217;ye yönelik operasyonlar ve kayyım atamaları hakkında düzenlediği basın açıklamasında &#8220;Turbun büyüğü bilirkişi Satılmış Büyükcanayakın&#8221; dedi.İSTANBUL (İGFA) &#8211; İstanbul Cumhuriyet Başsavcılığı, İstanbul Büyükşehir Belediye Başkanı Ekrem İmamoğlu hakkında kamu davalarında görevli bilirkişiyi jhedef gösterdiği gerekçesiyle resen soruşturma açtı. https://twitter.com/ekrem_imamoglu/status/1883771976856326497 İmamoğlu, bugün Bolu&#8217;da yaşanan 78 vatandaşın hayatını kaybettiği gündeme yönelik Saraçhane&#8217;de açıklamalarda bulunmuştu. “Yaşanan hukuksuzluklara ilişkin kamuoyunun ilk kez duyacağı önemli ve çarpıcı bilgileri paylaşacağı&#8221; ifadeleriyle duyurulan toplantı, Saraçhane’deki İstanbul Büyükşehir Belediyesi yerleşkesinde düzenlenmişti. İstanbul Büyükşehir Belediye Başkanı Ekrem İmamoğlu, CHP&#8217;ye yönelik operasyonlar ve kayyım atamaları hakkında düzenlediği basın açıklamasında &#8220;Turbun büyüğü bilirkişi Satılmış Büyükcanayakın&#8221; dedi. ÖZCAN&#8217;A, ÖZDAĞ&#8217;A DESTEK, DEMİRTAŞ&#8217;A SELAM! Bolu Belediye Başkanı Tanju Özcan’a desteklediğini belirten Başkan İmamoğlu, Zafer Partisi Genel Başkanı Ümit Özdağ’ın tutuklanmasını da eleştirirken, “Türkiye buna darbe dönemlerinden alışık. Sayın Selahattin Demirtaş genel başkanken tutuklandı. 7 yıldır cezaevinde. Darbeden 45 yıl sonra Ümit Özdağ yargı eliyle tutuklandı. İkisine de sevgilerimi, selamlarımı yolluyorum” ifadelerini kullandı. ​İstanbul Büyükşehir Belediye Başkanı Ekrem İmamoğlu&#8217;nun bugün Saraçhane&#8217;de yaptığı açıklamalarına yönelik re&#8217;sen soruşturma açıldı. İmamoğlu, CHP&#8217;ye yönelik operasyonlar ve kayyım atamaları hakkında düzenlediği basın açıklamasında &#8220;Turbun büyüğü bilirkişi Satılmış Büyükcanayakın&#8221; dedi.İSTANBUL (İGFA) &#8211; İstanbul Cumhuriyet Başsavcılığı, İstanbul &hellip;
