{"version":"1.0","provider_name":"Av. Deniz Can K\u0131z\u0131l","provider_url":"https:\/\/denizcankizil.tr\/en","author_name":"Av. Deniz Can K\u0131z\u0131l","author_url":"https:\/\/denizcankizil.tr\/en\/author\/denizcankizil\/","title":"Alt\u0131n Kemer Yeniden Antalya\u2019ya Geliyor","type":"rich","width":600,"height":338,"html":"<blockquote class=\"wp-embedded-content\" data-secret=\"gkCUxhKPf1\"><a href=\"https:\/\/denizcankizil.tr\/en\/haberler\/antalya\/altin-kemer-yeniden-antalyaya-geliyor\/\">Alt\u0131n Kemer Yeniden Antalya\u2019ya Geliyor<\/a><\/blockquote><iframe sandbox=\"allow-scripts\" security=\"restricted\" src=\"https:\/\/denizcankizil.tr\/en\/haberler\/antalya\/altin-kemer-yeniden-antalyaya-geliyor\/embed\/#?secret=gkCUxhKPf1\" width=\"600\" height=\"338\" title=\"&#8220;Alt\u0131n Kemer Yeniden Antalya\u2019ya Geliyor&#8221; &#8212; Av. Deniz Can K\u0131z\u0131l\" data-secret=\"gkCUxhKPf1\" frameborder=\"0\" marginwidth=\"0\" marginheight=\"0\" scrolling=\"no\" class=\"wp-embedded-content\"><\/iframe><script>\n\/*! This file is auto-generated *\/\n!function(d,l){\"use strict\";l.querySelector&&d.addEventListener&&\"undefined\"!=typeof URL&&(d.wp=d.wp||{},d.wp.receiveEmbedMessage||(d.wp.receiveEmbedMessage=function(e){var t=e.data;if((t||t.secret||t.message||t.value)&&!\/[^a-zA-Z0-9]\/.test(t.secret)){for(var s,r,n,a=l.querySelectorAll('iframe[data-secret=\"'+t.secret+'\"]'),o=l.querySelectorAll('blockquote[data-secret=\"'+t.secret+'\"]'),c=new RegExp(\"^https?:$\",\"i\"),i=0;i<o.length;i++)o[i].style.display=\"none\";for(i=0;i<a.length;i++)s=a[i],e.source===s.contentWindow&&(s.removeAttribute(\"style\"),\"height\"===t.message?(1e3<(r=parseInt(t.value,10))?r=1e3:~~r<200&&(r=200),s.height=r):\"link\"===t.message&&(r=new URL(s.getAttribute(\"src\")),n=new URL(t.value),c.test(n.protocol))&&n.host===r.host&&l.activeElement===s&&(d.top.location.href=t.value))}},d.addEventListener(\"message\",d.wp.receiveEmbedMessage,!1),l.addEventListener(\"DOMContentLoaded\",function(){for(var e,t,s=l.querySelectorAll(\"iframe.wp-embedded-content\"),r=0;r<s.length;r++)(t=(e=s[r]).getAttribute(\"data-secret\"))||(t=Math.random().toString(36).substring(2,12),e.src+=\"#?secret=\"+t,e.setAttribute(\"data-secret\",t)),e.contentWindow.postMessage({message:\"ready\",secret:t},\"*\")},!1)))}(window,document);\n\/\/# sourceURL=https:\/\/denizcankizil.tr\/wp-includes\/js\/wp-embed.min.js\n<\/script>","description":"Tarihi K\u0131rkp\u0131nar Ya\u011fl\u0131 G\u00fcre\u015fleri&#8217;nin 664&#8217;\u00fcnc\u00fc y\u0131l\u0131nda ba\u015fpehlivan unvan\u0131n\u0131 kazanan &#8220;Pa\u015fan\u0131n Aslan\u0131&#8221; Orhan Okulu, yar\u0131n saat 10.00&#8217;da memleketi Antalya&#8217;da d\u00fczenlenecek t\u00f6renle kar\u015f\u0131lanacak. Bu y\u0131l 664&#8217;\u00fcnc\u00fcs\u00fc d\u00fczenlenen Tarihi K\u0131rkp\u0131nar Ya\u011fl\u0131 G\u00fcre\u015fleri&#8217;nde Muratpa\u015fa Belediyespor ad\u0131na g\u00fcre\u015fen 36 ya\u015f\u0131ndaki Orhan Okulu, alt\u0131n kemerin sahibi oldu. Ba\u015fpehlivan, bug\u00fcne kadar 6 kez final g\u00f6rd\u00fc\u011f\u00fc K\u0131rkp\u0131nar&#8217;da 2015 ve 2018&#8217;in ard\u0131ndan \u00fc\u00e7\u00fcnc\u00fc kez zirveye ad\u0131n\u0131 yazd\u0131rd\u0131. Bu y\u0131lki g\u00fcre\u015flerde s\u0131ras\u0131yla Se\u00e7kin Duman, Cengizhan \u015eim\u015fek, Erkan Ta\u015f ve Enes Do\u011fan&#8217;\u0131 ma\u011flup eden Okulu, finalde Feyzullah Akt\u00fcrk&#8217;\u00fc yenerek alt\u0131n kemere uzand\u0131. Orhan Okulu i\u00e7in memleketi Antalya&#8217;da kar\u015f\u0131lama t\u00f6reni, saat 10.00&#8217;da D\u00f6\u015femealt\u0131 TOK\u0130 Konutlar\u0131 \u00f6n\u00fcnde ba\u015flayacak. Program, saat 11.30&#8217;da Muratpa\u015fa Belediyesi&#8217;ndeki t\u00f6renle devam edecek. Muratpa\u015fa Belediye Ba\u015fkan\u0131 \u00dcmit Uysal, sosyal medya hesab\u0131ndan yapt\u0131\u011f\u0131 payla\u015f\u0131mda &#8220;karde\u015fim&#8221; diye seslendi\u011fi Orhan Okulu&#8217;ya te\u015fekk\u00fcr ederek, &#8220;664. K\u0131rkp\u0131nar Ya\u011fl\u0131 G\u00fcre\u015fleri&#8217;nde kazand\u0131\u011f\u0131n birincilikle, bu ola\u011fan d\u0131\u015f\u0131 g\u00fcnlerde hepimize b\u00fcy\u00fck bir moral verdin. Atat\u00fcrk&#8217;\u00fcn izinden y\u00fcr\u00fcyen, \u2018zeki, \u00e7evik ve ahlakl\u0131&#8217; bir sporcu duru\u015fuyla \u015fehrimizi ve belediyemizi en g\u00fczel \u015fekilde temsil ettin&#8221; ifadelerini kulland\u0131. Kaynak: www.kanalv.com.tr Haber Sitesinden Al\u0131nm\u0131\u015ft\u0131r."}

Av. Deniz Can Kızıl

Altın Kemer Yeniden Antalya’ya Geliyor

<blockquote class="wp-embedded-content" data-secret="gkCUxhKPf1"><a href="https://denizcankizil.tr/en/haberler/antalya/altin-kemer-yeniden-antalyaya-geliyor/">Altın Kemer Yeniden Antalya’ya Geliyor</a></blockquote><iframe sandbox="allow-scripts" security="restricted" src="https://denizcankizil.tr/en/haberler/antalya/altin-kemer-yeniden-antalyaya-geliyor/embed/#?secret=gkCUxhKPf1" width="600" height="338" title="&#8220;Altın Kemer Yeniden Antalya’ya Geliyor&#8221; &#8212; Av. Deniz Can Kızıl" data-secret="gkCUxhKPf1" frameborder="0" marginwidth="0" marginheight="0" scrolling="no" class="wp-embedded-content"></iframe><script>
/*! This file is auto-generated */
!function(d,l){"use strict";l.querySelector&&d.addEventListener&&"undefined"!=typeof URL&&(d.wp=d.wp||{},d.wp.receiveEmbedMessage||(d.wp.receiveEmbedMessage=function(e){var t=e.data;if((t||t.secret||t.message||t.value)&&!/[^a-zA-Z0-9]/.test(t.secret)){for(var s,r,n,a=l.querySelectorAll('iframe[data-secret="'+t.secret+'"]'),o=l.querySelectorAll('blockquote[data-secret="'+t.secret+'"]'),c=new RegExp("^https?:$","i"),i=0;i<o.length;i++)o[i].style.display="none";for(i=0;i<a.length;i++)s=a[i],e.source===s.contentWindow&&(s.removeAttribute("style"),"height"===t.message?(1e3<(r=parseInt(t.value,10))?r=1e3:~~r<200&&(r=200),s.height=r):"link"===t.message&&(r=new URL(s.getAttribute("src")),n=new URL(t.value),c.test(n.protocol))&&n.host===r.host&&l.activeElement===s&&(d.top.location.href=t.value))}},d.addEventListener("message",d.wp.receiveEmbedMessage,!1),l.addEventListener("DOMContentLoaded",function(){for(var e,t,s=l.querySelectorAll("iframe.wp-embedded-content"),r=0;r<s.length;r++)(t=(e=s[r]).getAttribute("data-secret"))||(t=Math.random().toString(36).substring(2,12),e.src+="#?secret="+t,e.setAttribute("data-secret",t)),e.contentWindow.postMessage({message:"ready",secret:t},"*")},!1)))}(window,document);
//# sourceURL=https://denizcankizil.tr/wp-includes/js/wp-embed.min.js
</script>

Tarihi Kırkpınar Yağlı Güreşleri&#8217;nin 664&#8217;üncü yılında başpehlivan unvanını kazanan &#8220;Paşanın Aslanı&#8221; Orhan Okulu, yarın saat 10.00&#8217;da memleketi Antalya&#8217;da düzenlenecek törenle karşılanacak. Bu yıl 664&#8217;üncüsü düzenlenen Tarihi Kırkpınar Yağlı Güreşleri&#8217;nde Muratpaşa Belediyespor adına güreşen 36 yaşındaki Orhan Okulu, altın kemerin sahibi oldu. Başpehlivan, bugüne kadar 6 kez final gördüğü Kırkpınar&#8217;da 2015 ve 2018&#8217;in ardından üçüncü kez zirveye adını yazdırdı. Bu yılki güreşlerde sırasıyla Seçkin Duman, Cengizhan Şimşek, Erkan Taş ve Enes Doğan&#8217;ı mağlup eden Okulu, finalde Feyzullah Aktürk&#8217;ü yenerek altın kemere uzandı. Orhan Okulu için memleketi Antalya&#8217;da karşılama töreni, saat 10.00&#8217;da Döşemealtı TOKİ Konutları önünde başlayacak. Program, saat 11.30&#8217;da Muratpaşa Belediyesi&#8217;ndeki törenle devam edecek. Muratpaşa Belediye Başkanı Ümit Uysal, sosyal medya hesabından yaptığı paylaşımda &#8220;kardeşim&#8221; diye seslendiği Orhan Okulu&#8217;ya teşekkür ederek, &#8220;664. Kırkpınar Yağlı Güreşleri&#8217;nde kazandığın birincilikle, bu olağan dışı günlerde hepimize büyük bir moral verdin. Atatürk&#8217;ün izinden yürüyen, ‘zeki, çevik ve ahlaklı&#8217; bir sporcu duruşuyla şehrimizi ve belediyemizi en güzel şekilde temsil ettin&#8221; ifadelerini kullandı. Kaynak: www.kanalv.com.tr Haber Sitesinden Alınmıştır.
