{"version":"1.0","provider_name":"Av. Deniz Can K\u0131z\u0131l","provider_url":"https:\/\/denizcankizil.tr\/en","author_name":"Av. Deniz Can K\u0131z\u0131l","author_url":"https:\/\/denizcankizil.tr\/en\/author\/denizcankizil\/","title":"Alper Gezeravc\u0131 Antalya'da gen\u00e7lerle bulu\u015ftu","type":"rich","width":600,"height":338,"html":"<blockquote class=\"wp-embedded-content\" data-secret=\"HW2B4u6aew\"><a href=\"https:\/\/denizcankizil.tr\/en\/haberler\/antalya\/alper-gezeravci-antalyada-genclerle-bulustu\/\">Alper Gezeravc\u0131 Antalya&#8217;da gen\u00e7lerle bulu\u015ftu<\/a><\/blockquote><iframe sandbox=\"allow-scripts\" security=\"restricted\" src=\"https:\/\/denizcankizil.tr\/en\/haberler\/antalya\/alper-gezeravci-antalyada-genclerle-bulustu\/embed\/#?secret=HW2B4u6aew\" width=\"600\" height=\"338\" title=\"&#8220;Alper Gezeravc\u0131 Antalya&#8217;da gen\u00e7lerle bulu\u015ftu&#8221; &#8212; Av. Deniz Can K\u0131z\u0131l\" data-secret=\"HW2B4u6aew\" frameborder=\"0\" marginwidth=\"0\" marginheight=\"0\" scrolling=\"no\" class=\"wp-embedded-content\"><\/iframe><script>\n\/*! This file is auto-generated *\/\n!function(d,l){\"use strict\";l.querySelector&&d.addEventListener&&\"undefined\"!=typeof URL&&(d.wp=d.wp||{},d.wp.receiveEmbedMessage||(d.wp.receiveEmbedMessage=function(e){var t=e.data;if((t||t.secret||t.message||t.value)&&!\/[^a-zA-Z0-9]\/.test(t.secret)){for(var s,r,n,a=l.querySelectorAll('iframe[data-secret=\"'+t.secret+'\"]'),o=l.querySelectorAll('blockquote[data-secret=\"'+t.secret+'\"]'),c=new RegExp(\"^https?:$\",\"i\"),i=0;i<o.length;i++)o[i].style.display=\"none\";for(i=0;i<a.length;i++)s=a[i],e.source===s.contentWindow&&(s.removeAttribute(\"style\"),\"height\"===t.message?(1e3<(r=parseInt(t.value,10))?r=1e3:~~r<200&&(r=200),s.height=r):\"link\"===t.message&&(r=new URL(s.getAttribute(\"src\")),n=new URL(t.value),c.test(n.protocol))&&n.host===r.host&&l.activeElement===s&&(d.top.location.href=t.value))}},d.addEventListener(\"message\",d.wp.receiveEmbedMessage,!1),l.addEventListener(\"DOMContentLoaded\",function(){for(var e,t,s=l.querySelectorAll(\"iframe.wp-embedded-content\"),r=0;r<s.length;r++)(t=(e=s[r]).getAttribute(\"data-secret\"))||(t=Math.random().toString(36).substring(2,12),e.src+=\"#?secret=\"+t,e.setAttribute(\"data-secret\",t)),e.contentWindow.postMessage({message:\"ready\",secret:t},\"*\")},!1)))}(window,document);\n\/\/# sourceURL=https:\/\/denizcankizil.tr\/wp-includes\/js\/wp-embed.min.js\n<\/script>","thumbnail_url":"https:\/\/denizcankizil.tr\/wp-content\/uploads\/2025\/02\/5172-01-RiIKLS.jpeg","thumbnail_width":1280,"thumbnail_height":720,"description":"Cumhurba\u015fkanl\u0131\u011f\u0131 \u0130nsan Kaynaklar\u0131 Ofisi koordinasyonunda d\u00fczenlenen G\u00fcney Kariyer Fuar\u0131 (G\u00dcNKAF), T\u00fcrkiye&#8217;nin ilk astronotu olan ve uzay yolculu\u011funda \u00f6nemli bir misyonu \u00fcstlenen Alper Gezeravc\u0131&#8217;y\u0131 a\u011f\u0131rlad\u0131. Akdeniz \u00dcniversitesi ev sahipli\u011finde ve 7 \u00fcniversitenin payda\u015fl\u0131\u011f\u0131nda ger\u00e7ekle\u015ftirilen etkinlik, \u00f6\u011frencilere ilham verici bir deneyim sundu. 11 ayda 300 bulu\u015fma Alper Gezeravc\u0131&#8217;n\u0131n sunumu \u00f6\u011frenciler taraf\u0131ndan b\u00fcy\u00fck ilgiyle kar\u015f\u0131land\u0131. T\u00fcrkiye&#8217;nin ilk astronotu Alper Gezeravc\u0131, uzay yolculu\u011fundaki deneyimlerini, bilimsel \u00e7al\u0131\u015fmalar\u0131n\u0131 ve astronot olma s\u00fcrecinde ya\u015fad\u0131\u011f\u0131 zorlu e\u011fitim s\u00fcre\u00e7lerini \u00f6\u011frencilerle payla\u015ft\u0131. \u00d6\u011frencilerin merakla dinledi\u011fi konferansta Gezeravc\u0131, T\u00fcrkiye&#8217;nin uzay \u00e7al\u0131\u015fmalar\u0131 ve bu alandaki b\u00fcy\u00fck hedefleri hakk\u0131nda da \u00f6nemli bilgiler verdi. Uzay misyonu sonras\u0131 300 etkinlikte gen\u00e7lerle bulu\u015ftu\u011funu anlatan Alper Gezeravc\u0131, &#8220;Ge\u00e7en y\u0131l mart ay\u0131ndan bu yana, aradan ge\u00e7en 11 ayl\u0131k s\u00fcrenin i\u00e7erisinde bug\u00fcn tesad\u00fcfen rakamlar\u0131 s\u0131f\u0131rlad\u0131k. Antalya 140&#8217;\u0131nc\u0131 \u015fehir de\u011fi\u015fimi ile 300&#8217;\u00fcnc\u00fc program\u0131 yapt\u0131\u011f\u0131m\u0131z yer. Buraya gelip tecr\u00fcbelerimizi sizinle payla\u015fmakla biz, siz \u00f6\u011frencilere l\u00fctfetmi\u015f de\u011filiz. Bu bizim g\u00f6revimiz&#8221; diyerek, uzay yolculu\u011funun sadece ki\u015fisel bir ba\u015far\u0131 de\u011fil, ayn\u0131 zamanda T\u00fcrkiye&#8217;nin bilimsel ve teknolojik geli\u015fimine katk\u0131 sa\u011flama, gen\u00e7lere ilham olma amac\u0131n\u0131 ta\u015f\u0131d\u0131\u011f\u0131n\u0131 belirtti. T\u00fcrkiye&#8217;nin teknolojik ilerlemesi ve uzay hedefleri Alper Gezeravc\u0131, 5 ya\u015f\u0131ndan itibaren g\u00f6ky\u00fcz\u00fcne ilgisi oldu\u011funu ancak o d\u00f6nemde uzay alan\u0131nda hayal kurman\u0131n bile imkans\u0131z g\u00f6r\u00fcld\u00fc\u011f\u00fcn\u00fc belirterek, bug\u00fcnk\u00fc T\u00fcrkiye&#8217;nin uzay \u00e7al\u0131\u015fmalar\u0131nda ula\u015ft\u0131\u011f\u0131 noktan\u0131n gurur verici oldu\u011funu kaydetti. T\u00fcrkiye&#8217;nin art\u0131k pek \u00e7ok &hellip;"}

Av. Deniz Can Kızıl

Alper Gezeravcı Antalya'da gençlerle buluştu

<blockquote class="wp-embedded-content" data-secret="HW2B4u6aew"><a href="https://denizcankizil.tr/en/haberler/antalya/alper-gezeravci-antalyada-genclerle-bulustu/">Alper Gezeravcı Antalya&#8217;da gençlerle buluştu</a></blockquote><iframe sandbox="allow-scripts" security="restricted" src="https://denizcankizil.tr/en/haberler/antalya/alper-gezeravci-antalyada-genclerle-bulustu/embed/#?secret=HW2B4u6aew" width="600" height="338" title="&#8220;Alper Gezeravcı Antalya&#8217;da gençlerle buluştu&#8221; &#8212; Av. Deniz Can Kızıl" data-secret="HW2B4u6aew" frameborder="0" marginwidth="0" marginheight="0" scrolling="no" class="wp-embedded-content"></iframe><script>
/*! This file is auto-generated */
!function(d,l){"use strict";l.querySelector&&d.addEventListener&&"undefined"!=typeof URL&&(d.wp=d.wp||{},d.wp.receiveEmbedMessage||(d.wp.receiveEmbedMessage=function(e){var t=e.data;if((t||t.secret||t.message||t.value)&&!/[^a-zA-Z0-9]/.test(t.secret)){for(var s,r,n,a=l.querySelectorAll('iframe[data-secret="'+t.secret+'"]'),o=l.querySelectorAll('blockquote[data-secret="'+t.secret+'"]'),c=new RegExp("^https?:$","i"),i=0;i<o.length;i++)o[i].style.display="none";for(i=0;i<a.length;i++)s=a[i],e.source===s.contentWindow&&(s.removeAttribute("style"),"height"===t.message?(1e3<(r=parseInt(t.value,10))?r=1e3:~~r<200&&(r=200),s.height=r):"link"===t.message&&(r=new URL(s.getAttribute("src")),n=new URL(t.value),c.test(n.protocol))&&n.host===r.host&&l.activeElement===s&&(d.top.location.href=t.value))}},d.addEventListener("message",d.wp.receiveEmbedMessage,!1),l.addEventListener("DOMContentLoaded",function(){for(var e,t,s=l.querySelectorAll("iframe.wp-embedded-content"),r=0;r<s.length;r++)(t=(e=s[r]).getAttribute("data-secret"))||(t=Math.random().toString(36).substring(2,12),e.src+="#?secret="+t,e.setAttribute("data-secret",t)),e.contentWindow.postMessage({message:"ready",secret:t},"*")},!1)))}(window,document);
//# sourceURL=https://denizcankizil.tr/wp-includes/js/wp-embed.min.js
</script>

Cumhurbaşkanlığı İnsan Kaynakları Ofisi koordinasyonunda düzenlenen Güney Kariyer Fuarı (GÜNKAF), Türkiye&#8217;nin ilk astronotu olan ve uzay yolculuğunda önemli bir misyonu üstlenen Alper Gezeravcı&#8217;yı ağırladı. Akdeniz Üniversitesi ev sahipliğinde ve 7 üniversitenin paydaşlığında gerçekleştirilen etkinlik, öğrencilere ilham verici bir deneyim sundu. 11 ayda 300 buluşma Alper Gezeravcı&#8217;nın sunumu öğrenciler tarafından büyük ilgiyle karşılandı. Türkiye&#8217;nin ilk astronotu Alper Gezeravcı, uzay yolculuğundaki deneyimlerini, bilimsel çalışmalarını ve astronot olma sürecinde yaşadığı zorlu eğitim süreçlerini öğrencilerle paylaştı. Öğrencilerin merakla dinlediği konferansta Gezeravcı, Türkiye&#8217;nin uzay çalışmaları ve bu alandaki büyük hedefleri hakkında da önemli bilgiler verdi. Uzay misyonu sonrası 300 etkinlikte gençlerle buluştuğunu anlatan Alper Gezeravcı, &#8220;Geçen yıl mart ayından bu yana, aradan geçen 11 aylık sürenin içerisinde bugün tesadüfen rakamları sıfırladık. Antalya 140&#8217;ıncı şehir değişimi ile 300&#8217;üncü programı yaptığımız yer. Buraya gelip tecrübelerimizi sizinle paylaşmakla biz, siz öğrencilere lütfetmiş değiliz. Bu bizim görevimiz&#8221; diyerek, uzay yolculuğunun sadece kişisel bir başarı değil, aynı zamanda Türkiye&#8217;nin bilimsel ve teknolojik gelişimine katkı sağlama, gençlere ilham olma amacını taşıdığını belirtti. Türkiye&#8217;nin teknolojik ilerlemesi ve uzay hedefleri Alper Gezeravcı, 5 yaşından itibaren gökyüzüne ilgisi olduğunu ancak o dönemde uzay alanında hayal kurmanın bile imkansız görüldüğünü belirterek, bugünkü Türkiye&#8217;nin uzay çalışmalarında ulaştığı noktanın gurur verici olduğunu kaydetti. Türkiye&#8217;nin artık pek çok &hellip;
