{"version":"1.0","provider_name":"Av. Deniz Can K\u0131z\u0131l","provider_url":"https:\/\/denizcankizil.tr\/en","author_name":"Av. Deniz Can K\u0131z\u0131l","author_url":"https:\/\/denizcankizil.tr\/en\/author\/denizcankizil\/","title":"600 y\u0131ll\u0131k Sar\u0131hac\u0131lar Camisi eserlerini istiyor","type":"rich","width":600,"height":338,"html":"<blockquote class=\"wp-embedded-content\" data-secret=\"578TYf4NKR\"><a href=\"https:\/\/denizcankizil.tr\/en\/haberler\/antalya\/600-yillik-sarihacilar-camisi-eserlerini-istiyor\/\">600 y\u0131ll\u0131k Sar\u0131hac\u0131lar Camisi eserlerini istiyor<\/a><\/blockquote><iframe sandbox=\"allow-scripts\" security=\"restricted\" src=\"https:\/\/denizcankizil.tr\/en\/haberler\/antalya\/600-yillik-sarihacilar-camisi-eserlerini-istiyor\/embed\/#?secret=578TYf4NKR\" width=\"600\" height=\"338\" title=\"&#8220;600 y\u0131ll\u0131k Sar\u0131hac\u0131lar Camisi eserlerini istiyor&#8221; &#8212; Av. Deniz Can K\u0131z\u0131l\" data-secret=\"578TYf4NKR\" frameborder=\"0\" marginwidth=\"0\" marginheight=\"0\" scrolling=\"no\" class=\"wp-embedded-content\"><\/iframe><script>\n\/*! This file is auto-generated *\/\n!function(d,l){\"use strict\";l.querySelector&&d.addEventListener&&\"undefined\"!=typeof URL&&(d.wp=d.wp||{},d.wp.receiveEmbedMessage||(d.wp.receiveEmbedMessage=function(e){var t=e.data;if((t||t.secret||t.message||t.value)&&!\/[^a-zA-Z0-9]\/.test(t.secret)){for(var s,r,n,a=l.querySelectorAll('iframe[data-secret=\"'+t.secret+'\"]'),o=l.querySelectorAll('blockquote[data-secret=\"'+t.secret+'\"]'),c=new RegExp(\"^https?:$\",\"i\"),i=0;i<o.length;i++)o[i].style.display=\"none\";for(i=0;i<a.length;i++)s=a[i],e.source===s.contentWindow&&(s.removeAttribute(\"style\"),\"height\"===t.message?(1e3<(r=parseInt(t.value,10))?r=1e3:~~r<200&&(r=200),s.height=r):\"link\"===t.message&&(r=new URL(s.getAttribute(\"src\")),n=new URL(t.value),c.test(n.protocol))&&n.host===r.host&&l.activeElement===s&&(d.top.location.href=t.value))}},d.addEventListener(\"message\",d.wp.receiveEmbedMessage,!1),l.addEventListener(\"DOMContentLoaded\",function(){for(var e,t,s=l.querySelectorAll(\"iframe.wp-embedded-content\"),r=0;r<s.length;r++)(t=(e=s[r]).getAttribute(\"data-secret\"))||(t=Math.random().toString(36).substring(2,12),e.src+=\"#?secret=\"+t,e.setAttribute(\"data-secret\",t)),e.contentWindow.postMessage({message:\"ready\",secret:t},\"*\")},!1)))}(window,document);\n\/\/# sourceURL=https:\/\/denizcankizil.tr\/wp-includes\/js\/wp-embed.min.js\n<\/script>","thumbnail_url":"https:\/\/denizcankizil.tr\/wp-content\/uploads\/2025\/03\/5383-01-KexSK2.jpeg","thumbnail_width":1280,"thumbnail_height":720,"description":"Sar\u0131hac\u0131lar K\u00f6y\u00fc K\u00fclt\u00fcr ve Turizm Dayan\u0131\u015fma Derne\u011fi \u0130stanbul \u015eube Ba\u015fkan\u0131 Mehmet Orhan Can, Sar\u0131hac\u0131lar Camisi&#8217;nin 600 y\u0131ll\u0131k eski bir tarihe sahip cami oldu\u011funu s\u00f6yledi. 2019 y\u0131l\u0131 sonlar\u0131nda tarihi caminin restorasyon i\u015flemleri i\u00e7in Antalya Vak\u0131flar B\u00f6lge M\u00fcd\u00fcrl\u00fc\u011f\u00fc taraf\u0131ndan \u00e7al\u0131\u015fma ba\u015flat\u0131ld\u0131\u011f\u0131n\u0131 anlatan Can, &#8220;5 y\u0131l \u00f6nce 2019 y\u0131l\u0131 sonlar\u0131nda restorasyon i\u015flemleri i\u00e7in \u00e7al\u0131\u015fma ba\u015flat\u0131ld\u0131. Restorasyon asl\u0131nda 18 ay s\u00fcrecekti. Fakat pandemi nedeniyle restorasyon 3 y\u0131ll\u0131k bir s\u00fcre\u00e7ten ge\u00e7ti ve restorasyon tamamland\u0131. Cami yeniden ibadete a\u00e7\u0131ld\u0131&#8221; dedi. &#8220;Eserler tamir i\u00e7in Side M\u00fcd\u00fcrl\u00fc\u011f\u00fcnde&#8221; Caminin restorasyon \u00e7al\u0131\u015fmalar\u0131 ba\u015flamadan \u00f6nce ilk etapta Sultan 5. Mehmet Re\u015fad&#8217;\u0131n 1917&#8217;de bizzat ismini yazd\u0131rarak hediye etti\u011fi sanca\u011f\u0131n yan\u0131 s\u0131ra Kabe \u00f6rt\u00fcs\u00fcn\u00fcn bir par\u00e7as\u0131 ve alt\u0131n varakl\u0131 seccadeler Side M\u00fcze M\u00fcd\u00fcrl\u00fc\u011f\u00fcnde konservasyon \u00e7al\u0131\u015fmalar\u0131na al\u0131nd\u0131. Bu eserler tamiri bitince camiye iade edilecek&#8221; dedi. Caminin ayd\u0131nlatma sisteminin ise 1800&#8217;lerde bir nevi asans\u00f6rl\u00fc sistemle yap\u0131ld\u0131\u011f\u0131n\u0131 aktaran Mehmet Orhan Can, &#8220;D\u00f6k\u00fcmden yap\u0131lan sistemde gaz lambas\u0131 ve mumlar istenilen y\u00fcksekli\u011fe g\u00f6re elle ayarlan\u0131yor. Bu tarihi avizemiz restorasyon \u00e7al\u0131\u015fmalar\u0131 ba\u015flad\u0131\u011f\u0131nda s\u00f6k\u00fclerek Antalya Vak\u0131flar B\u00f6lge M\u00fcd\u00fcrl\u00fc\u011f\u00fcn\u00fcn Antalya&#8217;daki deposuna nakledildi. Yine caminin i\u00e7inde bulunan teberr\u00fckat e\u015fyalar\u0131 Vak\u0131flar B\u00f6lge M\u00fcd\u00fcrl\u00fc\u011f\u00fcn\u00fcn deposuna ta\u015f\u0131nm\u0131\u015f, Sakal-\u0131 \u015eerifi ise \u0130l\u00e7e M\u00fcft\u00fcl\u00fc\u011f\u00fc taraf\u0131ndan koruma alt\u0131na al\u0131nm\u0131\u015ft\u0131r&#8221; dedi. &#8220;Caminin eserlerinin yerine konmas\u0131n\u0131 istiyoruz&#8221; Sar\u0131hac\u0131lar halk\u0131 ise, restorasyondan \u00f6nce as\u0131rl\u0131k caminin duvarlar\u0131nda ilgi \u00e7eken Sultan Mehmed Re\u015fad&#8217;\u0131n &hellip;"}

Av. Deniz Can Kızıl

600 yıllık Sarıhacılar Camisi eserlerini istiyor

<blockquote class="wp-embedded-content" data-secret="578TYf4NKR"><a href="https://denizcankizil.tr/en/haberler/antalya/600-yillik-sarihacilar-camisi-eserlerini-istiyor/">600 yıllık Sarıhacılar Camisi eserlerini istiyor</a></blockquote><iframe sandbox="allow-scripts" security="restricted" src="https://denizcankizil.tr/en/haberler/antalya/600-yillik-sarihacilar-camisi-eserlerini-istiyor/embed/#?secret=578TYf4NKR" width="600" height="338" title="&#8220;600 yıllık Sarıhacılar Camisi eserlerini istiyor&#8221; &#8212; Av. Deniz Can Kızıl" data-secret="578TYf4NKR" frameborder="0" marginwidth="0" marginheight="0" scrolling="no" class="wp-embedded-content"></iframe><script>
/*! This file is auto-generated */
!function(d,l){"use strict";l.querySelector&&d.addEventListener&&"undefined"!=typeof URL&&(d.wp=d.wp||{},d.wp.receiveEmbedMessage||(d.wp.receiveEmbedMessage=function(e){var t=e.data;if((t||t.secret||t.message||t.value)&&!/[^a-zA-Z0-9]/.test(t.secret)){for(var s,r,n,a=l.querySelectorAll('iframe[data-secret="'+t.secret+'"]'),o=l.querySelectorAll('blockquote[data-secret="'+t.secret+'"]'),c=new RegExp("^https?:$","i"),i=0;i<o.length;i++)o[i].style.display="none";for(i=0;i<a.length;i++)s=a[i],e.source===s.contentWindow&&(s.removeAttribute("style"),"height"===t.message?(1e3<(r=parseInt(t.value,10))?r=1e3:~~r<200&&(r=200),s.height=r):"link"===t.message&&(r=new URL(s.getAttribute("src")),n=new URL(t.value),c.test(n.protocol))&&n.host===r.host&&l.activeElement===s&&(d.top.location.href=t.value))}},d.addEventListener("message",d.wp.receiveEmbedMessage,!1),l.addEventListener("DOMContentLoaded",function(){for(var e,t,s=l.querySelectorAll("iframe.wp-embedded-content"),r=0;r<s.length;r++)(t=(e=s[r]).getAttribute("data-secret"))||(t=Math.random().toString(36).substring(2,12),e.src+="#?secret="+t,e.setAttribute("data-secret",t)),e.contentWindow.postMessage({message:"ready",secret:t},"*")},!1)))}(window,document);
//# sourceURL=https://denizcankizil.tr/wp-includes/js/wp-embed.min.js
</script>

Sarıhacılar Köyü Kültür ve Turizm Dayanışma Derneği İstanbul Şube Başkanı Mehmet Orhan Can, Sarıhacılar Camisi&#8217;nin 600 yıllık eski bir tarihe sahip cami olduğunu söyledi. 2019 yılı sonlarında tarihi caminin restorasyon işlemleri için Antalya Vakıflar Bölge Müdürlüğü tarafından çalışma başlatıldığını anlatan Can, &#8220;5 yıl önce 2019 yılı sonlarında restorasyon işlemleri için çalışma başlatıldı. Restorasyon aslında 18 ay sürecekti. Fakat pandemi nedeniyle restorasyon 3 yıllık bir süreçten geçti ve restorasyon tamamlandı. Cami yeniden ibadete açıldı&#8221; dedi. &#8220;Eserler tamir için Side Müdürlüğünde&#8221; Caminin restorasyon çalışmaları başlamadan önce ilk etapta Sultan 5. Mehmet Reşad&#8217;ın 1917&#8217;de bizzat ismini yazdırarak hediye ettiği sancağın yanı sıra Kabe örtüsünün bir parçası ve altın varaklı seccadeler Side Müze Müdürlüğünde konservasyon çalışmalarına alındı. Bu eserler tamiri bitince camiye iade edilecek&#8221; dedi. Caminin aydınlatma sisteminin ise 1800&#8217;lerde bir nevi asansörlü sistemle yapıldığını aktaran Mehmet Orhan Can, &#8220;Dökümden yapılan sistemde gaz lambası ve mumlar istenilen yüksekliğe göre elle ayarlanıyor. Bu tarihi avizemiz restorasyon çalışmaları başladığında sökülerek Antalya Vakıflar Bölge Müdürlüğünün Antalya&#8217;daki deposuna nakledildi. Yine caminin içinde bulunan teberrükat eşyaları Vakıflar Bölge Müdürlüğünün deposuna taşınmış, Sakal-ı Şerifi ise İlçe Müftülüğü tarafından koruma altına alınmıştır&#8221; dedi. &#8220;Caminin eserlerinin yerine konmasını istiyoruz&#8221; Sarıhacılar halkı ise, restorasyondan önce asırlık caminin duvarlarında ilgi çeken Sultan Mehmed Reşad&#8217;ın &hellip;
