{"version":"1.0","provider_name":"Av. Deniz Can K\u0131z\u0131l","provider_url":"https:\/\/denizcankizil.tr\/de","author_name":"admin","author_url":"https:\/\/denizcankizil.tr\/de\/author\/admin\/","title":"T\u00fcrkiye\u2019de kuvvetli ya\u011f\u0131\u015f ve r\u00fczgar alarm\u0131!","type":"rich","width":600,"height":338,"html":"<blockquote class=\"wp-embedded-content\" data-secret=\"xcplWnY7mM\"><a href=\"https:\/\/denizcankizil.tr\/de\/haberler\/gundem\/turkiyede-kuvvetli-yagis-ve-ruzgar-alarmi\/\">T\u00fcrkiye\u2019de kuvvetli ya\u011f\u0131\u015f ve r\u00fczgar alarm\u0131!<\/a><\/blockquote><iframe sandbox=\"allow-scripts\" security=\"restricted\" src=\"https:\/\/denizcankizil.tr\/de\/haberler\/gundem\/turkiyede-kuvvetli-yagis-ve-ruzgar-alarmi\/embed\/#?secret=xcplWnY7mM\" width=\"600\" height=\"338\" title=\"&#8222;T\u00fcrkiye\u2019de kuvvetli ya\u011f\u0131\u015f ve r\u00fczgar alarm\u0131!&#8220; &#8211; Av. Deniz Can K\u0131z\u0131l\" data-secret=\"xcplWnY7mM\" frameborder=\"0\" marginwidth=\"0\" marginheight=\"0\" scrolling=\"no\" class=\"wp-embedded-content\"><\/iframe><script>\n\/*! This file is auto-generated *\/\n!function(d,l){\"use strict\";l.querySelector&&d.addEventListener&&\"undefined\"!=typeof URL&&(d.wp=d.wp||{},d.wp.receiveEmbedMessage||(d.wp.receiveEmbedMessage=function(e){var t=e.data;if((t||t.secret||t.message||t.value)&&!\/[^a-zA-Z0-9]\/.test(t.secret)){for(var s,r,n,a=l.querySelectorAll('iframe[data-secret=\"'+t.secret+'\"]'),o=l.querySelectorAll('blockquote[data-secret=\"'+t.secret+'\"]'),c=new RegExp(\"^https?:$\",\"i\"),i=0;i<o.length;i++)o[i].style.display=\"none\";for(i=0;i<a.length;i++)s=a[i],e.source===s.contentWindow&&(s.removeAttribute(\"style\"),\"height\"===t.message?(1e3<(r=parseInt(t.value,10))?r=1e3:~~r<200&&(r=200),s.height=r):\"link\"===t.message&&(r=new URL(s.getAttribute(\"src\")),n=new URL(t.value),c.test(n.protocol))&&n.host===r.host&&l.activeElement===s&&(d.top.location.href=t.value))}},d.addEventListener(\"message\",d.wp.receiveEmbedMessage,!1),l.addEventListener(\"DOMContentLoaded\",function(){for(var e,t,s=l.querySelectorAll(\"iframe.wp-embedded-content\"),r=0;r<s.length;r++)(t=(e=s[r]).getAttribute(\"data-secret\"))||(t=Math.random().toString(36).substring(2,12),e.src+=\"#?secret=\"+t,e.setAttribute(\"data-secret\",t)),e.contentWindow.postMessage({message:\"ready\",secret:t},\"*\")},!1)))}(window,document);\n\/\/# sourceURL=https:\/\/denizcankizil.tr\/wp-includes\/js\/wp-embed.min.js\n<\/script>","description":"Meteoroloji Genel M\u00fcd\u00fcrl\u00fc\u011f\u00fc&#8217;n\u00fcn son tahminlerine g\u00f6re, T\u00fcrkiye genelinde par\u00e7al\u0131 ve \u00e7ok bulutlu bir hava bekleniyor.ANKARA (\u0130GFA) &#8211; Meteoroloji Genel M\u00fcd\u00fcrl\u00fc\u011f\u00fc, 18 May\u0131s Pazar g\u00fcn\u00fcne ili\u015fkin hava tahmin raporunu yay\u0131mlad\u0131. Marmara, Kuzey Ege, Karadeniz, \u0130\u00e7 Anadolu&#8217;nun kuzeybat\u0131 ve do\u011fu kesimleri, Do\u011fu Anadolu&#8217;nun kuzeyi ile Adana \u00e7evrelerinde sa\u011fanak ve g\u00f6k g\u00fcr\u00fclt\u00fcl\u00fc sa\u011fanak ya\u011f\u0131\u015f \u00f6ng\u00f6r\u00fcl\u00fcyor. \u00d6zellikle Marmara&#8217;n\u0131n g\u00fcneydo\u011fusu ve Bat\u0131 Karadeniz&#8217;de ya\u011f\u0131\u015flar\u0131n yer yer kuvvetli olmas\u0131 bekleniyor. Hava s\u0131cakl\u0131klar\u0131n\u0131n yurdun kuzey kesimlerinde 3-5 derece d\u00fc\u015fmesi, di\u011fer b\u00f6lgelerde ise \u00f6nemli bir de\u011fi\u015fiklik g\u00f6stermemesi tahmin ediliyor. R\u00fczg\u00e2r\u0131n genellikle g\u00fcneyli y\u00f6nlerden orta kuvvette esece\u011fi, ancak Ege, Akdeniz, Do\u011fu Karadeniz&#8217;in i\u00e7 kesimleri, Do\u011fu ve G\u00fcneydo\u011fu Anadolu&#8217;da kuvvetli (40-60 km\/sa), Marmara&#8217;n\u0131n do\u011fusu, Bat\u0131 Karadeniz ve \u0130\u00e7 Anadolu&#8217;nun kuzeyinde ise kuzeyli y\u00f6nlerden yer yer kuvvetli (40-60 km\/sa) esece\u011fi bildirildi. KUVVETL\u0130 YA\u011eI\u015e UYARISI: Ya\u011f\u0131\u015flar\u0131n, Marmara&#8217;n\u0131n g\u00fcneydo\u011fusu ve Bat\u0131 Karadeniz&#8217;de yer yer kuvvetli olmas\u0131 beklendi\u011finden ya\u015fanabilecek olumsuzluklara kar\u015f\u0131 dikkatli ve tedbirli olunmal\u0131d\u0131r. KUVVETL\u0130 R\u00dcZG\u00c2R UYARISI: R\u00fczg\u00e2r\u0131n, Ege, Akdeniz ve Do\u011fu Karadeniz&#8217;in i\u00e7 kesimleri ile Do\u011fu ve G\u00fcneydo\u011fu Anadolu&#8217;da g\u00fcneyli y\u00f6nlerden kuvvetli (40-60 km\/sa), Marmara&#8217;n\u0131n do\u011fusu, Bat\u0131 Karadeniz ve \u0130\u00e7 Anadolu&#8217;nun kuzeyinde kuzeyli y\u00f6nlerden yer yer kuvvetli (40-60 km\/saat) esmesi beklendi\u011finden ya\u015fanabilecek olumsuzluklara kar\u015f\u0131 dikkatli ve tedbirli olunmal\u0131d\u0131r TOZ TA\u015eINIMI UYARISI: Do\u011fu Akdeniz, G\u00fcneydo\u011fu Anadolu ve \u0130\u00e7 Anadolu&#8217;da toz ta\u015f\u0131n\u0131m\u0131 beklendi\u011finden ula\u015f\u0131mda &hellip;"}

Av. Deniz Can Kızıl

Türkiye’de kuvvetli yağış ve rüzgar alarmı!

<blockquote class="wp-embedded-content" data-secret="xcplWnY7mM"><a href="https://denizcankizil.tr/de/haberler/gundem/turkiyede-kuvvetli-yagis-ve-ruzgar-alarmi/">Türkiye’de kuvvetli yağış ve rüzgar alarmı!</a></blockquote><iframe sandbox="allow-scripts" security="restricted" src="https://denizcankizil.tr/de/haberler/gundem/turkiyede-kuvvetli-yagis-ve-ruzgar-alarmi/embed/#?secret=xcplWnY7mM" width="600" height="338" title="&#8222;Türkiye’de kuvvetli yağış ve rüzgar alarmı!&#8220; &#8211; Av. Deniz Can Kızıl" data-secret="xcplWnY7mM" frameborder="0" marginwidth="0" marginheight="0" scrolling="no" class="wp-embedded-content"></iframe><script>
/*! This file is auto-generated */
!function(d,l){"use strict";l.querySelector&&d.addEventListener&&"undefined"!=typeof URL&&(d.wp=d.wp||{},d.wp.receiveEmbedMessage||(d.wp.receiveEmbedMessage=function(e){var t=e.data;if((t||t.secret||t.message||t.value)&&!/[^a-zA-Z0-9]/.test(t.secret)){for(var s,r,n,a=l.querySelectorAll('iframe[data-secret="'+t.secret+'"]'),o=l.querySelectorAll('blockquote[data-secret="'+t.secret+'"]'),c=new RegExp("^https?:$","i"),i=0;i<o.length;i++)o[i].style.display="none";for(i=0;i<a.length;i++)s=a[i],e.source===s.contentWindow&&(s.removeAttribute("style"),"height"===t.message?(1e3<(r=parseInt(t.value,10))?r=1e3:~~r<200&&(r=200),s.height=r):"link"===t.message&&(r=new URL(s.getAttribute("src")),n=new URL(t.value),c.test(n.protocol))&&n.host===r.host&&l.activeElement===s&&(d.top.location.href=t.value))}},d.addEventListener("message",d.wp.receiveEmbedMessage,!1),l.addEventListener("DOMContentLoaded",function(){for(var e,t,s=l.querySelectorAll("iframe.wp-embedded-content"),r=0;r<s.length;r++)(t=(e=s[r]).getAttribute("data-secret"))||(t=Math.random().toString(36).substring(2,12),e.src+="#?secret="+t,e.setAttribute("data-secret",t)),e.contentWindow.postMessage({message:"ready",secret:t},"*")},!1)))}(window,document);
//# sourceURL=https://denizcankizil.tr/wp-includes/js/wp-embed.min.js
</script>

Meteoroloji Genel Müdürlüğü&#8217;nün son tahminlerine göre, Türkiye genelinde parçalı ve çok bulutlu bir hava bekleniyor.ANKARA (İGFA) &#8211; Meteoroloji Genel Müdürlüğü, 18 Mayıs Pazar gününe ilişkin hava tahmin raporunu yayımladı. Marmara, Kuzey Ege, Karadeniz, İç Anadolu&#8217;nun kuzeybatı ve doğu kesimleri, Doğu Anadolu&#8217;nun kuzeyi ile Adana çevrelerinde sağanak ve gök gürültülü sağanak yağış öngörülüyor. Özellikle Marmara&#8217;nın güneydoğusu ve Batı Karadeniz&#8217;de yağışların yer yer kuvvetli olması bekleniyor. Hava sıcaklıklarının yurdun kuzey kesimlerinde 3-5 derece düşmesi, diğer bölgelerde ise önemli bir değişiklik göstermemesi tahmin ediliyor. Rüzgârın genellikle güneyli yönlerden orta kuvvette eseceği, ancak Ege, Akdeniz, Doğu Karadeniz&#8217;in iç kesimleri, Doğu ve Güneydoğu Anadolu&#8217;da kuvvetli (40-60 km/sa), Marmara&#8217;nın doğusu, Batı Karadeniz ve İç Anadolu&#8217;nun kuzeyinde ise kuzeyli yönlerden yer yer kuvvetli (40-60 km/sa) eseceği bildirildi. KUVVETLİ YAĞIŞ UYARISI: Yağışların, Marmara&#8217;nın güneydoğusu ve Batı Karadeniz&#8217;de yer yer kuvvetli olması beklendiğinden yaşanabilecek olumsuzluklara karşı dikkatli ve tedbirli olunmalıdır. KUVVETLİ RÜZGÂR UYARISI: Rüzgârın, Ege, Akdeniz ve Doğu Karadeniz&#8217;in iç kesimleri ile Doğu ve Güneydoğu Anadolu&#8217;da güneyli yönlerden kuvvetli (40-60 km/sa), Marmara&#8217;nın doğusu, Batı Karadeniz ve İç Anadolu&#8217;nun kuzeyinde kuzeyli yönlerden yer yer kuvvetli (40-60 km/saat) esmesi beklendiğinden yaşanabilecek olumsuzluklara karşı dikkatli ve tedbirli olunmalıdır TOZ TAŞINIMI UYARISI: Doğu Akdeniz, Güneydoğu Anadolu ve İç Anadolu&#8217;da toz taşınımı beklendiğinden ulaşımda &hellip;
