{"version":"1.0","provider_name":"Av. Deniz Can K\u0131z\u0131l","provider_url":"https:\/\/denizcankizil.tr\/de","author_name":"admin","author_url":"https:\/\/denizcankizil.tr\/de\/author\/admin\/","title":"Son 1 haftada 624 orman yang\u0131n\u0131","type":"rich","width":600,"height":338,"html":"<blockquote class=\"wp-embedded-content\" data-secret=\"ZlwMnbWzkA\"><a href=\"https:\/\/denizcankizil.tr\/de\/haberler\/gundem\/son-1-haftada-624-orman-yangini\/\">Son 1 haftada 624 orman yang\u0131n\u0131<\/a><\/blockquote><iframe sandbox=\"allow-scripts\" security=\"restricted\" src=\"https:\/\/denizcankizil.tr\/de\/haberler\/gundem\/son-1-haftada-624-orman-yangini\/embed\/#?secret=ZlwMnbWzkA\" width=\"600\" height=\"338\" title=\"&#8222;Son 1 haftada 624 orman yang\u0131n\u0131&#8220; &#8211; Av. Deniz Can K\u0131z\u0131l\" data-secret=\"ZlwMnbWzkA\" frameborder=\"0\" marginwidth=\"0\" marginheight=\"0\" scrolling=\"no\" class=\"wp-embedded-content\"><\/iframe><script>\n\/*! This file is auto-generated *\/\n!function(d,l){\"use strict\";l.querySelector&&d.addEventListener&&\"undefined\"!=typeof URL&&(d.wp=d.wp||{},d.wp.receiveEmbedMessage||(d.wp.receiveEmbedMessage=function(e){var t=e.data;if((t||t.secret||t.message||t.value)&&!\/[^a-zA-Z0-9]\/.test(t.secret)){for(var s,r,n,a=l.querySelectorAll('iframe[data-secret=\"'+t.secret+'\"]'),o=l.querySelectorAll('blockquote[data-secret=\"'+t.secret+'\"]'),c=new RegExp(\"^https?:$\",\"i\"),i=0;i<o.length;i++)o[i].style.display=\"none\";for(i=0;i<a.length;i++)s=a[i],e.source===s.contentWindow&&(s.removeAttribute(\"style\"),\"height\"===t.message?(1e3<(r=parseInt(t.value,10))?r=1e3:~~r<200&&(r=200),s.height=r):\"link\"===t.message&&(r=new URL(s.getAttribute(\"src\")),n=new URL(t.value),c.test(n.protocol))&&n.host===r.host&&l.activeElement===s&&(d.top.location.href=t.value))}},d.addEventListener(\"message\",d.wp.receiveEmbedMessage,!1),l.addEventListener(\"DOMContentLoaded\",function(){for(var e,t,s=l.querySelectorAll(\"iframe.wp-embedded-content\"),r=0;r<s.length;r++)(t=(e=s[r]).getAttribute(\"data-secret\"))||(t=Math.random().toString(36).substring(2,12),e.src+=\"#?secret=\"+t,e.setAttribute(\"data-secret\",t)),e.contentWindow.postMessage({message:\"ready\",secret:t},\"*\")},!1)))}(window,document);\n\/\/# sourceURL=https:\/\/denizcankizil.tr\/wp-includes\/js\/wp-embed.min.js\n<\/script>","description":"Tar\u0131m ve Orman Bakan\u0131 \u0130brahim Yumakl\u0131, son 1 haftada 624 orman yang\u0131n\u0131ndan 621&#8217;inin kontrol alt\u0131na al\u0131nd\u0131\u011f\u0131n\u0131 a\u00e7\u0131klad\u0131. Yang\u0131nlarla m\u00fccadelede 25 bin personel g\u00f6rev yapt\u0131. \u0130zmir&#8217;deki yang\u0131n hala devam ediyor. Buca yang\u0131n\u0131na duyars\u0131zl\u0131k ele\u015ftirisi yap\u0131ld\u0131.ANKARA (\u0130GFA) &#8211; Tar\u0131m ve Orman Bakan\u0131 \u0130brahim Yumakl\u0131, Orman Genel M\u00fcd\u00fcrl\u00fc\u011f\u00fc Yang\u0131n Y\u00f6netim Merkezi&#8217;nde, orman yang\u0131nlar\u0131na ili\u015fkin son durumu payla\u015ft\u0131. Son 1 haftan\u0131n orman yang\u0131nlar\u0131yla m\u00fccadelede \u00e7ok yo\u011fun ge\u00e7ti\u011fini belirten Yumakl\u0131, bu y\u0131l\u0131n 6 ay\u0131nda 1305&#8217;i ormanl\u0131k alanda, 1739&#8217;u da orman d\u0131\u015f\u0131nda olmak \u00fczere toplam 3 bin 44 yang\u0131n \u00e7\u0131kt\u0131\u011f\u0131 bilgisini verdi. Yumakl\u0131, bu yang\u0131nlarla Cumhuriyet tarihinin en b\u00fcy\u00fck kara ve hava filosu, deneyimli 25 bin personelle m\u00fccadele ettiklerini ifade ederek, &#8220;Hava ara\u00e7lar\u0131m\u0131z yaz ba\u015f\u0131ndan bu yana 16 bin 35 sorti yapt\u0131lar ve sadece havadan 52 bin ton su at\u0131ld\u0131. Yakla\u015f\u0131k 3 bin 44 yang\u0131ndan 624&#8217;\u00fc sadece son 1 haftada \u00e7\u0131kt\u0131. Yani neredeyse 5&#8217;te 1&#8217;i son 1 haftada \u00e7\u0131kt\u0131.&#8221; dedi. Son 1 haftada \u0130zmir&#8217;de, Sakarya&#8217;da, Hatay&#8217;da, Bilecik&#8217;te, Manisa&#8217;da, \u0130stanbul&#8217;da ve Bursa&#8217;da \u00e7ok ciddi boyutlara ula\u015fan yang\u0131nlarla m\u00fccadele ettiklerine i\u015faret eden Tar\u0131m ve Orman Bakan\u0131 Yumakl\u0131, &#8220;Bu illerde 20 b\u00fcy\u00fck yang\u0131ndan, her biri haf\u0131zalara kaz\u0131nan 2021 yang\u0131nlar\u0131 potansiyelini g\u00f6rd\u00fck. Dolay\u0131s\u0131yla Cumhuriyet tarihinin en iyi hava ve kara filosu ve personeliyle m\u00fcdahalelerimizle bu zorlu s\u00fcre\u00e7te \u00e7ok iyi sonu\u00e7lar &hellip;"}

Av. Deniz Can Kızıl

Son 1 haftada 624 orman yangını

<blockquote class="wp-embedded-content" data-secret="ZlwMnbWzkA"><a href="https://denizcankizil.tr/de/haberler/gundem/son-1-haftada-624-orman-yangini/">Son 1 haftada 624 orman yangını</a></blockquote><iframe sandbox="allow-scripts" security="restricted" src="https://denizcankizil.tr/de/haberler/gundem/son-1-haftada-624-orman-yangini/embed/#?secret=ZlwMnbWzkA" width="600" height="338" title="&#8222;Son 1 haftada 624 orman yangını&#8220; &#8211; Av. Deniz Can Kızıl" data-secret="ZlwMnbWzkA" frameborder="0" marginwidth="0" marginheight="0" scrolling="no" class="wp-embedded-content"></iframe><script>
/*! This file is auto-generated */
!function(d,l){"use strict";l.querySelector&&d.addEventListener&&"undefined"!=typeof URL&&(d.wp=d.wp||{},d.wp.receiveEmbedMessage||(d.wp.receiveEmbedMessage=function(e){var t=e.data;if((t||t.secret||t.message||t.value)&&!/[^a-zA-Z0-9]/.test(t.secret)){for(var s,r,n,a=l.querySelectorAll('iframe[data-secret="'+t.secret+'"]'),o=l.querySelectorAll('blockquote[data-secret="'+t.secret+'"]'),c=new RegExp("^https?:$","i"),i=0;i<o.length;i++)o[i].style.display="none";for(i=0;i<a.length;i++)s=a[i],e.source===s.contentWindow&&(s.removeAttribute("style"),"height"===t.message?(1e3<(r=parseInt(t.value,10))?r=1e3:~~r<200&&(r=200),s.height=r):"link"===t.message&&(r=new URL(s.getAttribute("src")),n=new URL(t.value),c.test(n.protocol))&&n.host===r.host&&l.activeElement===s&&(d.top.location.href=t.value))}},d.addEventListener("message",d.wp.receiveEmbedMessage,!1),l.addEventListener("DOMContentLoaded",function(){for(var e,t,s=l.querySelectorAll("iframe.wp-embedded-content"),r=0;r<s.length;r++)(t=(e=s[r]).getAttribute("data-secret"))||(t=Math.random().toString(36).substring(2,12),e.src+="#?secret="+t,e.setAttribute("data-secret",t)),e.contentWindow.postMessage({message:"ready",secret:t},"*")},!1)))}(window,document);
//# sourceURL=https://denizcankizil.tr/wp-includes/js/wp-embed.min.js
</script>

Tarım ve Orman Bakanı İbrahim Yumaklı, son 1 haftada 624 orman yangınından 621&#8217;inin kontrol altına alındığını açıkladı. Yangınlarla mücadelede 25 bin personel görev yaptı. İzmir&#8217;deki yangın hala devam ediyor. Buca yangınına duyarsızlık eleştirisi yapıldı.ANKARA (İGFA) &#8211; Tarım ve Orman Bakanı İbrahim Yumaklı, Orman Genel Müdürlüğü Yangın Yönetim Merkezi&#8217;nde, orman yangınlarına ilişkin son durumu paylaştı. Son 1 haftanın orman yangınlarıyla mücadelede çok yoğun geçtiğini belirten Yumaklı, bu yılın 6 ayında 1305&#8217;i ormanlık alanda, 1739&#8217;u da orman dışında olmak üzere toplam 3 bin 44 yangın çıktığı bilgisini verdi. Yumaklı, bu yangınlarla Cumhuriyet tarihinin en büyük kara ve hava filosu, deneyimli 25 bin personelle mücadele ettiklerini ifade ederek, &#8220;Hava araçlarımız yaz başından bu yana 16 bin 35 sorti yaptılar ve sadece havadan 52 bin ton su atıldı. Yaklaşık 3 bin 44 yangından 624&#8217;ü sadece son 1 haftada çıktı. Yani neredeyse 5&#8217;te 1&#8217;i son 1 haftada çıktı.&#8221; dedi. Son 1 haftada İzmir&#8217;de, Sakarya&#8217;da, Hatay&#8217;da, Bilecik&#8217;te, Manisa&#8217;da, İstanbul&#8217;da ve Bursa&#8217;da çok ciddi boyutlara ulaşan yangınlarla mücadele ettiklerine işaret eden Tarım ve Orman Bakanı Yumaklı, &#8220;Bu illerde 20 büyük yangından, her biri hafızalara kazınan 2021 yangınları potansiyelini gördük. Dolayısıyla Cumhuriyet tarihinin en iyi hava ve kara filosu ve personeliyle müdahalelerimizle bu zorlu süreçte çok iyi sonuçlar &hellip;
