{"version":"1.0","provider_name":"Av. Deniz Can K\u0131z\u0131l","provider_url":"https:\/\/denizcankizil.tr\/de","author_name":"Antalya K\u00f6rfez","author_url":"https:\/\/denizcankizil.tr\/de\/author\/www-antalyakorfez-com\/","title":"Antalya\u2019da B\u00f6lge \u0130dare Mahkemesi d\u00f6nemi ba\u015fl\u0131yor","type":"rich","width":600,"height":338,"html":"<blockquote class=\"wp-embedded-content\" data-secret=\"51folQll9B\"><a href=\"https:\/\/denizcankizil.tr\/de\/haberler\/gundem\/antalyada-bolge-idare-mahkemesi-donemi-basliyor\/\">Antalya\u2019da B\u00f6lge \u0130dare Mahkemesi d\u00f6nemi ba\u015fl\u0131yor<\/a><\/blockquote><iframe sandbox=\"allow-scripts\" security=\"restricted\" src=\"https:\/\/denizcankizil.tr\/de\/haberler\/gundem\/antalyada-bolge-idare-mahkemesi-donemi-basliyor\/embed\/#?secret=51folQll9B\" width=\"600\" height=\"338\" title=\"&#8222;Antalya\u2019da B\u00f6lge \u0130dare Mahkemesi d\u00f6nemi ba\u015fl\u0131yor&#8220; &#8211; Av. Deniz Can K\u0131z\u0131l\" data-secret=\"51folQll9B\" frameborder=\"0\" marginwidth=\"0\" marginheight=\"0\" scrolling=\"no\" class=\"wp-embedded-content\"><\/iframe><script>\n\/*! This file is auto-generated *\/\n!function(d,l){\"use strict\";l.querySelector&&d.addEventListener&&\"undefined\"!=typeof URL&&(d.wp=d.wp||{},d.wp.receiveEmbedMessage||(d.wp.receiveEmbedMessage=function(e){var t=e.data;if((t||t.secret||t.message||t.value)&&!\/[^a-zA-Z0-9]\/.test(t.secret)){for(var s,r,n,a=l.querySelectorAll('iframe[data-secret=\"'+t.secret+'\"]'),o=l.querySelectorAll('blockquote[data-secret=\"'+t.secret+'\"]'),c=new RegExp(\"^https?:$\",\"i\"),i=0;i<o.length;i++)o[i].style.display=\"none\";for(i=0;i<a.length;i++)s=a[i],e.source===s.contentWindow&&(s.removeAttribute(\"style\"),\"height\"===t.message?(1e3<(r=parseInt(t.value,10))?r=1e3:~~r<200&&(r=200),s.height=r):\"link\"===t.message&&(r=new URL(s.getAttribute(\"src\")),n=new URL(t.value),c.test(n.protocol))&&n.host===r.host&&l.activeElement===s&&(d.top.location.href=t.value))}},d.addEventListener(\"message\",d.wp.receiveEmbedMessage,!1),l.addEventListener(\"DOMContentLoaded\",function(){for(var e,t,s=l.querySelectorAll(\"iframe.wp-embedded-content\"),r=0;r<s.length;r++)(t=(e=s[r]).getAttribute(\"data-secret\"))||(t=Math.random().toString(36).substring(2,12),e.src+=\"#?secret=\"+t,e.setAttribute(\"data-secret\",t)),e.contentWindow.postMessage({message:\"ready\",secret:t},\"*\")},!1)))}(window,document);\n\/\/# sourceURL=https:\/\/denizcankizil.tr\/wp-includes\/js\/wp-embed.min.js\n<\/script>","description":"Resmi Gazete&#8217;de yay\u0131mlanan Cumhurba\u015fkanl\u0131\u011f\u0131 karar\u0131yla Antalya, Diyarbak\u0131r ve Kayseri&#8217;de yeni B\u00f6lge \u0130dare Mahkemeleri kurulmas\u0131na karar verildi. B\u00f6ylece T\u00fcrkiye genelindeki B\u00f6lge \u0130dare Mahkemesi say\u0131s\u0131 9&#8217;dan 12&#8217;ye y\u00fckseldi. Antalya B\u00f6lge \u0130dare Mahkemesi&#8217;nin yarg\u0131 \u00e7evresi Antalya, Burdur ve Isparta olarak belirlendi. Yeni kurulacak mahkemede; B\u00f6lge \u0130dare Mahkemesi Ba\u015fkanl\u0131\u011f\u0131, Ba\u015fkanlar Kurulu, 8 \u0130dari Dava Dairesi, 1 Vergi Dava Dairesi ve Adalet Komisyonu yer alacak. &#8220;BUNDAN B\u00d6YLE ARTIK AVUKATLARIMIZ VE HEM\u015eEHR\u0130LER\u0130M\u0130Z&#8221; Kararla ilgili a\u00e7\u0131klama yapan AK Parti Antalya Milletvekili Mustafa K\u00f6se, &#8220;Cumhurba\u015fkan\u0131m\u0131z Say\u0131n Recep Tayyip Erdo\u011fan&#8217;\u0131n tensipleri, Adalet Bakan\u0131m\u0131z Say\u0131n Y\u0131lmaz Tun\u00e7&#8217;un organizasyonuyla Antalya B\u00f6lge \u0130dare Mahkemesi kurulmas\u0131 karar\u0131 Resmi Gazete&#8217;de yay\u0131mland\u0131. Bundan b\u00f6yle art\u0131k avukatlar\u0131m\u0131z ve hem\u015fehrilerimiz, B\u00f6lge \u0130dare Mahkemesi&#8217;ndeki davalar ve i\u015flemler i\u00e7in Konya&#8217;ya gitmek zorunda kalmayacak&#8221; dedi. &#8220;ANTALYA B\u00d6LGE \u0130DARE MAHKEMES\u0130&#8217;N\u0130N HAYIRLI OLMASINI D\u0130L\u0130YORUZ&#8221; K\u00f6se, uzun s\u00fcredir m\u00fccadele ettikleri bu geli\u015fmenin hem hukuk camias\u0131 hem de vatanda\u015flar a\u00e7\u0131s\u0131ndan b\u00fcy\u00fck bir kazan\u0131m oldu\u011funa dikkat \u00e7ekerek, &#8220;Burdur ve Isparta&#8217;n\u0131n da ba\u011fl\u0131 olaca\u011f\u0131 Antalya B\u00f6lge \u0130dare Mahkemesi&#8217;nin hay\u0131rl\u0131 olmas\u0131n\u0131 diliyoruz. Eme\u011fi ge\u00e7en herkese te\u015fekk\u00fcr ediyorum&#8221; ifadelerini kulland\u0131. Diyarbak\u0131r ve Kayseri&#8217;de de kurulacak yeni B\u00f6lge \u0130dare Mahkemeleriyle birlikte, T\u00fcrkiye&#8217;de idari ve vergi yarg\u0131lamalar\u0131n\u0131n daha k\u0131sa s\u00fcrede sonu\u00e7lanmas\u0131 ve b\u00f6lgesel eri\u015fimin kolayla\u015fmas\u0131 hedefleniyor. Ayr\u0131ca Diyarbak\u0131r&#8217;da 2. Vergi Mahkemesi de kuruldu. &#8220;ADALET H\u0130ZMET\u0130NE B\u00dcY\u00dcK G\u00dc\u00c7 KATACAK&#8221; AK Parti &hellip;"}

Av. Deniz Can Kızıl

Antalya Körfez

Antalya’da Bölge İdare Mahkemesi dönemi başlıyor

<blockquote class="wp-embedded-content" data-secret="51folQll9B"><a href="https://denizcankizil.tr/de/haberler/gundem/antalyada-bolge-idare-mahkemesi-donemi-basliyor/">Antalya’da Bölge İdare Mahkemesi dönemi başlıyor</a></blockquote><iframe sandbox="allow-scripts" security="restricted" src="https://denizcankizil.tr/de/haberler/gundem/antalyada-bolge-idare-mahkemesi-donemi-basliyor/embed/#?secret=51folQll9B" width="600" height="338" title="&#8222;Antalya’da Bölge İdare Mahkemesi dönemi başlıyor&#8220; &#8211; Av. Deniz Can Kızıl" data-secret="51folQll9B" frameborder="0" marginwidth="0" marginheight="0" scrolling="no" class="wp-embedded-content"></iframe><script>
/*! This file is auto-generated */
!function(d,l){"use strict";l.querySelector&&d.addEventListener&&"undefined"!=typeof URL&&(d.wp=d.wp||{},d.wp.receiveEmbedMessage||(d.wp.receiveEmbedMessage=function(e){var t=e.data;if((t||t.secret||t.message||t.value)&&!/[^a-zA-Z0-9]/.test(t.secret)){for(var s,r,n,a=l.querySelectorAll('iframe[data-secret="'+t.secret+'"]'),o=l.querySelectorAll('blockquote[data-secret="'+t.secret+'"]'),c=new RegExp("^https?:$","i"),i=0;i<o.length;i++)o[i].style.display="none";for(i=0;i<a.length;i++)s=a[i],e.source===s.contentWindow&&(s.removeAttribute("style"),"height"===t.message?(1e3<(r=parseInt(t.value,10))?r=1e3:~~r<200&&(r=200),s.height=r):"link"===t.message&&(r=new URL(s.getAttribute("src")),n=new URL(t.value),c.test(n.protocol))&&n.host===r.host&&l.activeElement===s&&(d.top.location.href=t.value))}},d.addEventListener("message",d.wp.receiveEmbedMessage,!1),l.addEventListener("DOMContentLoaded",function(){for(var e,t,s=l.querySelectorAll("iframe.wp-embedded-content"),r=0;r<s.length;r++)(t=(e=s[r]).getAttribute("data-secret"))||(t=Math.random().toString(36).substring(2,12),e.src+="#?secret="+t,e.setAttribute("data-secret",t)),e.contentWindow.postMessage({message:"ready",secret:t},"*")},!1)))}(window,document);
//# sourceURL=https://denizcankizil.tr/wp-includes/js/wp-embed.min.js
</script>

Resmi Gazete&#8217;de yayımlanan Cumhurbaşkanlığı kararıyla Antalya, Diyarbakır ve Kayseri&#8217;de yeni Bölge İdare Mahkemeleri kurulmasına karar verildi. Böylece Türkiye genelindeki Bölge İdare Mahkemesi sayısı 9&#8217;dan 12&#8217;ye yükseldi. Antalya Bölge İdare Mahkemesi&#8217;nin yargı çevresi Antalya, Burdur ve Isparta olarak belirlendi. Yeni kurulacak mahkemede; Bölge İdare Mahkemesi Başkanlığı, Başkanlar Kurulu, 8 İdari Dava Dairesi, 1 Vergi Dava Dairesi ve Adalet Komisyonu yer alacak. &#8220;BUNDAN BÖYLE ARTIK AVUKATLARIMIZ VE HEMŞEHRİLERİMİZ&#8221; Kararla ilgili açıklama yapan AK Parti Antalya Milletvekili Mustafa Köse, &#8220;Cumhurbaşkanımız Sayın Recep Tayyip Erdoğan&#8217;ın tensipleri, Adalet Bakanımız Sayın Yılmaz Tunç&#8217;un organizasyonuyla Antalya Bölge İdare Mahkemesi kurulması kararı Resmi Gazete&#8217;de yayımlandı. Bundan böyle artık avukatlarımız ve hemşehrilerimiz, Bölge İdare Mahkemesi&#8217;ndeki davalar ve işlemler için Konya&#8217;ya gitmek zorunda kalmayacak&#8221; dedi. &#8220;ANTALYA BÖLGE İDARE MAHKEMESİ&#8217;NİN HAYIRLI OLMASINI DİLİYORUZ&#8221; Köse, uzun süredir mücadele ettikleri bu gelişmenin hem hukuk camiası hem de vatandaşlar açısından büyük bir kazanım olduğuna dikkat çekerek, &#8220;Burdur ve Isparta&#8217;nın da bağlı olacağı Antalya Bölge İdare Mahkemesi&#8217;nin hayırlı olmasını diliyoruz. Emeği geçen herkese teşekkür ediyorum&#8221; ifadelerini kullandı. Diyarbakır ve Kayseri&#8217;de de kurulacak yeni Bölge İdare Mahkemeleriyle birlikte, Türkiye&#8217;de idari ve vergi yargılamalarının daha kısa sürede sonuçlanması ve bölgesel erişimin kolaylaşması hedefleniyor. Ayrıca Diyarbakır&#8217;da 2. Vergi Mahkemesi de kuruldu. &#8220;ADALET HİZMETİNE BÜYÜK GÜÇ KATACAK&#8221; AK Parti &hellip;
