{"version":"1.0","provider_name":"Av. Deniz Can K\u0131z\u0131l","provider_url":"https:\/\/denizcankizil.tr\/de","author_name":"Av. Deniz Can K\u0131z\u0131l","author_url":"https:\/\/denizcankizil.tr\/de\/author\/denizcankizil\/","title":"Ba\u015fkan Kotan'dan, \u00e7ocuklara sertifika","type":"rich","width":600,"height":338,"html":"<blockquote class=\"wp-embedded-content\" data-secret=\"EMpdswCJkB\"><a href=\"https:\/\/denizcankizil.tr\/de\/haberler\/antalya\/baskan-kotandan-cocuklara-sertifika\/\">Ba\u015fkan Kotan&#8217;dan, \u00e7ocuklara sertifika<\/a><\/blockquote><iframe sandbox=\"allow-scripts\" security=\"restricted\" src=\"https:\/\/denizcankizil.tr\/de\/haberler\/antalya\/baskan-kotandan-cocuklara-sertifika\/embed\/#?secret=EMpdswCJkB\" width=\"600\" height=\"338\" title=\"&#8222;Ba\u015fkan Kotan&#8217;dan, \u00e7ocuklara sertifika&#8220; &#8211; Av. Deniz Can K\u0131z\u0131l\" data-secret=\"EMpdswCJkB\" frameborder=\"0\" marginwidth=\"0\" marginheight=\"0\" scrolling=\"no\" class=\"wp-embedded-content\"><\/iframe><script>\n\/*! This file is auto-generated *\/\n!function(d,l){\"use strict\";l.querySelector&&d.addEventListener&&\"undefined\"!=typeof URL&&(d.wp=d.wp||{},d.wp.receiveEmbedMessage||(d.wp.receiveEmbedMessage=function(e){var t=e.data;if((t||t.secret||t.message||t.value)&&!\/[^a-zA-Z0-9]\/.test(t.secret)){for(var s,r,n,a=l.querySelectorAll('iframe[data-secret=\"'+t.secret+'\"]'),o=l.querySelectorAll('blockquote[data-secret=\"'+t.secret+'\"]'),c=new RegExp(\"^https?:$\",\"i\"),i=0;i<o.length;i++)o[i].style.display=\"none\";for(i=0;i<a.length;i++)s=a[i],e.source===s.contentWindow&&(s.removeAttribute(\"style\"),\"height\"===t.message?(1e3<(r=parseInt(t.value,10))?r=1e3:~~r<200&&(r=200),s.height=r):\"link\"===t.message&&(r=new URL(s.getAttribute(\"src\")),n=new URL(t.value),c.test(n.protocol))&&n.host===r.host&&l.activeElement===s&&(d.top.location.href=t.value))}},d.addEventListener(\"message\",d.wp.receiveEmbedMessage,!1),l.addEventListener(\"DOMContentLoaded\",function(){for(var e,t,s=l.querySelectorAll(\"iframe.wp-embedded-content\"),r=0;r<s.length;r++)(t=(e=s[r]).getAttribute(\"data-secret\"))||(t=Math.random().toString(36).substring(2,12),e.src+=\"#?secret=\"+t,e.setAttribute(\"data-secret\",t)),e.contentWindow.postMessage({message:\"ready\",secret:t},\"*\")},!1)))}(window,document);\n\/\/# sourceURL=https:\/\/denizcankizil.tr\/wp-includes\/js\/wp-embed.min.js\n<\/script>","description":"Konyaalt\u0131 Belediyesi, il\u00e7edeki t\u00fcm vatanda\u015flar\u0131 d\u00f6rt mevsim boyunca sporla bulu\u015fturmaya devam ediyor. Bu kapsamda d\u00fczenlenen K\u0131\u015f Spor Okullar\u0131&#8217;n\u0131n 2&#8217;nci d\u00f6nemi ger\u00e7ekle\u015fen sertifika t\u00f6reniyle tamamland\u0131. Kurslar\u0131 ba\u015far\u0131yla tamamlayan \u00e7ocuklara sertifikalar\u0131n\u0131, Konyaalt\u0131 Belediye Ba\u015fkan\u0131 Cem Kotan verdi. Ayr\u0131ca, Konyaalt\u0131 Belediyesi Toros Spor Tesisleri&#8217;nde ger\u00e7ekle\u015fen t\u00f6renden \u00f6nce, \u00e7ocuklar i\u00e7in \u00f6zel haz\u0131rlanan alanda etkinlikler de d\u00fczenlendi. \u00d6te yandan \u00e7ocuklar\u0131na destek olmak i\u00e7in t\u00f6rene kat\u0131lan aileler, kurslar i\u00e7in Ba\u015fkan Kotan&#8217;a ve t\u00fcm eme\u011fi ge\u00e7enlere te\u015fekk\u00fcr etti. Ba\u015fkan Kotan: &#8220;Sizler bizim gelece\u011fimizsiniz&#8221; Ger\u00e7ekle\u015fen sertifika t\u00f6reninde konu\u015fan Kotan, &#8220;Aylarca kurslar\u0131m\u0131za ba\u015far\u0131yla kat\u0131lan \u00e7ocuklar\u0131m\u0131z\u0131 ve onlara destek olan ailelerini tebrik ediyorum. \u00c7ocuklar\u0131m\u0131z i\u00e7in t\u00fcm gayretimizle \u00e7al\u0131\u015fmaya devam ediyoruz&#8221; dedi. Ekonomik bask\u0131lara ve kesintilere ra\u011fmen il\u00e7eyi k\u00fclt\u00fcr, sanat ve spor etkinlikleriyle bulu\u015fturduklar\u0131n\u0131 aktaran Kotan, &#8220;\u00c7ocuklar, sizler bizim gelece\u011fimizsiniz. Sizlerin ba\u015far\u0131l\u0131 olmas\u0131n\u0131 istiyoruz. Mustafa Kemal Atat\u00fcrk&#8217;\u00fcn yolunda ve ilkelerinin izinde gitmeye devam edece\u011fiz. Yolunuz da baht\u0131n\u0131z da a\u00e7\u0131k olsun&#8221; \u015feklinde konu\u015ftu. \u00c7ocuklardan Ba\u015fkan Kotan&#8217;a te\u015fekk\u00fcr mektubu Kurslara judo bran\u015f\u0131nda kat\u0131lan ve ba\u015far\u0131yla tamamlayan Cesur \u0130nan Olcay, t\u00fcm \u00f6\u011frenciler ad\u0131na bir te\u015fekk\u00fcr mektubu okudu. Minik cesur, okudu\u011fu mektubunda \u015fu ifadeleri dile getirdi: &#8220;Burada \u00e7ok \u015fey \u00f6\u011frendik. En \u00e7ok da yeni arkada\u015flar edinmeyi sevdim. Bu kurslarda bizleri bir araya getirdi\u011finiz i\u00e7in Ba\u015fkan\u0131m\u0131za ve \u00f6\u011fretmenlerimize t\u00fcm arkada\u015flar\u0131m ad\u0131na \u00e7ok te\u015fekk\u00fcr ederim. Ba\u015fkan\u0131m, bizlerin &hellip;"}

Av. Deniz Can Kızıl

Başkan Kotan'dan, çocuklara sertifika

<blockquote class="wp-embedded-content" data-secret="EMpdswCJkB"><a href="https://denizcankizil.tr/de/haberler/antalya/baskan-kotandan-cocuklara-sertifika/">Başkan Kotan&#8217;dan, çocuklara sertifika</a></blockquote><iframe sandbox="allow-scripts" security="restricted" src="https://denizcankizil.tr/de/haberler/antalya/baskan-kotandan-cocuklara-sertifika/embed/#?secret=EMpdswCJkB" width="600" height="338" title="&#8222;Başkan Kotan&#8217;dan, çocuklara sertifika&#8220; &#8211; Av. Deniz Can Kızıl" data-secret="EMpdswCJkB" frameborder="0" marginwidth="0" marginheight="0" scrolling="no" class="wp-embedded-content"></iframe><script>
/*! This file is auto-generated */
!function(d,l){"use strict";l.querySelector&&d.addEventListener&&"undefined"!=typeof URL&&(d.wp=d.wp||{},d.wp.receiveEmbedMessage||(d.wp.receiveEmbedMessage=function(e){var t=e.data;if((t||t.secret||t.message||t.value)&&!/[^a-zA-Z0-9]/.test(t.secret)){for(var s,r,n,a=l.querySelectorAll('iframe[data-secret="'+t.secret+'"]'),o=l.querySelectorAll('blockquote[data-secret="'+t.secret+'"]'),c=new RegExp("^https?:$","i"),i=0;i<o.length;i++)o[i].style.display="none";for(i=0;i<a.length;i++)s=a[i],e.source===s.contentWindow&&(s.removeAttribute("style"),"height"===t.message?(1e3<(r=parseInt(t.value,10))?r=1e3:~~r<200&&(r=200),s.height=r):"link"===t.message&&(r=new URL(s.getAttribute("src")),n=new URL(t.value),c.test(n.protocol))&&n.host===r.host&&l.activeElement===s&&(d.top.location.href=t.value))}},d.addEventListener("message",d.wp.receiveEmbedMessage,!1),l.addEventListener("DOMContentLoaded",function(){for(var e,t,s=l.querySelectorAll("iframe.wp-embedded-content"),r=0;r<s.length;r++)(t=(e=s[r]).getAttribute("data-secret"))||(t=Math.random().toString(36).substring(2,12),e.src+="#?secret="+t,e.setAttribute("data-secret",t)),e.contentWindow.postMessage({message:"ready",secret:t},"*")},!1)))}(window,document);
//# sourceURL=https://denizcankizil.tr/wp-includes/js/wp-embed.min.js
</script>

Konyaaltı Belediyesi, ilçedeki tüm vatandaşları dört mevsim boyunca sporla buluşturmaya devam ediyor. Bu kapsamda düzenlenen Kış Spor Okulları&#8217;nın 2&#8217;nci dönemi gerçekleşen sertifika töreniyle tamamlandı. Kursları başarıyla tamamlayan çocuklara sertifikalarını, Konyaaltı Belediye Başkanı Cem Kotan verdi. Ayrıca, Konyaaltı Belediyesi Toros Spor Tesisleri&#8217;nde gerçekleşen törenden önce, çocuklar için özel hazırlanan alanda etkinlikler de düzenlendi. Öte yandan çocuklarına destek olmak için törene katılan aileler, kurslar için Başkan Kotan&#8217;a ve tüm emeği geçenlere teşekkür etti. Başkan Kotan: &#8220;Sizler bizim geleceğimizsiniz&#8221; Gerçekleşen sertifika töreninde konuşan Kotan, &#8220;Aylarca kurslarımıza başarıyla katılan çocuklarımızı ve onlara destek olan ailelerini tebrik ediyorum. Çocuklarımız için tüm gayretimizle çalışmaya devam ediyoruz&#8221; dedi. Ekonomik baskılara ve kesintilere rağmen ilçeyi kültür, sanat ve spor etkinlikleriyle buluşturduklarını aktaran Kotan, &#8220;Çocuklar, sizler bizim geleceğimizsiniz. Sizlerin başarılı olmasını istiyoruz. Mustafa Kemal Atatürk&#8217;ün yolunda ve ilkelerinin izinde gitmeye devam edeceğiz. Yolunuz da bahtınız da açık olsun&#8221; şeklinde konuştu. Çocuklardan Başkan Kotan&#8217;a teşekkür mektubu Kurslara judo branşında katılan ve başarıyla tamamlayan Cesur İnan Olcay, tüm öğrenciler adına bir teşekkür mektubu okudu. Minik cesur, okuduğu mektubunda şu ifadeleri dile getirdi: &#8220;Burada çok şey öğrendik. En çok da yeni arkadaşlar edinmeyi sevdim. Bu kurslarda bizleri bir araya getirdiğiniz için Başkanımıza ve öğretmenlerimize tüm arkadaşlarım adına çok teşekkür ederim. Başkanım, bizlerin &hellip;
