{"version":"1.0","provider_name":"Av. Deniz Can K\u0131z\u0131l","provider_url":"https:\/\/denizcankizil.tr\/de","author_name":"Av. Deniz Can K\u0131z\u0131l","author_url":"https:\/\/denizcankizil.tr\/de","title":"42 ya\u015f\u0131ndaki adam evinde \u00f6l\u00fc bulundu","type":"rich","width":600,"height":338,"html":"<blockquote class=\"wp-embedded-content\" data-secret=\"giOYvvadxN\"><a href=\"https:\/\/denizcankizil.tr\/de\/haberler\/antalya\/42-yasindaki-adam-evinde-olu-bulundu\/\">42 ya\u015f\u0131ndaki adam evinde \u00f6l\u00fc bulundu<\/a><\/blockquote><iframe sandbox=\"allow-scripts\" security=\"restricted\" src=\"https:\/\/denizcankizil.tr\/de\/haberler\/antalya\/42-yasindaki-adam-evinde-olu-bulundu\/embed\/#?secret=giOYvvadxN\" width=\"600\" height=\"338\" title=\"&#8222;42 ya\u015f\u0131ndaki adam evinde \u00f6l\u00fc bulundu&#8220; &#8211; Av. Deniz Can K\u0131z\u0131l\" data-secret=\"giOYvvadxN\" frameborder=\"0\" marginwidth=\"0\" marginheight=\"0\" scrolling=\"no\" class=\"wp-embedded-content\"><\/iframe><script>\n\/*! This file is auto-generated *\/\n!function(d,l){\"use strict\";l.querySelector&&d.addEventListener&&\"undefined\"!=typeof URL&&(d.wp=d.wp||{},d.wp.receiveEmbedMessage||(d.wp.receiveEmbedMessage=function(e){var t=e.data;if((t||t.secret||t.message||t.value)&&!\/[^a-zA-Z0-9]\/.test(t.secret)){for(var s,r,n,a=l.querySelectorAll('iframe[data-secret=\"'+t.secret+'\"]'),o=l.querySelectorAll('blockquote[data-secret=\"'+t.secret+'\"]'),c=new RegExp(\"^https?:$\",\"i\"),i=0;i<o.length;i++)o[i].style.display=\"none\";for(i=0;i<a.length;i++)s=a[i],e.source===s.contentWindow&&(s.removeAttribute(\"style\"),\"height\"===t.message?(1e3<(r=parseInt(t.value,10))?r=1e3:~~r<200&&(r=200),s.height=r):\"link\"===t.message&&(r=new URL(s.getAttribute(\"src\")),n=new URL(t.value),c.test(n.protocol))&&n.host===r.host&&l.activeElement===s&&(d.top.location.href=t.value))}},d.addEventListener(\"message\",d.wp.receiveEmbedMessage,!1),l.addEventListener(\"DOMContentLoaded\",function(){for(var e,t,s=l.querySelectorAll(\"iframe.wp-embedded-content\"),r=0;r<s.length;r++)(t=(e=s[r]).getAttribute(\"data-secret\"))||(t=Math.random().toString(36).substring(2,12),e.src+=\"#?secret=\"+t,e.setAttribute(\"data-secret\",t)),e.contentWindow.postMessage({message:\"ready\",secret:t},\"*\")},!1)))}(window,document);\n\/\/# sourceURL=https:\/\/denizcankizil.tr\/wp-includes\/js\/wp-embed.min.js\n<\/script>","thumbnail_url":"https:\/\/denizcankizil.tr\/wp-content\/uploads\/2025\/01\/4029-01-Vuqvkt.jpeg","thumbnail_width":1280,"thumbnail_height":720,"description":"Olay, saat 09.50 s\u0131ralar\u0131nda Kepez il\u00e7esi Ayano\u011flu Mahallesi 1802 Sokak \u00fczerinde yer alan tek katl\u0131 evde meydana geldi. Telefonla Ramazan Onat&#8217;a ula\u015fmaya \u00e7al\u0131\u015fan ve haber alamayan yak\u0131nlar\u0131 eve geldi. Kap\u0131y\u0131 \u00e7almalar\u0131na ra\u011fmen cevap alamayan yak\u0131nlar\u0131, durumu 112 Acil \u00c7a\u011fr\u0131 Merkezi&#8217;ne bildirdi. \u0130hbarla adrese ekipler sevk edildi. K\u0131sa s\u00fcrede olay yerine ula\u015fan polis ve sa\u011fl\u0131k ekibi kap\u0131n\u0131n a\u00e7\u0131lmas\u0131yla i\u00e7eri girdi. Sa\u011fl\u0131k ekibinin yapt\u0131\u011f\u0131 incelemede, hareketsiz yatan Ramazan Onat&#8217;\u0131n hayat\u0131n\u0131 kaybetti\u011fi belirlendi. Belediye tabibinin \u00f6l\u00fcm\u00fc \u015f\u00fcpheli bulmas\u0131 \u00fczerine savc\u0131l\u0131k ve olay yeri inceleme ekiplerinin \u00e7al\u0131\u015fmas\u0131n\u0131n ard\u0131ndan Onat&#8217;\u0131n cans\u0131z bedeni Antalya Adli T\u0131p Kurumu Morgu&#8217;na kald\u0131r\u0131ld\u0131. Adrese gelen Onat&#8217;\u0131n yak\u0131nlar\u0131 b\u00fcy\u00fck \u00fcz\u00fcnt\u00fc ya\u015fad\u0131. Panjur i\u015fleriyle u\u011fra\u015fan Onat&#8217;\u0131n tek ya\u015fad\u0131\u011f\u0131, 4 Ocak g\u00fcn\u00fc do\u011fum g\u00fcn\u00fc oldu\u011fu \u00f6\u011frenildi. Kaynak: www.kanalv.com.tr Haber Sitesinden Al\u0131nm\u0131\u015ft\u0131r."}

Av. Deniz Can Kızıl

42 yaşındaki adam evinde ölü bulundu

<blockquote class="wp-embedded-content" data-secret="giOYvvadxN"><a href="https://denizcankizil.tr/de/haberler/antalya/42-yasindaki-adam-evinde-olu-bulundu/">42 yaşındaki adam evinde ölü bulundu</a></blockquote><iframe sandbox="allow-scripts" security="restricted" src="https://denizcankizil.tr/de/haberler/antalya/42-yasindaki-adam-evinde-olu-bulundu/embed/#?secret=giOYvvadxN" width="600" height="338" title="&#8222;42 yaşındaki adam evinde ölü bulundu&#8220; &#8211; Av. Deniz Can Kızıl" data-secret="giOYvvadxN" frameborder="0" marginwidth="0" marginheight="0" scrolling="no" class="wp-embedded-content"></iframe><script>
/*! This file is auto-generated */
!function(d,l){"use strict";l.querySelector&&d.addEventListener&&"undefined"!=typeof URL&&(d.wp=d.wp||{},d.wp.receiveEmbedMessage||(d.wp.receiveEmbedMessage=function(e){var t=e.data;if((t||t.secret||t.message||t.value)&&!/[^a-zA-Z0-9]/.test(t.secret)){for(var s,r,n,a=l.querySelectorAll('iframe[data-secret="'+t.secret+'"]'),o=l.querySelectorAll('blockquote[data-secret="'+t.secret+'"]'),c=new RegExp("^https?:$","i"),i=0;i<o.length;i++)o[i].style.display="none";for(i=0;i<a.length;i++)s=a[i],e.source===s.contentWindow&&(s.removeAttribute("style"),"height"===t.message?(1e3<(r=parseInt(t.value,10))?r=1e3:~~r<200&&(r=200),s.height=r):"link"===t.message&&(r=new URL(s.getAttribute("src")),n=new URL(t.value),c.test(n.protocol))&&n.host===r.host&&l.activeElement===s&&(d.top.location.href=t.value))}},d.addEventListener("message",d.wp.receiveEmbedMessage,!1),l.addEventListener("DOMContentLoaded",function(){for(var e,t,s=l.querySelectorAll("iframe.wp-embedded-content"),r=0;r<s.length;r++)(t=(e=s[r]).getAttribute("data-secret"))||(t=Math.random().toString(36).substring(2,12),e.src+="#?secret="+t,e.setAttribute("data-secret",t)),e.contentWindow.postMessage({message:"ready",secret:t},"*")},!1)))}(window,document);
//# sourceURL=https://denizcankizil.tr/wp-includes/js/wp-embed.min.js
</script>

Olay, saat 09.50 sıralarında Kepez ilçesi Ayanoğlu Mahallesi 1802 Sokak üzerinde yer alan tek katlı evde meydana geldi. Telefonla Ramazan Onat&#8217;a ulaşmaya çalışan ve haber alamayan yakınları eve geldi. Kapıyı çalmalarına rağmen cevap alamayan yakınları, durumu 112 Acil Çağrı Merkezi&#8217;ne bildirdi. İhbarla adrese ekipler sevk edildi. Kısa sürede olay yerine ulaşan polis ve sağlık ekibi kapının açılmasıyla içeri girdi. Sağlık ekibinin yaptığı incelemede, hareketsiz yatan Ramazan Onat&#8217;ın hayatını kaybettiği belirlendi. Belediye tabibinin ölümü şüpheli bulması üzerine savcılık ve olay yeri inceleme ekiplerinin çalışmasının ardından Onat&#8217;ın cansız bedeni Antalya Adli Tıp Kurumu Morgu&#8217;na kaldırıldı. Adrese gelen Onat&#8217;ın yakınları büyük üzüntü yaşadı. Panjur işleriyle uğraşan Onat&#8217;ın tek yaşadığı, 4 Ocak günü doğum günü olduğu öğrenildi. Kaynak: www.kanalv.com.tr Haber Sitesinden Alınmıştır.
