{"version":"1.0","provider_name":"Av. Deniz Can K\u0131z\u0131l","provider_url":"http:\/\/denizcankizil.tr\/ru","author_name":"admin","author_url":"http:\/\/denizcankizil.tr\/ru\/author\/admin\/","title":"Kar\u015f\u0131yaka\u2019da 19 May\u0131s festivalle kutlan\u0131yor!","type":"rich","width":600,"height":338,"html":"<blockquote class=\"wp-embedded-content\" data-secret=\"tRumjQxQQX\"><a href=\"http:\/\/denizcankizil.tr\/ru\/haberler\/gundem\/karsiyakada-19-mayis-festivalle-kutlaniyor\/\">Kar\u015f\u0131yaka\u2019da 19 May\u0131s festivalle kutlan\u0131yor!<\/a><\/blockquote><iframe sandbox=\"allow-scripts\" security=\"restricted\" src=\"http:\/\/denizcankizil.tr\/ru\/haberler\/gundem\/karsiyakada-19-mayis-festivalle-kutlaniyor\/embed\/#?secret=tRumjQxQQX\" width=\"600\" height=\"338\" title=\"\u00abKar\u015f\u0131yaka\u2019da 19 May\u0131s festivalle kutlan\u0131yor!\u00bb &#8212; Av. Deniz Can K\u0131z\u0131l\" data-secret=\"tRumjQxQQX\" frameborder=\"0\" marginwidth=\"0\" marginheight=\"0\" scrolling=\"no\" class=\"wp-embedded-content\"><\/iframe><script>\n\/*! This file is auto-generated *\/\n!function(d,l){\"use strict\";l.querySelector&&d.addEventListener&&\"undefined\"!=typeof URL&&(d.wp=d.wp||{},d.wp.receiveEmbedMessage||(d.wp.receiveEmbedMessage=function(e){var t=e.data;if((t||t.secret||t.message||t.value)&&!\/[^a-zA-Z0-9]\/.test(t.secret)){for(var s,r,n,a=l.querySelectorAll('iframe[data-secret=\"'+t.secret+'\"]'),o=l.querySelectorAll('blockquote[data-secret=\"'+t.secret+'\"]'),c=new RegExp(\"^https?:$\",\"i\"),i=0;i<o.length;i++)o[i].style.display=\"none\";for(i=0;i<a.length;i++)s=a[i],e.source===s.contentWindow&&(s.removeAttribute(\"style\"),\"height\"===t.message?(1e3<(r=parseInt(t.value,10))?r=1e3:~~r<200&&(r=200),s.height=r):\"link\"===t.message&&(r=new URL(s.getAttribute(\"src\")),n=new URL(t.value),c.test(n.protocol))&&n.host===r.host&&l.activeElement===s&&(d.top.location.href=t.value))}},d.addEventListener(\"message\",d.wp.receiveEmbedMessage,!1),l.addEventListener(\"DOMContentLoaded\",function(){for(var e,t,s=l.querySelectorAll(\"iframe.wp-embedded-content\"),r=0;r<s.length;r++)(t=(e=s[r]).getAttribute(\"data-secret\"))||(t=Math.random().toString(36).substring(2,12),e.src+=\"#?secret=\"+t,e.setAttribute(\"data-secret\",t)),e.contentWindow.postMessage({message:\"ready\",secret:t},\"*\")},!1)))}(window,document);\n\/\/# sourceURL=http:\/\/denizcankizil.tr\/wp-includes\/js\/wp-embed.min.js\n<\/script>","description":"Kar\u015f\u0131yaka Belediyesi, 19 May\u0131s Atat\u00fcrk\u2019\u00fc Anma Gen\u00e7lik ve Spor Bayram\u0131\u2019n\u0131 Bostanl\u0131 Z\u00fcht\u00fc I\u015f\u0131l Meydan\u0131\u2019nda \u201cGen\u00e7lik Festivali\u201d ile kutluyor. \u200bKar\u015f\u0131yaka Belediyesi, 19 May\u0131s Atat\u00fcrk\u2019\u00fc Anma Gen\u00e7lik ve Spor Bayram\u0131\u2019n\u0131 Bostanl\u0131 Z\u00fcht\u00fc I\u015f\u0131l Meydan\u0131\u2019nda \u201cGen\u00e7lik Festivali\u201d ile kutluyor.\u00a0 \u200bHaberin Al\u0131nt\u0131land\u0131\u011f\u0131 Kaynak: www.iskenderun.org"}

Av. Deniz Can Kızıl

Karşıyaka’da 19 Mayıs festivalle kutlanıyor!

<blockquote class="wp-embedded-content" data-secret="tRumjQxQQX"><a href="http://denizcankizil.tr/ru/haberler/gundem/karsiyakada-19-mayis-festivalle-kutlaniyor/">Karşıyaka’da 19 Mayıs festivalle kutlanıyor!</a></blockquote><iframe sandbox="allow-scripts" security="restricted" src="http://denizcankizil.tr/ru/haberler/gundem/karsiyakada-19-mayis-festivalle-kutlaniyor/embed/#?secret=tRumjQxQQX" width="600" height="338" title="«Karşıyaka’da 19 Mayıs festivalle kutlanıyor!» &#8212; Av. Deniz Can Kızıl" data-secret="tRumjQxQQX" frameborder="0" marginwidth="0" marginheight="0" scrolling="no" class="wp-embedded-content"></iframe><script>
/*! This file is auto-generated */
!function(d,l){"use strict";l.querySelector&&d.addEventListener&&"undefined"!=typeof URL&&(d.wp=d.wp||{},d.wp.receiveEmbedMessage||(d.wp.receiveEmbedMessage=function(e){var t=e.data;if((t||t.secret||t.message||t.value)&&!/[^a-zA-Z0-9]/.test(t.secret)){for(var s,r,n,a=l.querySelectorAll('iframe[data-secret="'+t.secret+'"]'),o=l.querySelectorAll('blockquote[data-secret="'+t.secret+'"]'),c=new RegExp("^https?:$","i"),i=0;i<o.length;i++)o[i].style.display="none";for(i=0;i<a.length;i++)s=a[i],e.source===s.contentWindow&&(s.removeAttribute("style"),"height"===t.message?(1e3<(r=parseInt(t.value,10))?r=1e3:~~r<200&&(r=200),s.height=r):"link"===t.message&&(r=new URL(s.getAttribute("src")),n=new URL(t.value),c.test(n.protocol))&&n.host===r.host&&l.activeElement===s&&(d.top.location.href=t.value))}},d.addEventListener("message",d.wp.receiveEmbedMessage,!1),l.addEventListener("DOMContentLoaded",function(){for(var e,t,s=l.querySelectorAll("iframe.wp-embedded-content"),r=0;r<s.length;r++)(t=(e=s[r]).getAttribute("data-secret"))||(t=Math.random().toString(36).substring(2,12),e.src+="#?secret="+t,e.setAttribute("data-secret",t)),e.contentWindow.postMessage({message:"ready",secret:t},"*")},!1)))}(window,document);
//# sourceURL=http://denizcankizil.tr/wp-includes/js/wp-embed.min.js
</script>

Karşıyaka Belediyesi, 19 Mayıs Atatürk’ü Anma Gençlik ve Spor Bayramı’nı Bostanlı Zühtü Işıl Meydanı’nda “Gençlik Festivali” ile kutluyor. ​Karşıyaka Belediyesi, 19 Mayıs Atatürk’ü Anma Gençlik ve Spor Bayramı’nı Bostanlı Zühtü Işıl Meydanı’nda “Gençlik Festivali” ile kutluyor.  ​Haberin Alıntılandığı Kaynak: www.iskenderun.org
