{"version":"1.0","provider_name":"Av. Deniz Can K\u0131z\u0131l","provider_url":"http:\/\/denizcankizil.tr\/ru","author_name":"Av. Deniz Can K\u0131z\u0131l","author_url":"http:\/\/denizcankizil.tr\/ru\/author\/denizcankizil\/","title":"Yaln\u0131z ya\u015fayan adam evinde \u00f6l\u00fc bulundu","type":"rich","width":600,"height":338,"html":"<blockquote class=\"wp-embedded-content\" data-secret=\"WuDLGU8KTb\"><a href=\"http:\/\/denizcankizil.tr\/ru\/haberler\/antalya\/yalniz-yasayan-adam-evinde-olu-bulundu\/\">Yaln\u0131z ya\u015fayan adam evinde \u00f6l\u00fc bulundu<\/a><\/blockquote><iframe sandbox=\"allow-scripts\" security=\"restricted\" src=\"http:\/\/denizcankizil.tr\/ru\/haberler\/antalya\/yalniz-yasayan-adam-evinde-olu-bulundu\/embed\/#?secret=WuDLGU8KTb\" width=\"600\" height=\"338\" title=\"\u00abYaln\u0131z ya\u015fayan adam evinde \u00f6l\u00fc bulundu\u00bb &#8212; Av. Deniz Can K\u0131z\u0131l\" data-secret=\"WuDLGU8KTb\" frameborder=\"0\" marginwidth=\"0\" marginheight=\"0\" scrolling=\"no\" class=\"wp-embedded-content\"><\/iframe><script>\n\/*! This file is auto-generated *\/\n!function(d,l){\"use strict\";l.querySelector&&d.addEventListener&&\"undefined\"!=typeof URL&&(d.wp=d.wp||{},d.wp.receiveEmbedMessage||(d.wp.receiveEmbedMessage=function(e){var t=e.data;if((t||t.secret||t.message||t.value)&&!\/[^a-zA-Z0-9]\/.test(t.secret)){for(var s,r,n,a=l.querySelectorAll('iframe[data-secret=\"'+t.secret+'\"]'),o=l.querySelectorAll('blockquote[data-secret=\"'+t.secret+'\"]'),c=new RegExp(\"^https?:$\",\"i\"),i=0;i<o.length;i++)o[i].style.display=\"none\";for(i=0;i<a.length;i++)s=a[i],e.source===s.contentWindow&&(s.removeAttribute(\"style\"),\"height\"===t.message?(1e3<(r=parseInt(t.value,10))?r=1e3:~~r<200&&(r=200),s.height=r):\"link\"===t.message&&(r=new URL(s.getAttribute(\"src\")),n=new URL(t.value),c.test(n.protocol))&&n.host===r.host&&l.activeElement===s&&(d.top.location.href=t.value))}},d.addEventListener(\"message\",d.wp.receiveEmbedMessage,!1),l.addEventListener(\"DOMContentLoaded\",function(){for(var e,t,s=l.querySelectorAll(\"iframe.wp-embedded-content\"),r=0;r<s.length;r++)(t=(e=s[r]).getAttribute(\"data-secret\"))||(t=Math.random().toString(36).substring(2,12),e.src+=\"#?secret=\"+t,e.setAttribute(\"data-secret\",t)),e.contentWindow.postMessage({message:\"ready\",secret:t},\"*\")},!1)))}(window,document);\n\/\/# sourceURL=http:\/\/denizcankizil.tr\/wp-includes\/js\/wp-embed.min.js\n<\/script>","description":"Olay, saat 12.15 s\u0131ralar\u0131nda \u0130stiklal Mahallesi Cevdet Sunay Caddesi 12013 Sokak \u00fczerindeki binan\u0131n 3&#8217;\u00fcnc\u00fc kat\u0131nda meydana geldi. Edinilen bilgiye g\u00f6re, kendisinden 2 g\u00fcnd\u00fcr haber alamayan yak\u0131nlar\u0131 Niyazi Yaman&#8217;\u0131 telefonla arad\u0131. Yaman&#8217;\u0131n telefonlara cevap vermemesi \u00fczerine daireye gelen bir yak\u0131n\u0131, kap\u0131y\u0131 a\u00e7\u0131p eve girdi\u011finde Niyazi Yaman&#8217;\u0131 yerde hareketsiz bir \u015fekilde buldu. 112 Acil \u00c7a\u011fr\u0131 Merkezine yap\u0131lan ihbar\u0131n ard\u0131ndan olay yerine polis ve sa\u011fl\u0131k ekipleri sevk edildi. Sa\u011fl\u0131k ekipleri yapt\u0131\u011f\u0131 incelemede Yaman&#8217;\u0131n hayat\u0131n\u0131 kaybetti\u011fini belirledi. Olay Yeri \u0130nceleme ekipleri taraf\u0131ndan yap\u0131lan \u00e7al\u0131\u015fman\u0131n ard\u0131ndan Cumhuriyet Savc\u0131s\u0131 olay yerine gelerek incelemede bulundu. Yaman&#8217;\u0131n cans\u0131z bedeni cenaze arac\u0131na al\u0131narak Gazipa\u015fa Devlet Hastanesi morguna kald\u0131r\u0131ld\u0131. Olayla ilgili tahkikat ba\u015flat\u0131ld\u0131. Kaynak: www.kanalv.com.tr Haber Sitesinden Al\u0131nm\u0131\u015ft\u0131r."}

Av. Deniz Can Kızıl

Yalnız yaşayan adam evinde ölü bulundu

<blockquote class="wp-embedded-content" data-secret="WuDLGU8KTb"><a href="http://denizcankizil.tr/ru/haberler/antalya/yalniz-yasayan-adam-evinde-olu-bulundu/">Yalnız yaşayan adam evinde ölü bulundu</a></blockquote><iframe sandbox="allow-scripts" security="restricted" src="http://denizcankizil.tr/ru/haberler/antalya/yalniz-yasayan-adam-evinde-olu-bulundu/embed/#?secret=WuDLGU8KTb" width="600" height="338" title="«Yalnız yaşayan adam evinde ölü bulundu» &#8212; Av. Deniz Can Kızıl" data-secret="WuDLGU8KTb" frameborder="0" marginwidth="0" marginheight="0" scrolling="no" class="wp-embedded-content"></iframe><script>
/*! This file is auto-generated */
!function(d,l){"use strict";l.querySelector&&d.addEventListener&&"undefined"!=typeof URL&&(d.wp=d.wp||{},d.wp.receiveEmbedMessage||(d.wp.receiveEmbedMessage=function(e){var t=e.data;if((t||t.secret||t.message||t.value)&&!/[^a-zA-Z0-9]/.test(t.secret)){for(var s,r,n,a=l.querySelectorAll('iframe[data-secret="'+t.secret+'"]'),o=l.querySelectorAll('blockquote[data-secret="'+t.secret+'"]'),c=new RegExp("^https?:$","i"),i=0;i<o.length;i++)o[i].style.display="none";for(i=0;i<a.length;i++)s=a[i],e.source===s.contentWindow&&(s.removeAttribute("style"),"height"===t.message?(1e3<(r=parseInt(t.value,10))?r=1e3:~~r<200&&(r=200),s.height=r):"link"===t.message&&(r=new URL(s.getAttribute("src")),n=new URL(t.value),c.test(n.protocol))&&n.host===r.host&&l.activeElement===s&&(d.top.location.href=t.value))}},d.addEventListener("message",d.wp.receiveEmbedMessage,!1),l.addEventListener("DOMContentLoaded",function(){for(var e,t,s=l.querySelectorAll("iframe.wp-embedded-content"),r=0;r<s.length;r++)(t=(e=s[r]).getAttribute("data-secret"))||(t=Math.random().toString(36).substring(2,12),e.src+="#?secret="+t,e.setAttribute("data-secret",t)),e.contentWindow.postMessage({message:"ready",secret:t},"*")},!1)))}(window,document);
//# sourceURL=http://denizcankizil.tr/wp-includes/js/wp-embed.min.js
</script>

Olay, saat 12.15 sıralarında İstiklal Mahallesi Cevdet Sunay Caddesi 12013 Sokak üzerindeki binanın 3&#8217;üncü katında meydana geldi. Edinilen bilgiye göre, kendisinden 2 gündür haber alamayan yakınları Niyazi Yaman&#8217;ı telefonla aradı. Yaman&#8217;ın telefonlara cevap vermemesi üzerine daireye gelen bir yakını, kapıyı açıp eve girdiğinde Niyazi Yaman&#8217;ı yerde hareketsiz bir şekilde buldu. 112 Acil Çağrı Merkezine yapılan ihbarın ardından olay yerine polis ve sağlık ekipleri sevk edildi. Sağlık ekipleri yaptığı incelemede Yaman&#8217;ın hayatını kaybettiğini belirledi. Olay Yeri İnceleme ekipleri tarafından yapılan çalışmanın ardından Cumhuriyet Savcısı olay yerine gelerek incelemede bulundu. Yaman&#8217;ın cansız bedeni cenaze aracına alınarak Gazipaşa Devlet Hastanesi morguna kaldırıldı. Olayla ilgili tahkikat başlatıldı. Kaynak: www.kanalv.com.tr Haber Sitesinden Alınmıştır.
