{"version":"1.0","provider_name":"Av. Deniz Can K\u0131z\u0131l","provider_url":"http:\/\/denizcankizil.tr\/en","author_name":"admin","author_url":"http:\/\/denizcankizil.tr\/en\/author\/admin\/","title":"Emekliden enflasyon ve Ge\u00e7im S\u0131k\u0131nt\u0131s\u0131na Tepkisi","type":"rich","width":600,"height":338,"html":"<blockquote class=\"wp-embedded-content\" data-secret=\"VA1cDk1U8C\"><a href=\"http:\/\/denizcankizil.tr\/en\/haberler\/gundem\/emekliden-enflasyon-ve-gecim-sikintisina-tepkisi\/\">Emekliden enflasyon ve Ge\u00e7im S\u0131k\u0131nt\u0131s\u0131na Tepkisi<\/a><\/blockquote><iframe sandbox=\"allow-scripts\" security=\"restricted\" src=\"http:\/\/denizcankizil.tr\/en\/haberler\/gundem\/emekliden-enflasyon-ve-gecim-sikintisina-tepkisi\/embed\/#?secret=VA1cDk1U8C\" width=\"600\" height=\"338\" title=\"&#8220;Emekliden enflasyon ve Ge\u00e7im S\u0131k\u0131nt\u0131s\u0131na Tepkisi&#8221; &#8212; Av. Deniz Can K\u0131z\u0131l\" data-secret=\"VA1cDk1U8C\" frameborder=\"0\" marginwidth=\"0\" marginheight=\"0\" scrolling=\"no\" class=\"wp-embedded-content\"><\/iframe><script>\n\/*! This file is auto-generated *\/\n!function(d,l){\"use strict\";l.querySelector&&d.addEventListener&&\"undefined\"!=typeof URL&&(d.wp=d.wp||{},d.wp.receiveEmbedMessage||(d.wp.receiveEmbedMessage=function(e){var t=e.data;if((t||t.secret||t.message||t.value)&&!\/[^a-zA-Z0-9]\/.test(t.secret)){for(var s,r,n,a=l.querySelectorAll('iframe[data-secret=\"'+t.secret+'\"]'),o=l.querySelectorAll('blockquote[data-secret=\"'+t.secret+'\"]'),c=new RegExp(\"^https?:$\",\"i\"),i=0;i<o.length;i++)o[i].style.display=\"none\";for(i=0;i<a.length;i++)s=a[i],e.source===s.contentWindow&&(s.removeAttribute(\"style\"),\"height\"===t.message?(1e3<(r=parseInt(t.value,10))?r=1e3:~~r<200&&(r=200),s.height=r):\"link\"===t.message&&(r=new URL(s.getAttribute(\"src\")),n=new URL(t.value),c.test(n.protocol))&&n.host===r.host&&l.activeElement===s&&(d.top.location.href=t.value))}},d.addEventListener(\"message\",d.wp.receiveEmbedMessage,!1),l.addEventListener(\"DOMContentLoaded\",function(){for(var e,t,s=l.querySelectorAll(\"iframe.wp-embedded-content\"),r=0;r<s.length;r++)(t=(e=s[r]).getAttribute(\"data-secret\"))||(t=Math.random().toString(36).substring(2,12),e.src+=\"#?secret=\"+t,e.setAttribute(\"data-secret\",t)),e.contentWindow.postMessage({message:\"ready\",secret:t},\"*\")},!1)))}(window,document);\n\/\/# sourceURL=http:\/\/denizcankizil.tr\/wp-includes\/js\/wp-embed.min.js\n<\/script>","description":"Ulucami Caddesi \u00fczerinde bulunan G\u00fcvercinli Parkta \u00fcyeleriyle birlikte T\u00dc\u0130K T\u00fcrkiye \u0130statistik Kurumu\u2019nun 5 May\u0131s 2025\u2019te a\u00e7\u0131klad\u0131\u011f\u0131 enflasyon verilerine ili\u015fkin sert a\u00e7\u0131klamalarda bulundu. Ba\u015fkan Mustafa \u00c7ankaya, a\u00e7\u0131klanan T\u00dcFE oranlar\u0131n\u0131n emeklilerin ya\u015fad\u0131\u011f\u0131 ger\u00e7ek ekonomik s\u0131k\u0131nt\u0131y\u0131 yans\u0131tmad\u0131\u011f\u0131n\u0131 belirterek, &#8220;Sahte T\u00dc\u0130K verilerine g\u00f6re de\u011fil, insanca ya\u015famaya yetecek maa\u015f istiyoruz&#8221; dedi. T\u00dc\u0130K VER\u0130LER\u0130 VE EMEKL\u0130 GER\u00c7E\u011e\u0130 Ba\u015fkan \u00c7ankaya a\u00e7\u0131klanan verilere de\u011finerek \u015funlar\u0131 payla\u015ft\u0131: \u201cT\u00dc\u0130K\u2019e g\u00f6re Nisan 2025 itibar\u0131yla: Ayl\u0131k T\u00dcFE art\u0131\u015f\u0131: %3,00. 2024 Aral\u0131k\u2019tan bu yana k\u00fcm\u00fclatif art\u0131\u015f: %13,36. Y\u0131ll\u0131k art\u0131\u015f (Nisan 2024\u2019e g\u00f6re): %37,86. On iki ayl\u0131k ortalama art\u0131\u015f: %48,73. Bu verilere g\u00f6re emeklilerin ikinci alt\u0131 ayl\u0131k zam oran\u0131na esas olacak enflasyonun ilk d\u00f6rt ay\u0131 %13,36 oldu.\u201d \u00c7ankaya, May\u0131s ve Haziran aylar\u0131n\u0131n verileriyle birlikte bu oran\u0131n daha da y\u00fckselece\u011fini ifade ederek ancak a\u00e7\u0131klanan resmi verilerin &#8220;minicik art\u0131\u015flar&#8221; oldu\u011funu savundu, bu oran\u0131n ya\u015fam ko\u015fullar\u0131yla ba\u011fda\u015fmad\u0131\u011f\u0131n\u0131 dile getirdi. \u00a0 &#8220;TEMMUZ BEKLENMEDEN EK ZAM \u015eART&#8221; En d\u00fc\u015f\u00fck emekli maa\u015f\u0131n\u0131n, en d\u00fc\u015f\u00fck memur maa\u015f\u0131na e\u015fitlenmesi gerekti\u011fini vurgulayan \u00c7ankaya, &#8220;T\u00fcm emekli, dul ve yetim ayl\u0131klar\u0131na Temmuz\u2019u beklemeden ek zam yap\u0131lmal\u0131d\u0131r&#8221; \u00e7a\u011fr\u0131s\u0131nda bulundu. \u00a0 BARINMA KR\u0130Z\u0130 DER\u0130NLE\u015e\u0130YOR: &#8220;K\u0130RA ARTI\u015eLARI KOCAMAN!&#8221; T\u00dc\u0130K\u2019in on iki ayl\u0131k ortalamalara g\u00f6re kira art\u0131\u015f oran\u0131n\u0131n %48,73 oldu\u011funu hat\u0131rlatan \u00c7ankaya, bu art\u0131\u015f\u0131n bar\u0131nma hakk\u0131n\u0131 tehdit eder boyuta ula\u015ft\u0131\u011f\u0131n\u0131 belirtti. \u00d6rneklerle kira art\u0131\u015flar\u0131n\u0131 a\u00e7\u0131klayan \u00c7ankaya, \u201c10 bin liral\u0131k &hellip;"}

Av. Deniz Can Kızıl

Emekliden enflasyon ve Geçim Sıkıntısına Tepkisi

<blockquote class="wp-embedded-content" data-secret="VA1cDk1U8C"><a href="http://denizcankizil.tr/en/haberler/gundem/emekliden-enflasyon-ve-gecim-sikintisina-tepkisi/">Emekliden enflasyon ve Geçim Sıkıntısına Tepkisi</a></blockquote><iframe sandbox="allow-scripts" security="restricted" src="http://denizcankizil.tr/en/haberler/gundem/emekliden-enflasyon-ve-gecim-sikintisina-tepkisi/embed/#?secret=VA1cDk1U8C" width="600" height="338" title="&#8220;Emekliden enflasyon ve Geçim Sıkıntısına Tepkisi&#8221; &#8212; Av. Deniz Can Kızıl" data-secret="VA1cDk1U8C" frameborder="0" marginwidth="0" marginheight="0" scrolling="no" class="wp-embedded-content"></iframe><script>
/*! This file is auto-generated */
!function(d,l){"use strict";l.querySelector&&d.addEventListener&&"undefined"!=typeof URL&&(d.wp=d.wp||{},d.wp.receiveEmbedMessage||(d.wp.receiveEmbedMessage=function(e){var t=e.data;if((t||t.secret||t.message||t.value)&&!/[^a-zA-Z0-9]/.test(t.secret)){for(var s,r,n,a=l.querySelectorAll('iframe[data-secret="'+t.secret+'"]'),o=l.querySelectorAll('blockquote[data-secret="'+t.secret+'"]'),c=new RegExp("^https?:$","i"),i=0;i<o.length;i++)o[i].style.display="none";for(i=0;i<a.length;i++)s=a[i],e.source===s.contentWindow&&(s.removeAttribute("style"),"height"===t.message?(1e3<(r=parseInt(t.value,10))?r=1e3:~~r<200&&(r=200),s.height=r):"link"===t.message&&(r=new URL(s.getAttribute("src")),n=new URL(t.value),c.test(n.protocol))&&n.host===r.host&&l.activeElement===s&&(d.top.location.href=t.value))}},d.addEventListener("message",d.wp.receiveEmbedMessage,!1),l.addEventListener("DOMContentLoaded",function(){for(var e,t,s=l.querySelectorAll("iframe.wp-embedded-content"),r=0;r<s.length;r++)(t=(e=s[r]).getAttribute("data-secret"))||(t=Math.random().toString(36).substring(2,12),e.src+="#?secret="+t,e.setAttribute("data-secret",t)),e.contentWindow.postMessage({message:"ready",secret:t},"*")},!1)))}(window,document);
//# sourceURL=http://denizcankizil.tr/wp-includes/js/wp-embed.min.js
</script>

Ulucami Caddesi üzerinde bulunan Güvercinli Parkta üyeleriyle birlikte TÜİK Türkiye İstatistik Kurumu’nun 5 Mayıs 2025’te açıkladığı enflasyon verilerine ilişkin sert açıklamalarda bulundu. Başkan Mustafa Çankaya, açıklanan TÜFE oranlarının emeklilerin yaşadığı gerçek ekonomik sıkıntıyı yansıtmadığını belirterek, &#8220;Sahte TÜİK verilerine göre değil, insanca yaşamaya yetecek maaş istiyoruz&#8221; dedi. TÜİK VERİLERİ VE EMEKLİ GERÇEĞİ Başkan Çankaya açıklanan verilere değinerek şunları paylaştı: “TÜİK’e göre Nisan 2025 itibarıyla: Aylık TÜFE artışı: %3,00. 2024 Aralık’tan bu yana kümülatif artış: %13,36. Yıllık artış (Nisan 2024’e göre): %37,86. On iki aylık ortalama artış: %48,73. Bu verilere göre emeklilerin ikinci altı aylık zam oranına esas olacak enflasyonun ilk dört ayı %13,36 oldu.” Çankaya, Mayıs ve Haziran aylarının verileriyle birlikte bu oranın daha da yükseleceğini ifade ederek ancak açıklanan resmi verilerin &#8220;minicik artışlar&#8221; olduğunu savundu, bu oranın yaşam koşullarıyla bağdaşmadığını dile getirdi.   &#8220;TEMMUZ BEKLENMEDEN EK ZAM ŞART&#8221; En düşük emekli maaşının, en düşük memur maaşına eşitlenmesi gerektiğini vurgulayan Çankaya, &#8220;Tüm emekli, dul ve yetim aylıklarına Temmuz’u beklemeden ek zam yapılmalıdır&#8221; çağrısında bulundu.   BARINMA KRİZİ DERİNLEŞİYOR: &#8220;KİRA ARTIŞLARI KOCAMAN!&#8221; TÜİK’in on iki aylık ortalamalara göre kira artış oranının %48,73 olduğunu hatırlatan Çankaya, bu artışın barınma hakkını tehdit eder boyuta ulaştığını belirtti. Örneklerle kira artışlarını açıklayan Çankaya, “10 bin liralık &hellip;
