{"version":"1.0","provider_name":"Av. Deniz Can K\u0131z\u0131l","provider_url":"http:\/\/denizcankizil.tr\/en","author_name":"admin","author_url":"http:\/\/denizcankizil.tr\/en\/author\/admin\/","title":"Ba\u015fkan \u00dcnsal\u2019dan taksi duraklar\u0131na bayram ziyareti","type":"rich","width":600,"height":338,"html":"<blockquote class=\"wp-embedded-content\" data-secret=\"g6joRm4Wmg\"><a href=\"http:\/\/denizcankizil.tr\/en\/haberler\/gundem\/baskan-unsaldan-taksi-duraklarina-bayram-ziyareti\/\">Ba\u015fkan \u00dcnsal\u2019dan taksi duraklar\u0131na bayram ziyareti<\/a><\/blockquote><iframe sandbox=\"allow-scripts\" security=\"restricted\" src=\"http:\/\/denizcankizil.tr\/en\/haberler\/gundem\/baskan-unsaldan-taksi-duraklarina-bayram-ziyareti\/embed\/#?secret=g6joRm4Wmg\" width=\"600\" height=\"338\" title=\"&#8220;Ba\u015fkan \u00dcnsal\u2019dan taksi duraklar\u0131na bayram ziyareti&#8221; &#8212; Av. Deniz Can K\u0131z\u0131l\" data-secret=\"g6joRm4Wmg\" frameborder=\"0\" marginwidth=\"0\" marginheight=\"0\" scrolling=\"no\" class=\"wp-embedded-content\"><\/iframe><script>\n\/*! This file is auto-generated *\/\n!function(d,l){\"use strict\";l.querySelector&&d.addEventListener&&\"undefined\"!=typeof URL&&(d.wp=d.wp||{},d.wp.receiveEmbedMessage||(d.wp.receiveEmbedMessage=function(e){var t=e.data;if((t||t.secret||t.message||t.value)&&!\/[^a-zA-Z0-9]\/.test(t.secret)){for(var s,r,n,a=l.querySelectorAll('iframe[data-secret=\"'+t.secret+'\"]'),o=l.querySelectorAll('blockquote[data-secret=\"'+t.secret+'\"]'),c=new RegExp(\"^https?:$\",\"i\"),i=0;i<o.length;i++)o[i].style.display=\"none\";for(i=0;i<a.length;i++)s=a[i],e.source===s.contentWindow&&(s.removeAttribute(\"style\"),\"height\"===t.message?(1e3<(r=parseInt(t.value,10))?r=1e3:~~r<200&&(r=200),s.height=r):\"link\"===t.message&&(r=new URL(s.getAttribute(\"src\")),n=new URL(t.value),c.test(n.protocol))&&n.host===r.host&&l.activeElement===s&&(d.top.location.href=t.value))}},d.addEventListener(\"message\",d.wp.receiveEmbedMessage,!1),l.addEventListener(\"DOMContentLoaded\",function(){for(var e,t,s=l.querySelectorAll(\"iframe.wp-embedded-content\"),r=0;r<s.length;r++)(t=(e=s[r]).getAttribute(\"data-secret\"))||(t=Math.random().toString(36).substring(2,12),e.src+=\"#?secret=\"+t,e.setAttribute(\"data-secret\",t)),e.contentWindow.postMessage({message:\"ready\",secret:t},\"*\")},!1)))}(window,document);\n\/\/# sourceURL=http:\/\/denizcankizil.tr\/wp-includes\/js\/wp-embed.min.js\n<\/script>","description":"Kar\u015f\u0131yaka Belediye Ba\u015fkan\u0131 Y\u0131ld\u0131z \u00dcnsal, il\u00e7edeki taksi duraklar\u0131n\u0131 ziyaret ederek emek\u00e7ilerin Kurban Bayram\u0131\u2019n\u0131 kutlad\u0131. \u200bKar\u015f\u0131yaka Belediye Ba\u015fkan\u0131 Y\u0131ld\u0131z \u00dcnsal, il\u00e7edeki taksi duraklar\u0131n\u0131 ziyaret ederek emek\u00e7ilerin Kurban Bayram\u0131\u2019n\u0131 kutlad\u0131.\u00a0 \u200bHaberin Al\u0131nt\u0131land\u0131\u011f\u0131 Kaynak: www.iskenderun.org"}

Av. Deniz Can Kızıl

Başkan Ünsal’dan taksi duraklarına bayram ziyareti

<blockquote class="wp-embedded-content" data-secret="g6joRm4Wmg"><a href="http://denizcankizil.tr/en/haberler/gundem/baskan-unsaldan-taksi-duraklarina-bayram-ziyareti/">Başkan Ünsal’dan taksi duraklarına bayram ziyareti</a></blockquote><iframe sandbox="allow-scripts" security="restricted" src="http://denizcankizil.tr/en/haberler/gundem/baskan-unsaldan-taksi-duraklarina-bayram-ziyareti/embed/#?secret=g6joRm4Wmg" width="600" height="338" title="&#8220;Başkan Ünsal’dan taksi duraklarına bayram ziyareti&#8221; &#8212; Av. Deniz Can Kızıl" data-secret="g6joRm4Wmg" frameborder="0" marginwidth="0" marginheight="0" scrolling="no" class="wp-embedded-content"></iframe><script>
/*! This file is auto-generated */
!function(d,l){"use strict";l.querySelector&&d.addEventListener&&"undefined"!=typeof URL&&(d.wp=d.wp||{},d.wp.receiveEmbedMessage||(d.wp.receiveEmbedMessage=function(e){var t=e.data;if((t||t.secret||t.message||t.value)&&!/[^a-zA-Z0-9]/.test(t.secret)){for(var s,r,n,a=l.querySelectorAll('iframe[data-secret="'+t.secret+'"]'),o=l.querySelectorAll('blockquote[data-secret="'+t.secret+'"]'),c=new RegExp("^https?:$","i"),i=0;i<o.length;i++)o[i].style.display="none";for(i=0;i<a.length;i++)s=a[i],e.source===s.contentWindow&&(s.removeAttribute("style"),"height"===t.message?(1e3<(r=parseInt(t.value,10))?r=1e3:~~r<200&&(r=200),s.height=r):"link"===t.message&&(r=new URL(s.getAttribute("src")),n=new URL(t.value),c.test(n.protocol))&&n.host===r.host&&l.activeElement===s&&(d.top.location.href=t.value))}},d.addEventListener("message",d.wp.receiveEmbedMessage,!1),l.addEventListener("DOMContentLoaded",function(){for(var e,t,s=l.querySelectorAll("iframe.wp-embedded-content"),r=0;r<s.length;r++)(t=(e=s[r]).getAttribute("data-secret"))||(t=Math.random().toString(36).substring(2,12),e.src+="#?secret="+t,e.setAttribute("data-secret",t)),e.contentWindow.postMessage({message:"ready",secret:t},"*")},!1)))}(window,document);
//# sourceURL=http://denizcankizil.tr/wp-includes/js/wp-embed.min.js
</script>

Karşıyaka Belediye Başkanı Yıldız Ünsal, ilçedeki taksi duraklarını ziyaret ederek emekçilerin Kurban Bayramı’nı kutladı. ​Karşıyaka Belediye Başkanı Yıldız Ünsal, ilçedeki taksi duraklarını ziyaret ederek emekçilerin Kurban Bayramı’nı kutladı.  ​Haberin Alıntılandığı Kaynak: www.iskenderun.org
