{"version":"1.0","provider_name":"Av. Deniz Can K\u0131z\u0131l","provider_url":"http:\/\/denizcankizil.tr\/en","author_name":"Av. Deniz Can K\u0131z\u0131l","author_url":"http:\/\/denizcankizil.tr\/en\/author\/denizcankizil\/","title":"Milli E\u011fitim'de koltuk de\u011fi\u015fimi","type":"rich","width":600,"height":338,"html":"<blockquote class=\"wp-embedded-content\" data-secret=\"KoNJIlA0UJ\"><a href=\"http:\/\/denizcankizil.tr\/en\/haberler\/antalya\/milli-egitimde-koltuk-degisimi\/\">Milli E\u011fitim&#8217;de koltuk de\u011fi\u015fimi<\/a><\/blockquote><iframe sandbox=\"allow-scripts\" security=\"restricted\" src=\"http:\/\/denizcankizil.tr\/en\/haberler\/antalya\/milli-egitimde-koltuk-degisimi\/embed\/#?secret=KoNJIlA0UJ\" width=\"600\" height=\"338\" title=\"&#8220;Milli E\u011fitim&#8217;de koltuk de\u011fi\u015fimi&#8221; &#8212; Av. Deniz Can K\u0131z\u0131l\" data-secret=\"KoNJIlA0UJ\" frameborder=\"0\" marginwidth=\"0\" marginheight=\"0\" scrolling=\"no\" class=\"wp-embedded-content\"><\/iframe><script>\n\/*! This file is auto-generated *\/\n!function(d,l){\"use strict\";l.querySelector&&d.addEventListener&&\"undefined\"!=typeof URL&&(d.wp=d.wp||{},d.wp.receiveEmbedMessage||(d.wp.receiveEmbedMessage=function(e){var t=e.data;if((t||t.secret||t.message||t.value)&&!\/[^a-zA-Z0-9]\/.test(t.secret)){for(var s,r,n,a=l.querySelectorAll('iframe[data-secret=\"'+t.secret+'\"]'),o=l.querySelectorAll('blockquote[data-secret=\"'+t.secret+'\"]'),c=new RegExp(\"^https?:$\",\"i\"),i=0;i<o.length;i++)o[i].style.display=\"none\";for(i=0;i<a.length;i++)s=a[i],e.source===s.contentWindow&&(s.removeAttribute(\"style\"),\"height\"===t.message?(1e3<(r=parseInt(t.value,10))?r=1e3:~~r<200&&(r=200),s.height=r):\"link\"===t.message&&(r=new URL(s.getAttribute(\"src\")),n=new URL(t.value),c.test(n.protocol))&&n.host===r.host&&l.activeElement===s&&(d.top.location.href=t.value))}},d.addEventListener(\"message\",d.wp.receiveEmbedMessage,!1),l.addEventListener(\"DOMContentLoaded\",function(){for(var e,t,s=l.querySelectorAll(\"iframe.wp-embedded-content\"),r=0;r<s.length;r++)(t=(e=s[r]).getAttribute(\"data-secret\"))||(t=Math.random().toString(36).substring(2,12),e.src+=\"#?secret=\"+t,e.setAttribute(\"data-secret\",t)),e.contentWindow.postMessage({message:\"ready\",secret:t},\"*\")},!1)))}(window,document);\n\/\/# sourceURL=http:\/\/denizcankizil.tr\/wp-includes\/js\/wp-embed.min.js\n<\/script>","thumbnail_url":"http:\/\/denizcankizil.tr\/wp-content\/uploads\/2025\/05\/6305-01-nNx2gP.jpg","thumbnail_width":1280,"thumbnail_height":720,"description":"Erzurum \u0130l Milli E\u011fitim M\u00fcd\u00fcr\u00fcyken 9 A\u011fustos 2023 tarihinde Antalya Milli E\u011fitim M\u00fcd\u00fcrl\u00fc\u011f\u00fc g\u00f6revine atanan Salih Kaygusuz, yakla\u015f\u0131k iki y\u0131ll\u0131k g\u00f6rev s\u00fcrecinin ard\u0131ndan Milli E\u011fitim Bakanl\u0131\u011f\u0131 Mesleki ve Teknik E\u011fitim Genel M\u00fcd\u00fcr\u00fc olarak Ankara&#8217;ya atand\u0131. 13 May\u0131s Sal\u0131 g\u00fcn\u00fc Milli E\u011fitim Bakanl\u0131\u011f\u0131&#8217;na \u00e7a\u011fr\u0131lan ve g\u00f6revi tevdi edilen Salih Kaygusuz&#8217;un yerine ise Milli E\u011fitim Bakanl\u0131\u011f\u0131 E\u011fitim Politikalar\u0131 Daire Ba\u015fkan\u0131 Mehmet Yasin Eri\u015f getirildi. SAL\u0130H KAYGUSUZ K\u0130MD\u0130R Erzurum&#8217;un Oltu il\u00e7esinde do\u011fan Salih Kaygusuz, ilk, orta ve lise e\u011fitimini memleketinde tamamlad\u0131. 1999 y\u0131l\u0131nda Atat\u00fcrk \u00dcniversitesi Fen Edebiyat Fak\u00fcltesi Co\u011frafya B\u00f6l\u00fcm\u00fc&#8217;nden mezun oldu. Ayn\u0131 \u00fcniversitenin Sosyal Bilimler Enstit\u00fcs\u00fc T\u00fcrkiye Co\u011frafyas\u0131 Anabilim Dal\u0131&#8217;nda y\u00fcksek lisans\u0131n\u0131 tamamlayan Kaygusuz, ayr\u0131ca Anadolu \u00dcniversitesi \u0130ktisat Fak\u00fcltesi Kamu Y\u00f6netimi B\u00f6l\u00fcm\u00fc&#8217;n\u00fc de bitirdi. Meslek hayat\u0131na 1999 y\u0131l\u0131nda Esenyama\u00e7 \u0130lkokulu&#8217;nda \u00f6\u011fretmen olarak ba\u015flayan Kaygusuz, farkl\u0131 okullarda m\u00fcd\u00fcr yard\u0131mc\u0131l\u0131\u011f\u0131 ve okul m\u00fcd\u00fcrl\u00fc\u011f\u00fc yapt\u0131. 2013-2015 y\u0131llar\u0131 aras\u0131nda Kredi ve Yurtlar Kurumu Genel M\u00fcd\u00fcrl\u00fc\u011f\u00fcnde \u015fube m\u00fcd\u00fcrl\u00fc\u011f\u00fc g\u00f6revini icra etti. Kaygusuz, 2015-2018 y\u0131llar\u0131 aras\u0131nda KYK Erzurum B\u00f6lge M\u00fcd\u00fcr\u00fc, 2018-2023 y\u0131llar\u0131 aras\u0131nda ise KYK Erzurum \u0130l M\u00fcd\u00fcr\u00fc, 2023-2025 y\u0131llar\u0131 aras\u0131nda Antalya Milli E\u011fitim M\u00fcd\u00fcr\u00fc olarak g\u00f6rev yapt\u0131. Kaynak: www.kanalv.com.tr Haber Sitesinden Al\u0131nm\u0131\u015ft\u0131r."}

Av. Deniz Can Kızıl

Milli Eğitim'de koltuk değişimi

<blockquote class="wp-embedded-content" data-secret="KoNJIlA0UJ"><a href="http://denizcankizil.tr/en/haberler/antalya/milli-egitimde-koltuk-degisimi/">Milli Eğitim&#8217;de koltuk değişimi</a></blockquote><iframe sandbox="allow-scripts" security="restricted" src="http://denizcankizil.tr/en/haberler/antalya/milli-egitimde-koltuk-degisimi/embed/#?secret=KoNJIlA0UJ" width="600" height="338" title="&#8220;Milli Eğitim&#8217;de koltuk değişimi&#8221; &#8212; Av. Deniz Can Kızıl" data-secret="KoNJIlA0UJ" frameborder="0" marginwidth="0" marginheight="0" scrolling="no" class="wp-embedded-content"></iframe><script>
/*! This file is auto-generated */
!function(d,l){"use strict";l.querySelector&&d.addEventListener&&"undefined"!=typeof URL&&(d.wp=d.wp||{},d.wp.receiveEmbedMessage||(d.wp.receiveEmbedMessage=function(e){var t=e.data;if((t||t.secret||t.message||t.value)&&!/[^a-zA-Z0-9]/.test(t.secret)){for(var s,r,n,a=l.querySelectorAll('iframe[data-secret="'+t.secret+'"]'),o=l.querySelectorAll('blockquote[data-secret="'+t.secret+'"]'),c=new RegExp("^https?:$","i"),i=0;i<o.length;i++)o[i].style.display="none";for(i=0;i<a.length;i++)s=a[i],e.source===s.contentWindow&&(s.removeAttribute("style"),"height"===t.message?(1e3<(r=parseInt(t.value,10))?r=1e3:~~r<200&&(r=200),s.height=r):"link"===t.message&&(r=new URL(s.getAttribute("src")),n=new URL(t.value),c.test(n.protocol))&&n.host===r.host&&l.activeElement===s&&(d.top.location.href=t.value))}},d.addEventListener("message",d.wp.receiveEmbedMessage,!1),l.addEventListener("DOMContentLoaded",function(){for(var e,t,s=l.querySelectorAll("iframe.wp-embedded-content"),r=0;r<s.length;r++)(t=(e=s[r]).getAttribute("data-secret"))||(t=Math.random().toString(36).substring(2,12),e.src+="#?secret="+t,e.setAttribute("data-secret",t)),e.contentWindow.postMessage({message:"ready",secret:t},"*")},!1)))}(window,document);
//# sourceURL=http://denizcankizil.tr/wp-includes/js/wp-embed.min.js
</script>

Erzurum İl Milli Eğitim Müdürüyken 9 Ağustos 2023 tarihinde Antalya Milli Eğitim Müdürlüğü görevine atanan Salih Kaygusuz, yaklaşık iki yıllık görev sürecinin ardından Milli Eğitim Bakanlığı Mesleki ve Teknik Eğitim Genel Müdürü olarak Ankara&#8217;ya atandı. 13 Mayıs Salı günü Milli Eğitim Bakanlığı&#8217;na çağrılan ve görevi tevdi edilen Salih Kaygusuz&#8217;un yerine ise Milli Eğitim Bakanlığı Eğitim Politikaları Daire Başkanı Mehmet Yasin Eriş getirildi. SALİH KAYGUSUZ KİMDİR Erzurum&#8217;un Oltu ilçesinde doğan Salih Kaygusuz, ilk, orta ve lise eğitimini memleketinde tamamladı. 1999 yılında Atatürk Üniversitesi Fen Edebiyat Fakültesi Coğrafya Bölümü&#8217;nden mezun oldu. Aynı üniversitenin Sosyal Bilimler Enstitüsü Türkiye Coğrafyası Anabilim Dalı&#8217;nda yüksek lisansını tamamlayan Kaygusuz, ayrıca Anadolu Üniversitesi İktisat Fakültesi Kamu Yönetimi Bölümü&#8217;nü de bitirdi. Meslek hayatına 1999 yılında Esenyamaç İlkokulu&#8217;nda öğretmen olarak başlayan Kaygusuz, farklı okullarda müdür yardımcılığı ve okul müdürlüğü yaptı. 2013-2015 yılları arasında Kredi ve Yurtlar Kurumu Genel Müdürlüğünde şube müdürlüğü görevini icra etti. Kaygusuz, 2015-2018 yılları arasında KYK Erzurum Bölge Müdürü, 2018-2023 yılları arasında ise KYK Erzurum İl Müdürü, 2023-2025 yılları arasında Antalya Milli Eğitim Müdürü olarak görev yaptı. Kaynak: www.kanalv.com.tr Haber Sitesinden Alınmıştır.
