{"version":"1.0","provider_name":"Av. Deniz Can K\u0131z\u0131l","provider_url":"http:\/\/denizcankizil.tr\/en","author_name":"Av. Deniz Can K\u0131z\u0131l","author_url":"http:\/\/denizcankizil.tr\/en","title":"Ferdi Tayfur hayran\u0131 g\u00f6zalt\u0131na al\u0131nd\u0131","type":"rich","width":600,"height":338,"html":"<blockquote class=\"wp-embedded-content\" data-secret=\"7gJ6kjZ825\"><a href=\"http:\/\/denizcankizil.tr\/en\/haberler\/antalya\/ferdi-tayfur-hayrani-gozaltina-alindi\/\">Ferdi Tayfur hayran\u0131 g\u00f6zalt\u0131na al\u0131nd\u0131<\/a><\/blockquote><iframe sandbox=\"allow-scripts\" security=\"restricted\" src=\"http:\/\/denizcankizil.tr\/en\/haberler\/antalya\/ferdi-tayfur-hayrani-gozaltina-alindi\/embed\/#?secret=7gJ6kjZ825\" width=\"600\" height=\"338\" title=\"&#8220;Ferdi Tayfur hayran\u0131 g\u00f6zalt\u0131na al\u0131nd\u0131&#8221; &#8212; Av. Deniz Can K\u0131z\u0131l\" data-secret=\"7gJ6kjZ825\" frameborder=\"0\" marginwidth=\"0\" marginheight=\"0\" scrolling=\"no\" class=\"wp-embedded-content\"><\/iframe><script>\n\/*! This file is auto-generated *\/\n!function(d,l){\"use strict\";l.querySelector&&d.addEventListener&&\"undefined\"!=typeof URL&&(d.wp=d.wp||{},d.wp.receiveEmbedMessage||(d.wp.receiveEmbedMessage=function(e){var t=e.data;if((t||t.secret||t.message||t.value)&&!\/[^a-zA-Z0-9]\/.test(t.secret)){for(var s,r,n,a=l.querySelectorAll('iframe[data-secret=\"'+t.secret+'\"]'),o=l.querySelectorAll('blockquote[data-secret=\"'+t.secret+'\"]'),c=new RegExp(\"^https?:$\",\"i\"),i=0;i<o.length;i++)o[i].style.display=\"none\";for(i=0;i<a.length;i++)s=a[i],e.source===s.contentWindow&&(s.removeAttribute(\"style\"),\"height\"===t.message?(1e3<(r=parseInt(t.value,10))?r=1e3:~~r<200&&(r=200),s.height=r):\"link\"===t.message&&(r=new URL(s.getAttribute(\"src\")),n=new URL(t.value),c.test(n.protocol))&&n.host===r.host&&l.activeElement===s&&(d.top.location.href=t.value))}},d.addEventListener(\"message\",d.wp.receiveEmbedMessage,!1),l.addEventListener(\"DOMContentLoaded\",function(){for(var e,t,s=l.querySelectorAll(\"iframe.wp-embedded-content\"),r=0;r<s.length;r++)(t=(e=s[r]).getAttribute(\"data-secret\"))||(t=Math.random().toString(36).substring(2,12),e.src+=\"#?secret=\"+t,e.setAttribute(\"data-secret\",t)),e.contentWindow.postMessage({message:\"ready\",secret:t},\"*\")},!1)))}(window,document);\n\/\/# sourceURL=http:\/\/denizcankizil.tr\/wp-includes\/js\/wp-embed.min.js\n<\/script>","thumbnail_url":"http:\/\/denizcankizil.tr\/wp-content\/uploads\/2025\/01\/3883-01-DfjPZW.jpeg","thumbnail_width":1280,"thumbnail_height":720,"description":"D\u00fcn ak\u015fam saatlerinde Antalya&#8217;da tedavi g\u00f6rd\u00fc\u011f\u00fc hastanede hayat\u0131n\u0131 kaybeden Ferdi Tayfur&#8217;un \u00f6l\u00fcm\u00fcn\u00fcn ard\u0131ndan \u00fcnl\u00fc sanat\u00e7\u0131ya hayranl\u0131\u011f\u0131 ve benzerli\u011fi ile g\u00fcndeme gelen T.S.\u00dc. g\u00f6zalt\u0131na al\u0131nd\u0131. Sosyal medya platformlar\u0131nda T.S.\u00dc.&#8217;n\u00fcn Kuran-\u0131 Kerim&#8217;in \u00fczerine \u00e7\u0131kt\u0131\u011f\u0131 ve ard\u0131ndan oturdu\u011fu g\u00f6r\u00fcnt\u00fclerin yay\u0131lmas\u0131 \u00fczerine Antalya Emniyet M\u00fcd\u00fcrl\u00fc\u011f\u00fc ekipleri genci gece saatlerinde ikametinde g\u00f6zalt\u0131na ald\u0131. &#8216;Dini De\u011ferleri A\u015fa\u011f\u0131lama&#8217; su\u00e7undan g\u00f6zalt\u0131na al\u0131nan T.S.\u00dc. Antalya Emniyet M\u00fcd\u00fcrl\u00fc\u011f\u00fc \u00c7ocuk \u015eube M\u00fcd\u00fcrl\u00fc\u011f\u00fc&#8217;ne g\u00f6t\u00fcr\u00fcld\u00fc. Antalya Emniyeti&#8217;nden a\u00e7\u0131klama Antalya Emniyet M\u00fcd\u00fcrl\u00fc\u011f\u00fc taraf\u0131ndan olayla ilgili olarak yap\u0131lan a\u00e7\u0131klamada ise \u201c03.01.2025 tarihinde baz\u0131 sosyal medya hesaplar\u0131nda &#8220;Ferdi Tayfur hayran\u0131 olan T.S.\u00dc. Ferdi Tayfur&#8217;un \u00f6l\u00fcm\u00fc \u00fczerine Kuran-\u0131 Kerim&#8217;in hem \u00fcst\u00fcne oturdu hem de \u00fcst\u00fcne bast\u0131&#8221; \u015feklinde ifadelerin yer ald\u0131\u011f\u0131 payla\u015f\u0131mlar\u0131n yap\u0131ld\u0131\u011f\u0131 g\u00f6r\u00fclm\u00fc\u015ft\u00fcr. Emniyet M\u00fcd\u00fcrl\u00fc\u011f\u00fcm\u00fcz birimlerimizce yap\u0131lan \u00e7al\u0131\u015fmalarda bug\u00fcn video i\u00e7eri\u011findeki T.S.\u00dc. isimli \u015fah\u0131s ikamet adresinde yakalanm\u0131\u015ft\u0131r\u201d ifadelerine yer verildi. Kaynak: www.kanalv.com.tr Haber Sitesinden Al\u0131nm\u0131\u015ft\u0131r."}

Av. Deniz Can Kızıl

Ferdi Tayfur hayranı gözaltına alındı

<blockquote class="wp-embedded-content" data-secret="7gJ6kjZ825"><a href="http://denizcankizil.tr/en/haberler/antalya/ferdi-tayfur-hayrani-gozaltina-alindi/">Ferdi Tayfur hayranı gözaltına alındı</a></blockquote><iframe sandbox="allow-scripts" security="restricted" src="http://denizcankizil.tr/en/haberler/antalya/ferdi-tayfur-hayrani-gozaltina-alindi/embed/#?secret=7gJ6kjZ825" width="600" height="338" title="&#8220;Ferdi Tayfur hayranı gözaltına alındı&#8221; &#8212; Av. Deniz Can Kızıl" data-secret="7gJ6kjZ825" frameborder="0" marginwidth="0" marginheight="0" scrolling="no" class="wp-embedded-content"></iframe><script>
/*! This file is auto-generated */
!function(d,l){"use strict";l.querySelector&&d.addEventListener&&"undefined"!=typeof URL&&(d.wp=d.wp||{},d.wp.receiveEmbedMessage||(d.wp.receiveEmbedMessage=function(e){var t=e.data;if((t||t.secret||t.message||t.value)&&!/[^a-zA-Z0-9]/.test(t.secret)){for(var s,r,n,a=l.querySelectorAll('iframe[data-secret="'+t.secret+'"]'),o=l.querySelectorAll('blockquote[data-secret="'+t.secret+'"]'),c=new RegExp("^https?:$","i"),i=0;i<o.length;i++)o[i].style.display="none";for(i=0;i<a.length;i++)s=a[i],e.source===s.contentWindow&&(s.removeAttribute("style"),"height"===t.message?(1e3<(r=parseInt(t.value,10))?r=1e3:~~r<200&&(r=200),s.height=r):"link"===t.message&&(r=new URL(s.getAttribute("src")),n=new URL(t.value),c.test(n.protocol))&&n.host===r.host&&l.activeElement===s&&(d.top.location.href=t.value))}},d.addEventListener("message",d.wp.receiveEmbedMessage,!1),l.addEventListener("DOMContentLoaded",function(){for(var e,t,s=l.querySelectorAll("iframe.wp-embedded-content"),r=0;r<s.length;r++)(t=(e=s[r]).getAttribute("data-secret"))||(t=Math.random().toString(36).substring(2,12),e.src+="#?secret="+t,e.setAttribute("data-secret",t)),e.contentWindow.postMessage({message:"ready",secret:t},"*")},!1)))}(window,document);
//# sourceURL=http://denizcankizil.tr/wp-includes/js/wp-embed.min.js
</script>

Dün akşam saatlerinde Antalya&#8217;da tedavi gördüğü hastanede hayatını kaybeden Ferdi Tayfur&#8217;un ölümünün ardından ünlü sanatçıya hayranlığı ve benzerliği ile gündeme gelen T.S.Ü. gözaltına alındı. Sosyal medya platformlarında T.S.Ü.&#8217;nün Kuran-ı Kerim&#8217;in üzerine çıktığı ve ardından oturduğu görüntülerin yayılması üzerine Antalya Emniyet Müdürlüğü ekipleri genci gece saatlerinde ikametinde gözaltına aldı. &#8216;Dini Değerleri Aşağılama&#8217; suçundan gözaltına alınan T.S.Ü. Antalya Emniyet Müdürlüğü Çocuk Şube Müdürlüğü&#8217;ne götürüldü. Antalya Emniyeti&#8217;nden açıklama Antalya Emniyet Müdürlüğü tarafından olayla ilgili olarak yapılan açıklamada ise “03.01.2025 tarihinde bazı sosyal medya hesaplarında &#8220;Ferdi Tayfur hayranı olan T.S.Ü. Ferdi Tayfur&#8217;un ölümü üzerine Kuran-ı Kerim&#8217;in hem üstüne oturdu hem de üstüne bastı&#8221; şeklinde ifadelerin yer aldığı paylaşımların yapıldığı görülmüştür. Emniyet Müdürlüğümüz birimlerimizce yapılan çalışmalarda bugün video içeriğindeki T.S.Ü. isimli şahıs ikamet adresinde yakalanmıştır” ifadelerine yer verildi. Kaynak: www.kanalv.com.tr Haber Sitesinden Alınmıştır.
