{"version":"1.0","provider_name":"Av. Deniz Can K\u0131z\u0131l","provider_url":"http:\/\/denizcankizil.tr\/de","author_name":"Antalya K\u00f6rfez","author_url":"http:\/\/denizcankizil.tr\/de\/author\/www-antalyakorfez-com\/","title":"Son Dakika: Gazeteci Fatih Altayl\u0131 g\u00f6zalt\u0131na al\u0131nd\u0131!","type":"rich","width":600,"height":338,"html":"<blockquote class=\"wp-embedded-content\" data-secret=\"BIjY0MECcK\"><a href=\"http:\/\/denizcankizil.tr\/de\/haberler\/gundem\/son-dakika-gazeteci-fatih-altayli-gozaltina-alindi\/\">Son Dakika: Gazeteci Fatih Altayl\u0131 g\u00f6zalt\u0131na al\u0131nd\u0131!<\/a><\/blockquote><iframe sandbox=\"allow-scripts\" security=\"restricted\" src=\"http:\/\/denizcankizil.tr\/de\/haberler\/gundem\/son-dakika-gazeteci-fatih-altayli-gozaltina-alindi\/embed\/#?secret=BIjY0MECcK\" width=\"600\" height=\"338\" title=\"&#8222;Son Dakika: Gazeteci Fatih Altayl\u0131 g\u00f6zalt\u0131na al\u0131nd\u0131!&#8220; &#8211; Av. Deniz Can K\u0131z\u0131l\" data-secret=\"BIjY0MECcK\" frameborder=\"0\" marginwidth=\"0\" marginheight=\"0\" scrolling=\"no\" class=\"wp-embedded-content\"><\/iframe><script>\n\/*! This file is auto-generated *\/\n!function(d,l){\"use strict\";l.querySelector&&d.addEventListener&&\"undefined\"!=typeof URL&&(d.wp=d.wp||{},d.wp.receiveEmbedMessage||(d.wp.receiveEmbedMessage=function(e){var t=e.data;if((t||t.secret||t.message||t.value)&&!\/[^a-zA-Z0-9]\/.test(t.secret)){for(var s,r,n,a=l.querySelectorAll('iframe[data-secret=\"'+t.secret+'\"]'),o=l.querySelectorAll('blockquote[data-secret=\"'+t.secret+'\"]'),c=new RegExp(\"^https?:$\",\"i\"),i=0;i<o.length;i++)o[i].style.display=\"none\";for(i=0;i<a.length;i++)s=a[i],e.source===s.contentWindow&&(s.removeAttribute(\"style\"),\"height\"===t.message?(1e3<(r=parseInt(t.value,10))?r=1e3:~~r<200&&(r=200),s.height=r):\"link\"===t.message&&(r=new URL(s.getAttribute(\"src\")),n=new URL(t.value),c.test(n.protocol))&&n.host===r.host&&l.activeElement===s&&(d.top.location.href=t.value))}},d.addEventListener(\"message\",d.wp.receiveEmbedMessage,!1),l.addEventListener(\"DOMContentLoaded\",function(){for(var e,t,s=l.querySelectorAll(\"iframe.wp-embedded-content\"),r=0;r<s.length;r++)(t=(e=s[r]).getAttribute(\"data-secret\"))||(t=Math.random().toString(36).substring(2,12),e.src+=\"#?secret=\"+t,e.setAttribute(\"data-secret\",t)),e.contentWindow.postMessage({message:\"ready\",secret:t},\"*\")},!1)))}(window,document);\n\/\/# sourceURL=http:\/\/denizcankizil.tr\/wp-includes\/js\/wp-embed.min.js\n<\/script>","description":"Tan\u0131nm\u0131\u015f gazeteci Fatih Altayl\u0131, ak\u015fam saatlerinde \u0130stanbul&#8217;da g\u00f6zalt\u0131na al\u0131nd\u0131. G\u00f6zalt\u0131 karar\u0131, hakk\u0131nda &#8220;Cumhurba\u015fkan\u0131na tehdit ve hakaret&#8221; su\u00e7lamas\u0131yla resen ba\u015flat\u0131lan bir soru\u015fturma \u00e7er\u00e7evesinde al\u0131nd\u0131. Altayl\u0131 g\u00f6z alt\u0131na al\u0131nmadan \u00f6nce Cumhurba\u015fkan\u0131 Ba\u015fdan\u0131\u015fman\u0131 Oktay Saral, sosyal medya \u00fczerinden, &#8220;Senin suyun \u0131s\u0131nd\u0131&#8221; payla\u015f\u0131m\u0131 yapm\u0131\u015ft\u0131. SU\u00c7LAMA VE HUKUK\u0130 S\u00dcRE\u00c7 Fatih Altayl\u0131 hakk\u0131nda ba\u015flat\u0131lan soru\u015fturman\u0131n temelini, T\u00fcrk Ceza Kanunu&#8217;nda yer alan &#8220;Cumhurba\u015fkan\u0131na hakaret&#8221; ve &#8220;tehdit&#8221; su\u00e7lamalar\u0131 olu\u015fturuyor. Re&#8217;sen Soru\u015fturma, su\u00e7 duyurusuna gerek kalmadan, savc\u0131l\u0131k taraf\u0131ndan do\u011frudan ba\u015flat\u0131lan bir hukuki s\u00fcreci ifade ediyor. Altayl\u0131&#8217;n\u0131n, emniyetteki i\u015flemlerinin ard\u0131ndan adliyeye sevk edilmesi bekleniyor. \u200bGazeteci Fatih Altayl\u0131, &#8220;Cumhurba\u015fkan\u0131n\u0131 tehdit ve hakaret&#8221; su\u00e7lamas\u0131yla ba\u015flat\u0131lan Re&#8217;sen Soru\u015fturma kapsam\u0131nda g\u00f6zalt\u0131na al\u0131nd\u0131.\u00a0 \u200bHaberin Al\u0131nt\u0131land\u0131\u011f\u0131 Kaynak: www.antalyakorfez.com"}

Av. Deniz Can Kızıl

Antalya Körfez

Son Dakika: Gazeteci Fatih Altaylı gözaltına alındı!

<blockquote class="wp-embedded-content" data-secret="BIjY0MECcK"><a href="http://denizcankizil.tr/de/haberler/gundem/son-dakika-gazeteci-fatih-altayli-gozaltina-alindi/">Son Dakika: Gazeteci Fatih Altaylı gözaltına alındı!</a></blockquote><iframe sandbox="allow-scripts" security="restricted" src="http://denizcankizil.tr/de/haberler/gundem/son-dakika-gazeteci-fatih-altayli-gozaltina-alindi/embed/#?secret=BIjY0MECcK" width="600" height="338" title="&#8222;Son Dakika: Gazeteci Fatih Altaylı gözaltına alındı!&#8220; &#8211; Av. Deniz Can Kızıl" data-secret="BIjY0MECcK" frameborder="0" marginwidth="0" marginheight="0" scrolling="no" class="wp-embedded-content"></iframe><script>
/*! This file is auto-generated */
!function(d,l){"use strict";l.querySelector&&d.addEventListener&&"undefined"!=typeof URL&&(d.wp=d.wp||{},d.wp.receiveEmbedMessage||(d.wp.receiveEmbedMessage=function(e){var t=e.data;if((t||t.secret||t.message||t.value)&&!/[^a-zA-Z0-9]/.test(t.secret)){for(var s,r,n,a=l.querySelectorAll('iframe[data-secret="'+t.secret+'"]'),o=l.querySelectorAll('blockquote[data-secret="'+t.secret+'"]'),c=new RegExp("^https?:$","i"),i=0;i<o.length;i++)o[i].style.display="none";for(i=0;i<a.length;i++)s=a[i],e.source===s.contentWindow&&(s.removeAttribute("style"),"height"===t.message?(1e3<(r=parseInt(t.value,10))?r=1e3:~~r<200&&(r=200),s.height=r):"link"===t.message&&(r=new URL(s.getAttribute("src")),n=new URL(t.value),c.test(n.protocol))&&n.host===r.host&&l.activeElement===s&&(d.top.location.href=t.value))}},d.addEventListener("message",d.wp.receiveEmbedMessage,!1),l.addEventListener("DOMContentLoaded",function(){for(var e,t,s=l.querySelectorAll("iframe.wp-embedded-content"),r=0;r<s.length;r++)(t=(e=s[r]).getAttribute("data-secret"))||(t=Math.random().toString(36).substring(2,12),e.src+="#?secret="+t,e.setAttribute("data-secret",t)),e.contentWindow.postMessage({message:"ready",secret:t},"*")},!1)))}(window,document);
//# sourceURL=http://denizcankizil.tr/wp-includes/js/wp-embed.min.js
</script>

Tanınmış gazeteci Fatih Altaylı, akşam saatlerinde İstanbul&#8217;da gözaltına alındı. Gözaltı kararı, hakkında &#8220;Cumhurbaşkanına tehdit ve hakaret&#8221; suçlamasıyla resen başlatılan bir soruşturma çerçevesinde alındı. Altaylı göz altına alınmadan önce Cumhurbaşkanı Başdanışmanı Oktay Saral, sosyal medya üzerinden, &#8220;Senin suyun ısındı&#8221; paylaşımı yapmıştı. SUÇLAMA VE HUKUKİ SÜREÇ Fatih Altaylı hakkında başlatılan soruşturmanın temelini, Türk Ceza Kanunu&#8217;nda yer alan &#8220;Cumhurbaşkanına hakaret&#8221; ve &#8220;tehdit&#8221; suçlamaları oluşturuyor. Re&#8217;sen Soruşturma, suç duyurusuna gerek kalmadan, savcılık tarafından doğrudan başlatılan bir hukuki süreci ifade ediyor. Altaylı&#8217;nın, emniyetteki işlemlerinin ardından adliyeye sevk edilmesi bekleniyor. ​Gazeteci Fatih Altaylı, &#8220;Cumhurbaşkanını tehdit ve hakaret&#8221; suçlamasıyla başlatılan Re&#8217;sen Soruşturma kapsamında gözaltına alındı.  ​Haberin Alıntılandığı Kaynak: www.antalyakorfez.com
